{"id":9213,"date":"2026-03-25T09:24:26","date_gmt":"2026-03-25T09:24:26","guid":{"rendered":"https:\/\/mabuko.co.mz\/site\/?post_type=product&#038;p=9213"},"modified":"2026-03-25T10:01:09","modified_gmt":"2026-03-25T10:01:09","slug":"sete-chaves","status":"publish","type":"product","link":"https:\/\/mabuko.co.mz\/site\/?product=sete-chaves","title":{"rendered":"SETE CHAVES para uma lideran\u00e7a efectiva"},"content":{"rendered":"<p>sete chaves para uma lideran\u00e7a efectiva<\/p>\n","protected":false},"excerpt":{"rendered":"<p><strong>SINOPSE\u00a0<\/strong><\/p>\n<p>T\u00e2nia Samilna Tovela nasceu a 15 de Janeiro, em Maputo. \u00c9 uma jovem lider na UNDP \u00c1frica Regional (Uganda). \u00c9 Formada em Direito pela Escola Superior de Economia e Gest\u00e3o, al\u00e9 de ser estudante de mestrado pela Escola de Neg\u00f3cios Barcelona (Portugal). T\u00e2nia possui mais de 9 anos de experi\u00eancia como funcion\u00e1rioa banc\u00e1ria, tendo trabalhado em tr\u00eas institui\u00e7\u00f5es financeiras em Mo\u00e7ambique.<\/p>\n<p>\u00c9 activista socisl pelos direitos humanos, g\u00eanero e empoderamento econ\u00f3mico, mentora e palestrante do programa educa\u00e7\u00e3o Financeira Inclusiva nas Escolas, al\u00e9m de fundadora da Associa\u00e7\u00e3o de Empoderamento e Lideran\u00e7a Feminina- AELIFE.<\/p>\n","protected":false},"featured_media":9217,"template":"","meta":{"_monsterinsights_skip_tracking":false,"_monsterinsights_sitenote_active":false,"_monsterinsights_sitenote_note":"","_monsterinsights_sitenote_category":0},"product_cat":[108,319],"product_tag":[],"class_list":{"0":"post-9213","1":"product","2":"type-product","3":"status-publish","4":"has-post-thumbnail","6":"product_cat-auto-ajuda","7":"product_cat-literatura-mocambicana","8":"pa_book-author-tania-tovela","10":"first","11":"instock","12":"shipping-taxable","13":"purchasable","14":"product-type-simple"},"_links":{"self":[{"href":"https:\/\/mabuko.co.mz\/site\/index.php?rest_route=\/wp\/v2\/product\/9213","targetHints":{"allow":["GET"]}}],"collection":[{"href":"https:\/\/mabuko.co.mz\/site\/index.php?rest_route=\/wp\/v2\/product"}],"about":[{"href":"https:\/\/mabuko.co.mz\/site\/index.php?rest_route=\/wp\/v2\/types\/product"}],"wp:featuredmedia":[{"embeddable":true,"href":"https:\/\/mabuko.co.mz\/site\/index.php?rest_route=\/wp\/v2\/media\/9217"}],"wp:attachment":[{"href":"https:\/\/mabuko.co.mz\/site\/index.php?rest_route=%2Fwp%2Fv2%2Fmedia&parent=9213"}],"wp:term":[{"taxonomy":"product_cat","embeddable":true,"href":"https:\/\/mabuko.co.mz\/site\/index.php?rest_route=%2Fwp%2Fv2%2Fproduct_cat&post=9213"},{"taxonomy":"product_tag","embeddable":true,"href":"https:\/\/mabuko.co.mz\/site\/index.php?rest_route=%2Fwp%2Fv2%2Fproduct_tag&post=9213"}],"curies":[{"name":"wp","href":"https:\/\/api.w.org\/{rel}","templated":true}]}}