{"id":9191,"date":"2026-02-04T14:05:11","date_gmt":"2026-02-04T14:05:11","guid":{"rendered":"https:\/\/mabuko.co.mz\/site\/?post_type=product&#038;p=9191"},"modified":"2026-02-04T14:20:18","modified_gmt":"2026-02-04T14:20:18","slug":"diario-de-um-banana-vai-dar-molho","status":"publish","type":"product","link":"https:\/\/mabuko.co.mz\/site\/?product=diario-de-um-banana-vai-dar-molho","title":{"rendered":"Di\u00e1rio de um Banana Vai dar Molho"},"content":{"rendered":"<p>di\u00e1rio de um banana vai dar melho<\/p>\n","protected":false},"excerpt":{"rendered":"<p><strong>SINOPSE<\/strong><\/p>\n<p>Chegou o livro mais aguardado do ano!<\/p>\n<p>As f\u00e9rias ainda agora come\u00e7aram e o Greg j\u00e1 est\u00e1 \u00e0 beira da loucura! \u00c9 que este ver\u00e3o os Heffleys <i>inventaram<\/i> a receita para o desastre total: juntaram a fam\u00edlia <i>in-tei-ri-nha<\/i> numa casa de praia min\u00fascula, e tudo debaixo de um calor abrasador!<\/p>\n<p>Al\u00e9m disso, e por falar em receitas, h\u00e1 anos que os ingredientes secretos das famosas alm\u00f4ndegas da av\u00f3 t\u00eam estado muito bem guardados. S\u00f3 que, com tantos nervos a ferver, o caldo est\u00e1 prestes a entornar. Conseguir\u00e1 o Greg desvendar todos os mist\u00e9rios familiares antes do final das f\u00e9rias? Ou ser\u00e1 que isto ainda <i>Vai Dar Molho<\/i>?<\/p>\n","protected":false},"featured_media":9192,"template":"","meta":{"_monsterinsights_skip_tracking":false,"_monsterinsights_sitenote_active":false,"_monsterinsights_sitenote_note":"","_monsterinsights_sitenote_category":0},"product_cat":[104],"product_tag":[],"class_list":{"0":"post-9191","1":"product","2":"type-product","3":"status-publish","4":"has-post-thumbnail","6":"product_cat-literatura-geral","7":"pa_book-author-jeff-kinney","9":"first","10":"instock","11":"shipping-taxable","12":"purchasable","13":"product-type-simple"},"_links":{"self":[{"href":"https:\/\/mabuko.co.mz\/site\/index.php?rest_route=\/wp\/v2\/product\/9191","targetHints":{"allow":["GET"]}}],"collection":[{"href":"https:\/\/mabuko.co.mz\/site\/index.php?rest_route=\/wp\/v2\/product"}],"about":[{"href":"https:\/\/mabuko.co.mz\/site\/index.php?rest_route=\/wp\/v2\/types\/product"}],"wp:featuredmedia":[{"embeddable":true,"href":"https:\/\/mabuko.co.mz\/site\/index.php?rest_route=\/wp\/v2\/media\/9192"}],"wp:attachment":[{"href":"https:\/\/mabuko.co.mz\/site\/index.php?rest_route=%2Fwp%2Fv2%2Fmedia&parent=9191"}],"wp:term":[{"taxonomy":"product_cat","embeddable":true,"href":"https:\/\/mabuko.co.mz\/site\/index.php?rest_route=%2Fwp%2Fv2%2Fproduct_cat&post=9191"},{"taxonomy":"product_tag","embeddable":true,"href":"https:\/\/mabuko.co.mz\/site\/index.php?rest_route=%2Fwp%2Fv2%2Fproduct_tag&post=9191"}],"curies":[{"name":"wp","href":"https:\/\/api.w.org\/{rel}","templated":true}]}}