{"id":9155,"date":"2026-01-28T09:10:07","date_gmt":"2026-01-28T09:10:07","guid":{"rendered":"https:\/\/mabuko.co.mz\/site\/?post_type=product&#038;p=9155"},"modified":"2026-01-28T09:20:33","modified_gmt":"2026-01-28T09:20:33","slug":"encontro-proibido","status":"publish","type":"product","link":"https:\/\/mabuko.co.mz\/site\/?product=encontro-proibido","title":{"rendered":"ENCONTRO PROIBIDO"},"content":{"rendered":"<p>encontro proibido<\/p>\n","protected":false},"excerpt":{"rendered":"<p><strong>Sinopse<br \/>\n<\/strong>PODER\u00c1 UM AMOR DE VER\u00c3O DURAR UMA VIDA INTEIRA?<br \/>\nElly est\u00e1 em Mykonos, uma das paradis\u00edacas ilhas gregas, a aproveitar as f\u00e9rias antes de dar in\u00edcio a um novo cap\u00edtulo da sua vida em Londres. Trabalha como empregada de balc\u00e3o num bar \u00e0 beira-mar, e n\u00e3o espera mais nada al\u00e9m de divers\u00e3o e prazer, at\u00e9 que conhece Tristan &#8211; o homem que vai transformar o seu ver\u00e3o em algo inesquec\u00edvel.<\/p>\n<p>Ele \u00e9 tudo o que Elly sempre desejou: encantador, irresist\u00edvel, e com um olhar capaz de derreter qualquer resist\u00eancia. Entre beijos furtivos e noites de paix\u00e3o desenfreada, ela entrega-se ao desejo. Mas o que come\u00e7a como uma aventura de ver\u00e3o acaba em desgosto ap\u00f3s um desentendimento, e Elly, magoada, decide afastar-se e nunca mais voltar a v\u00ea-lo.<\/p>\n<p>QUANDO MENOS ESPERAMOS, O AMOR ACONTECE&#8230;<br \/>\nAt\u00e9 que Elly come\u00e7a o est\u00e1gio dos seus sonhos na Madison Legal, uma renomada firma de advogados, e descobre, para seu espanto, que o diretor-geral n\u00e3o \u00e9 outro sen\u00e3o Tristan. O homem com quem compartilhou momentos t\u00e3o intensos e secretos \u00e9 agora o seu chefe. A chama entre ambos reacende-se, mais forte do que nunca. Por\u00e9m, o passado persegue-os e a tens\u00e3o profissional di\u00e1ria torna tudo ainda mais dif\u00edcil. Elly tenta esquecer o que aconteceu, enquanto Tristan lhe pede uma segunda oportunidade. Ele n\u00e3o \u00e9 o mulherengo que ela imagina. H\u00e1 uma raz\u00e3o para tudo o que aconteceu no ver\u00e3o, e far\u00e1 de tudo para provar isso. Mas aquilo que os espera pode ser mais complicado do que ambos imaginam.<\/p>\n<p>UM ROMANCE INTENSO E SENSUAL QUE VAI PRENDER O SEU CORA\u00c7\u00c3O DO IN\u00cdCIO AO FIM.<\/p>\n","protected":false},"featured_media":9156,"template":"","meta":{"_monsterinsights_skip_tracking":false,"_monsterinsights_sitenote_active":false,"_monsterinsights_sitenote_note":"","_monsterinsights_sitenote_category":0},"product_cat":[131],"product_tag":[],"class_list":{"0":"post-9155","1":"product","2":"type-product","3":"status-publish","4":"has-post-thumbnail","6":"product_cat-thriller","7":"pa_book-author-rosa-lucas","9":"first","10":"instock","11":"shipping-taxable","12":"purchasable","13":"product-type-simple"},"_links":{"self":[{"href":"https:\/\/mabuko.co.mz\/site\/index.php?rest_route=\/wp\/v2\/product\/9155","targetHints":{"allow":["GET"]}}],"collection":[{"href":"https:\/\/mabuko.co.mz\/site\/index.php?rest_route=\/wp\/v2\/product"}],"about":[{"href":"https:\/\/mabuko.co.mz\/site\/index.php?rest_route=\/wp\/v2\/types\/product"}],"wp:featuredmedia":[{"embeddable":true,"href":"https:\/\/mabuko.co.mz\/site\/index.php?rest_route=\/wp\/v2\/media\/9156"}],"wp:attachment":[{"href":"https:\/\/mabuko.co.mz\/site\/index.php?rest_route=%2Fwp%2Fv2%2Fmedia&parent=9155"}],"wp:term":[{"taxonomy":"product_cat","embeddable":true,"href":"https:\/\/mabuko.co.mz\/site\/index.php?rest_route=%2Fwp%2Fv2%2Fproduct_cat&post=9155"},{"taxonomy":"product_tag","embeddable":true,"href":"https:\/\/mabuko.co.mz\/site\/index.php?rest_route=%2Fwp%2Fv2%2Fproduct_tag&post=9155"}],"curies":[{"name":"wp","href":"https:\/\/api.w.org\/{rel}","templated":true}]}}