{"id":9019,"date":"2024-06-26T08:08:30","date_gmt":"2024-06-26T08:08:30","guid":{"rendered":"https:\/\/mabuko.co.mz\/site\/?post_type=product&#038;p=9019"},"modified":"2025-02-05T09:24:06","modified_gmt":"2025-02-05T09:24:06","slug":"tu-es-o-amor-que-procuras","status":"publish","type":"product","link":"https:\/\/mabuko.co.mz\/site\/?product=tu-es-o-amor-que-procuras","title":{"rendered":"TU \u00c9S O AMOR QUE PROCURAS"},"content":{"rendered":"<p>TU \u00c9S O AMOR QUE TU PROCURAS<\/p>\n","protected":false},"excerpt":{"rendered":"<p><strong>SINOPSE<\/strong><\/p>\n<p>AUTORA\u00a0<em>BESTSELLER<\/em>\u00a0COM 8 MILH\u00d5ES DE SEGUIDORES<\/p>\n<p>Os nossos corpos e c\u00e9rebros est\u00e3o programados para procurar liga\u00e7\u00f5es, sejam elas familiares, rom\u00e2nticas ou plat\u00f3nicas. E, no entanto, estes la\u00e7os vitais est\u00e3o muitas vezes na origem do nosso sofrimento mais profundo.<br \/>\nNicole LePera revela, com base na psicologia e na neuroci\u00eancia, um novo caminho para curarmos os nossos relacionamentos. Ensina-nos a reconhecer os padr\u00f5es que tornam as nossas rela\u00e7\u00f5es disfuncionais, a quebrar ciclos dolorosos e a reconectarmo-nos com a sabedoria, gratid\u00e3o e compaix\u00e3o que vivem nos nossos cora\u00e7\u00f5es \u2013 \u00e9 esta capacidade inata para amar a verdadeira fonte de toda a cura. Quando acedemos a este poder, tornamo-nos no amor que procuramos.<br \/>\nRepleto de hist\u00f3rias, exerc\u00edcios e outras ferramentas pr\u00e1ticas, este \u00e9 o guia perfeito para desenvolvermos resili\u00eancia emocional e construirmos liga\u00e7\u00f5es mais profundas e aut\u00eanticas.<\/p>\n<p>Nicole LePera \u00e9 a criadora do\u00a0<em>@theholistic.psychologist.pt<\/em>, que conta com 8 milh\u00f5es de seguidores.<\/p>\n<p>Este livro \u00e9 um guia gentil e poderoso para criar rela\u00e7\u00f5es felizes e gratificantes. \u00c9 uma obra-prima de consci\u00eancia e compaix\u00e3o.\u00bb<br \/>\nJay Shetty, autor\u00a0<em>bestseller<\/em>\u00a0de\u00a0<em>Pensa Como Um Monge<\/em><\/p>\n","protected":false},"featured_media":9020,"template":"","meta":{"_monsterinsights_skip_tracking":false,"_monsterinsights_sitenote_active":false,"_monsterinsights_sitenote_note":"","_monsterinsights_sitenote_category":0},"product_cat":[103],"product_tag":[],"class_list":{"0":"post-9019","1":"product","2":"type-product","3":"status-publish","4":"has-post-thumbnail","6":"product_cat-literatura","7":"pa_book-author-nicole-lepera","9":"first","10":"outofstock","11":"shipping-taxable","12":"purchasable","13":"product-type-simple"},"_links":{"self":[{"href":"https:\/\/mabuko.co.mz\/site\/index.php?rest_route=\/wp\/v2\/product\/9019","targetHints":{"allow":["GET"]}}],"collection":[{"href":"https:\/\/mabuko.co.mz\/site\/index.php?rest_route=\/wp\/v2\/product"}],"about":[{"href":"https:\/\/mabuko.co.mz\/site\/index.php?rest_route=\/wp\/v2\/types\/product"}],"wp:featuredmedia":[{"embeddable":true,"href":"https:\/\/mabuko.co.mz\/site\/index.php?rest_route=\/wp\/v2\/media\/9020"}],"wp:attachment":[{"href":"https:\/\/mabuko.co.mz\/site\/index.php?rest_route=%2Fwp%2Fv2%2Fmedia&parent=9019"}],"wp:term":[{"taxonomy":"product_cat","embeddable":true,"href":"https:\/\/mabuko.co.mz\/site\/index.php?rest_route=%2Fwp%2Fv2%2Fproduct_cat&post=9019"},{"taxonomy":"product_tag","embeddable":true,"href":"https:\/\/mabuko.co.mz\/site\/index.php?rest_route=%2Fwp%2Fv2%2Fproduct_tag&post=9019"}],"curies":[{"name":"wp","href":"https:\/\/api.w.org\/{rel}","templated":true}]}}