{"id":8898,"date":"2024-01-10T09:38:02","date_gmt":"2024-01-10T09:38:02","guid":{"rendered":"https:\/\/mabuko.co.mz\/?post_type=product&#038;p=8898"},"modified":"2026-01-28T07:05:00","modified_gmt":"2026-01-28T07:05:00","slug":"culpa-minha-culpados-1","status":"publish","type":"product","link":"https:\/\/mabuko.co.mz\/site\/?product=culpa-minha-culpados-1","title":{"rendered":"CULPA MINHA Culpados 1"},"content":{"rendered":"","protected":false},"excerpt":{"rendered":"<p><strong>SINOPSE<\/strong><\/p>\n<p>A fronteira entre amor e \u00f3dio pode ser muito f\u00e1cil de passar&#8230;<br \/>\nPerigo, paix\u00e3o, amor. Duas pessoas que s\u00e3o o oposto uma da outra. Noah e Nicholas s\u00e3o um fogo intenso&#8230;<\/p>\n<p>Nicholas Leister foi criado para complicar a minha vida. Alto, olhos azuis, cabelo preto&#8230; Parece lindo, n\u00e3o \u00e9? Pois, mas se vos disser que representa tudo, mas mesmo tudo aquilo de que fujo desde que me lembro de existir\u2026 Se calhar, j\u00e1 n\u00e3o parece t\u00e3o lindo assim\u2026\u00a0<i>Perigo<\/i>. Foi esta a primeira coisa em que pensei quando o conheci e descobri que ele mant\u00e9m uma vida dupla escondida do pai milion\u00e1rio. Como \u00e9 que acabei por me apaixonar? F\u00e1cil: com aqueles olhos, ele virou o meu mundo de cabe\u00e7a para baixo.<\/p>\n<p>A nova trilogia sensa\u00e7\u00e3o para f\u00e3s de Alice Kellen e Anna Todd.<\/p>\n","protected":false},"featured_media":8934,"template":"","meta":{"_monsterinsights_skip_tracking":false,"_monsterinsights_sitenote_active":false,"_monsterinsights_sitenote_note":"","_monsterinsights_sitenote_category":0},"product_cat":[223],"product_tag":[],"class_list":{"0":"post-8898","1":"product","2":"type-product","3":"status-publish","4":"has-post-thumbnail","6":"product_cat-juvenil","7":"pa_book-author-mercedes-ron","9":"first","10":"instock","11":"shipping-taxable","12":"purchasable","13":"product-type-simple"},"_links":{"self":[{"href":"https:\/\/mabuko.co.mz\/site\/index.php?rest_route=\/wp\/v2\/product\/8898","targetHints":{"allow":["GET"]}}],"collection":[{"href":"https:\/\/mabuko.co.mz\/site\/index.php?rest_route=\/wp\/v2\/product"}],"about":[{"href":"https:\/\/mabuko.co.mz\/site\/index.php?rest_route=\/wp\/v2\/types\/product"}],"wp:featuredmedia":[{"embeddable":true,"href":"https:\/\/mabuko.co.mz\/site\/index.php?rest_route=\/wp\/v2\/media\/8934"}],"wp:attachment":[{"href":"https:\/\/mabuko.co.mz\/site\/index.php?rest_route=%2Fwp%2Fv2%2Fmedia&parent=8898"}],"wp:term":[{"taxonomy":"product_cat","embeddable":true,"href":"https:\/\/mabuko.co.mz\/site\/index.php?rest_route=%2Fwp%2Fv2%2Fproduct_cat&post=8898"},{"taxonomy":"product_tag","embeddable":true,"href":"https:\/\/mabuko.co.mz\/site\/index.php?rest_route=%2Fwp%2Fv2%2Fproduct_tag&post=8898"}],"curies":[{"name":"wp","href":"https:\/\/api.w.org\/{rel}","templated":true}]}}