{"id":8888,"date":"2024-01-10T08:45:26","date_gmt":"2024-01-10T08:45:26","guid":{"rendered":"https:\/\/mabuko.co.mz\/?post_type=product&#038;p=8888"},"modified":"2024-03-07T08:09:37","modified_gmt":"2024-03-07T08:09:37","slug":"seja-mestre-na-arte-de-viver","status":"publish","type":"product","link":"https:\/\/mabuko.co.mz\/site\/?product=seja-mestre-na-arte-de-viver","title":{"rendered":"SEJA MESTRE NA ARTE DE VIVER"},"content":{"rendered":"","protected":false},"excerpt":{"rendered":"<p><strong>SINOPSE<\/strong><\/p>\n<p>Todos temos um destino comum: a grandeza. Mas cabe a cada um decidir se aceita ou n\u00e3o essa chamada do destino\u2026<\/p>\n<p>Podemos ter um impacto significativo no mundo \u00e0 nossa volta e viver uma vida com sentido, se nos decidirmos a faz\u00ea-lo. Para todos aqueles que est\u00e3o determinados a criar uma vida extraordin\u00e1ria, Seja Mestre na Arte de Viver \u00e9 um manual poderoso, pr\u00e1tico e cheio de inspira\u00e7\u00e3o. T\u00e3o provocante quanto cativante, este livro est\u00e1 repleto de grandes ideias que o ir\u00e3o desafiar e transformar, permitindo-lhe aceder a todo o seu potencial e despertar o que de melhor h\u00e1 em si.<\/p>\n<p>D\u00ea hoje mesmo esse passo em frente &#8211; aprenda o que pode fazer melhor para ser excelente.<\/p>\n","protected":false},"featured_media":8976,"template":"","meta":{"_monsterinsights_skip_tracking":false,"_monsterinsights_sitenote_active":false,"_monsterinsights_sitenote_note":"","_monsterinsights_sitenote_category":0},"product_cat":[108],"product_tag":[],"class_list":{"0":"post-8888","1":"product","2":"type-product","3":"status-publish","4":"has-post-thumbnail","6":"product_cat-auto-ajuda","7":"pa_book-author-robin-sharma","9":"first","10":"outofstock","11":"shipping-taxable","12":"purchasable","13":"product-type-simple"},"_links":{"self":[{"href":"https:\/\/mabuko.co.mz\/site\/index.php?rest_route=\/wp\/v2\/product\/8888","targetHints":{"allow":["GET"]}}],"collection":[{"href":"https:\/\/mabuko.co.mz\/site\/index.php?rest_route=\/wp\/v2\/product"}],"about":[{"href":"https:\/\/mabuko.co.mz\/site\/index.php?rest_route=\/wp\/v2\/types\/product"}],"wp:featuredmedia":[{"embeddable":true,"href":"https:\/\/mabuko.co.mz\/site\/index.php?rest_route=\/wp\/v2\/media\/8976"}],"wp:attachment":[{"href":"https:\/\/mabuko.co.mz\/site\/index.php?rest_route=%2Fwp%2Fv2%2Fmedia&parent=8888"}],"wp:term":[{"taxonomy":"product_cat","embeddable":true,"href":"https:\/\/mabuko.co.mz\/site\/index.php?rest_route=%2Fwp%2Fv2%2Fproduct_cat&post=8888"},{"taxonomy":"product_tag","embeddable":true,"href":"https:\/\/mabuko.co.mz\/site\/index.php?rest_route=%2Fwp%2Fv2%2Fproduct_tag&post=8888"}],"curies":[{"name":"wp","href":"https:\/\/api.w.org\/{rel}","templated":true}]}}