{"id":8814,"date":"2023-10-13T07:50:03","date_gmt":"2023-10-13T07:50:03","guid":{"rendered":"https:\/\/mabuko.co.mz\/?post_type=product&#038;p=8814"},"modified":"2025-04-11T08:23:36","modified_gmt":"2025-04-11T08:23:36","slug":"a-hora-maconde","status":"publish","type":"product","link":"https:\/\/mabuko.co.mz\/site\/?product=a-hora-maconde","title":{"rendered":"A HORA MACONDE"},"content":{"rendered":"","protected":false},"excerpt":{"rendered":"<p><strong>SINOPSE<\/strong><\/p>\n<p>Exemplarmente ir\u00f4nica, a obra de Marcelo Panguana alimenta-se, portanto, como a de Edgar Allan Poe, dessa ironia suprema que \u00e9 a defesa contra a tirania do real, sobretudo o real hist\u00f3rico. E precisamente por isso \u00e9 que Marcelo Panguana, mesmo nas obras em que o tema hist\u00f3rico predomina, mant\u00e9m esta consci\u00eancia ir\u00f4nica do eterno movimento e da plenitude infinita do caos.<br \/>\nLaurindos Macuacua<br \/>\nAs hist\u00f3rias que decorrem neste livro inspiraram-se numa realidade tr\u00e1gica acontecida nas matas de Cabo Delgado durante a guerra de liberta\u00e7\u00e3o nacional. O seu autor apenas vestiu-lhes de trajes ficcionais dando asas a sua criatividade. O livro n\u00e3o esgota as perip\u00e9cias daquilo que foi esta grandiosa luta, apenas contribui com uma outra leitura dentre tantas outras que se podem apresentar. Como algu\u00e9m o disse, o poder de n\u00e3o esquecer tornou-se, seguramente, uma das marcas mais reivindicadas pela narrativa mo\u00e7ambicana. \u00c9 sobretudo essa import\u00e2ncia de reten\u00e7\u00e3o hist\u00f3rica e preserva\u00e7\u00e3o da nossa mem\u00f3ria, que se deve atribuir\u00a0a\u00a0esta\u00a0obra.<\/p>\n","protected":false},"featured_media":8947,"template":"","meta":{"_monsterinsights_skip_tracking":false,"_monsterinsights_sitenote_active":false,"_monsterinsights_sitenote_note":"","_monsterinsights_sitenote_category":0},"product_cat":[319],"product_tag":[],"class_list":{"0":"post-8814","1":"product","2":"type-product","3":"status-publish","4":"has-post-thumbnail","6":"product_cat-literatura-mocambicana","7":"pa_book-author-marcelo-panguana","9":"first","10":"outofstock","11":"shipping-taxable","12":"product-type-simple"},"_links":{"self":[{"href":"https:\/\/mabuko.co.mz\/site\/index.php?rest_route=\/wp\/v2\/product\/8814","targetHints":{"allow":["GET"]}}],"collection":[{"href":"https:\/\/mabuko.co.mz\/site\/index.php?rest_route=\/wp\/v2\/product"}],"about":[{"href":"https:\/\/mabuko.co.mz\/site\/index.php?rest_route=\/wp\/v2\/types\/product"}],"wp:featuredmedia":[{"embeddable":true,"href":"https:\/\/mabuko.co.mz\/site\/index.php?rest_route=\/wp\/v2\/media\/8947"}],"wp:attachment":[{"href":"https:\/\/mabuko.co.mz\/site\/index.php?rest_route=%2Fwp%2Fv2%2Fmedia&parent=8814"}],"wp:term":[{"taxonomy":"product_cat","embeddable":true,"href":"https:\/\/mabuko.co.mz\/site\/index.php?rest_route=%2Fwp%2Fv2%2Fproduct_cat&post=8814"},{"taxonomy":"product_tag","embeddable":true,"href":"https:\/\/mabuko.co.mz\/site\/index.php?rest_route=%2Fwp%2Fv2%2Fproduct_tag&post=8814"}],"curies":[{"name":"wp","href":"https:\/\/api.w.org\/{rel}","templated":true}]}}