{"id":8756,"date":"2023-09-08T07:46:41","date_gmt":"2023-09-08T07:46:41","guid":{"rendered":"https:\/\/mabuko.co.mz\/?post_type=product&#038;p=8756"},"modified":"2023-09-08T07:46:41","modified_gmt":"2023-09-08T07:46:41","slug":"vejo-o-pais-com-os-olhos-do-coracao","status":"publish","type":"product","link":"https:\/\/mabuko.co.mz\/site\/?product=vejo-o-pais-com-os-olhos-do-coracao","title":{"rendered":"VEJO O PA\u00cdS COM OS OLHOS DO CORA\u00c7\u00c3O"},"content":{"rendered":"","protected":false},"excerpt":{"rendered":"<p><strong>SINOPSE<\/strong><\/p>\n<p>Professor Catedr\u00e1tico, Doutorado em Hist\u00f3ria e Filosofia pela Faculdade de Educa\u00e7\u00e3o da Universidade de S\u00e3o Pulo (USP), Brasil.<\/p>\n<p>Presidente da Comiss\u00e3o Nacional de Elei\u00e7\u00f5es (CNE) nas primeiras elei\u00e7\u00f5es gerais e multipartid\u00e1rias de 1994. De 1995 a 2007, foi Reitor da Universidade Eduardo Mondlane (UEM) de 1995 a 2007; docente d mesma Universidade. Foi docente convidado para as disciplinas de &#8220;Filosofia da Educa\u00e7\u00e3o&#8221; e &#8220;\u00e9tica e Politica&#8221; nos programas de mestrado da Universidade S\u00e3o Tom\u00e1s de Mocambique (USTM). Docente da Disciplina &#8220;Desenho de Desenvolvimento Curricular&#8221; no programa de mestrado da Universidade Cat\u00f3lica de Mo\u00e7ambique (UCM), Delega\u00e7\u00e3o de Braz\u00e3o Mazula Quelimane. Foi Director Executivo do Centro de Estudos de Democracia e Desenvolvimento (CEDE) de 1996 a 2013 e Presidente do Observat\u00f3rio Eleitoral de 2003 a 2013.<\/p>\n<p>Tem publicado os seguintes livros: Educa\u00e7\u00e3o, Cultura e Ideologia em Mo\u00e7ambique: 1975-1985, publicado em 1995; Elei\u00e7\u00f5es, Democracia e Desenvolvimento (1995); Mo\u00e7ambique: dados Estat\u00edsticos do Processo Eleitoral de 1994; A Constru\u00e7\u00e3o da Democracia em Africa: o caso mo\u00e7ambicano (2000); Cinco Anos na Gest\u00e3o da UEM (2000); Mo\u00e7ambique: 10 Anos de Paz (2002); \u00c9tica, Educa\u00e7\u00e3o, Cria\u00e7\u00e3o de Riqueza: Uma Reflex\u00e3o Epistemol\u00f3gica (3\u00aa Edi\u00e7\u00e3o-2008); Pensar a Educa\u00e7\u00e3o Perfeita: Comemorando Einstein 100 Depois (2006); Voto e Urna de Costas<\/p>\n<p>Voltadas: Absten\u00e7\u00e3o Eleitoral 2004 (2006); Na Esteira da Academia: Raz\u00e3o, Democracia e Educa\u00e7\u00e3o (2008); \u00c9tica da Responsabilidade e os Seis Animais mais um (2012): A Utopia da Pensar a Educa\u00e7\u00e3o (2013); A Universidade na Lupa de Tr\u00eas Olhos: \u00c9tica, Investiga\u00e7\u00e3o e Paz (2015), al\u00e9m de v\u00e1rios artigos. E co-autor dos livros: i) Educa\u00e7\u00e3o e Desenvolvimento em Mo\u00e7ambique (1997); ii) Democratic Reform in Africa: The quality of Progress (Boulder London,<\/p>\n<p>2004) e iii) Dicion\u00e1rio de Filosofia da Educa\u00e7\u00e3o (2006), coordenado pelo Professor Catedr\u00e1tico Adalberto Dias de carvalho, da Universidade do Porto, Portugal; iv) O Que Ensinamos, Aprendendo e o que Aprendemos, Ensinando: Caminhos nas ruas e picadas (da Educa\u00e7\u00e3o) de Mo\u00e7ambique (2022).<\/p>\n<p>&nbsp;<\/p>\n","protected":false},"featured_media":8757,"template":"","meta":{"_monsterinsights_skip_tracking":false,"_monsterinsights_sitenote_active":false,"_monsterinsights_sitenote_note":"","_monsterinsights_sitenote_category":0},"product_cat":[319],"product_tag":[],"class_list":{"0":"post-8756","1":"product","2":"type-product","3":"status-publish","4":"has-post-thumbnail","6":"product_cat-literatura-mocambicana","7":"pa_book-author-brazao-mazula","9":"first","10":"outofstock","11":"shipping-taxable","12":"product-type-simple"},"_links":{"self":[{"href":"https:\/\/mabuko.co.mz\/site\/index.php?rest_route=\/wp\/v2\/product\/8756","targetHints":{"allow":["GET"]}}],"collection":[{"href":"https:\/\/mabuko.co.mz\/site\/index.php?rest_route=\/wp\/v2\/product"}],"about":[{"href":"https:\/\/mabuko.co.mz\/site\/index.php?rest_route=\/wp\/v2\/types\/product"}],"wp:featuredmedia":[{"embeddable":true,"href":"https:\/\/mabuko.co.mz\/site\/index.php?rest_route=\/wp\/v2\/media\/8757"}],"wp:attachment":[{"href":"https:\/\/mabuko.co.mz\/site\/index.php?rest_route=%2Fwp%2Fv2%2Fmedia&parent=8756"}],"wp:term":[{"taxonomy":"product_cat","embeddable":true,"href":"https:\/\/mabuko.co.mz\/site\/index.php?rest_route=%2Fwp%2Fv2%2Fproduct_cat&post=8756"},{"taxonomy":"product_tag","embeddable":true,"href":"https:\/\/mabuko.co.mz\/site\/index.php?rest_route=%2Fwp%2Fv2%2Fproduct_tag&post=8756"}],"curies":[{"name":"wp","href":"https:\/\/api.w.org\/{rel}","templated":true}]}}