{"id":8740,"date":"2023-09-04T09:25:55","date_gmt":"2023-09-04T09:25:55","guid":{"rendered":"https:\/\/mabuko.co.mz\/?post_type=product&#038;p=8740"},"modified":"2023-09-07T10:30:30","modified_gmt":"2023-09-07T10:30:30","slug":"para-uma-sociologia-da-arte-em-mocambique","status":"publish","type":"product","link":"https:\/\/mabuko.co.mz\/site\/?product=para-uma-sociologia-da-arte-em-mocambique","title":{"rendered":"PARA UMA SOCIOLOGIA DA ARTE EM MO\u00c7AMBIQUE"},"content":{"rendered":"<p>Filimone Meigos<\/p>\n<p>&nbsp;<\/p>\n","protected":false},"excerpt":{"rendered":"<p><strong>SINOPSE<\/strong><\/p>\n<p>Este trabalho incide sobre a rela\u00e7\u00e3o entre a produ\u00e7\u00e3o art\u00edstica (artes pl\u00e1sti-cas) local e a sua imbrica\u00e7\u00e3o com o global atrav\u00e9s da rela\u00e7\u00e3o entre actores nacionais e transnacionais. Partindo dos pressupostos da p\u00f3s-colonialidade e subalternidade adiantados por Said (1979), Appiah (1997), Appadurai (1988), Bhabha (1998, 2001), Spivak (2010) pretende-se dar conta da estru-tura\u00e7\u00e3o, produ\u00e7\u00e3o, dissemina\u00e7\u00e3o e legitima\u00e7\u00e3o das artes pl\u00e1sticas em Mo\u00e7ambique, captando as suas nuances e marcas estruturantes em duas \u00e9pocas distintas: 1975-1986 e 1987-2016. A escolha destes per\u00edodos deve-se ao facto de os dois corresponderem a momentos paradigm\u00e1ticos distintos da hist\u00f3ria pol\u00edtica, econ\u00f3mica e cultural de Mo\u00e7ambique. De facto trata-se de olhar para a estetiza\u00e7\u00e3o do social mo\u00e7ambicano, o que nos pode ajudar a compreender as din\u00e2micas art\u00edsticas em Mo\u00e7ambique<\/p>\n","protected":false},"featured_media":8742,"template":"","meta":{"_monsterinsights_skip_tracking":false,"_monsterinsights_sitenote_active":false,"_monsterinsights_sitenote_note":"","_monsterinsights_sitenote_category":0},"product_cat":[319],"product_tag":[],"class_list":{"0":"post-8740","1":"product","2":"type-product","3":"status-publish","4":"has-post-thumbnail","6":"product_cat-literatura-mocambicana","7":"pa_book-author-filimone-meigos","9":"first","10":"outofstock","11":"shipping-taxable","12":"purchasable","13":"product-type-simple"},"_links":{"self":[{"href":"https:\/\/mabuko.co.mz\/site\/index.php?rest_route=\/wp\/v2\/product\/8740","targetHints":{"allow":["GET"]}}],"collection":[{"href":"https:\/\/mabuko.co.mz\/site\/index.php?rest_route=\/wp\/v2\/product"}],"about":[{"href":"https:\/\/mabuko.co.mz\/site\/index.php?rest_route=\/wp\/v2\/types\/product"}],"wp:featuredmedia":[{"embeddable":true,"href":"https:\/\/mabuko.co.mz\/site\/index.php?rest_route=\/wp\/v2\/media\/8742"}],"wp:attachment":[{"href":"https:\/\/mabuko.co.mz\/site\/index.php?rest_route=%2Fwp%2Fv2%2Fmedia&parent=8740"}],"wp:term":[{"taxonomy":"product_cat","embeddable":true,"href":"https:\/\/mabuko.co.mz\/site\/index.php?rest_route=%2Fwp%2Fv2%2Fproduct_cat&post=8740"},{"taxonomy":"product_tag","embeddable":true,"href":"https:\/\/mabuko.co.mz\/site\/index.php?rest_route=%2Fwp%2Fv2%2Fproduct_tag&post=8740"}],"curies":[{"name":"wp","href":"https:\/\/api.w.org\/{rel}","templated":true}]}}