{"id":8375,"date":"2023-03-02T09:39:19","date_gmt":"2023-03-02T09:39:19","guid":{"rendered":"https:\/\/mabuko.co.mz\/?post_type=product&#038;p=8375"},"modified":"2023-09-07T10:30:31","modified_gmt":"2023-09-07T10:30:31","slug":"os-primos-a-familia-em-primeiro-lugar-sempre","status":"publish","type":"product","link":"https:\/\/mabuko.co.mz\/site\/?product=os-primos-a-familia-em-primeiro-lugar-sempre","title":{"rendered":"OS PRIMOS A fam\u00edlia em primeiro lugar, sempre."},"content":{"rendered":"<p>Karen M McManus<\/p>\n","protected":false},"excerpt":{"rendered":"<p><strong>SINOPSE<\/strong> Os familiares s\u00e3o os melhores a guardar segredos\u2026 at\u00e9 uns dos outros. Milly, Aubrey e Jonah Story s\u00e3o primos, mas h\u00e1 anos que n\u00e3o se viam e nunca conheceram a sua av\u00f3. Rica e solit\u00e1ria, deserdou os filhos antes de os netos nascerem. Por isso, quando os tr\u00eas recebem uma carta dela a convid\u00e1-los para irem passar o ver\u00e3o a trabalhar no seu resort, na ilha onde vive, todos ficam surpreendidos\u2026 e curiosos. Os pais fazem a escolha por eles: rejeitar o convite n\u00e3o \u00e9 op\u00e7\u00e3o. Esta pode ser a \u00fanica oportunidade de voltarem a estar nas boas gra\u00e7as da av\u00f3. Mas, quando os primos chegam \u00e0 ilha, fica logo claro que a av\u00f3 tem outros planos para eles. E, \u00e0 medida que os dias v\u00e3o passando, percebem que o passado da fam\u00edlia \u00e9 tr\u00e1gico e misterioso. Todos os Story t\u00eam segredos. O que os levou a separarem-se ainda n\u00e3o terminou e, durante este ver\u00e3o, os primos v\u00e3o descobrir tudo &#8211; se conseguirem sobreviver \u00e0 \u00e9poca balnear.<\/p>\n","protected":false},"featured_media":8679,"template":"","meta":{"_monsterinsights_skip_tracking":false,"_monsterinsights_sitenote_active":false,"_monsterinsights_sitenote_note":"","_monsterinsights_sitenote_category":0},"product_cat":[223],"product_tag":[],"class_list":{"0":"post-8375","1":"product","2":"type-product","3":"status-publish","4":"has-post-thumbnail","6":"product_cat-juvenil","7":"pa_book-author-karen-m-mcmanus","9":"first","10":"outofstock","11":"shipping-taxable","12":"purchasable","13":"product-type-simple"},"_links":{"self":[{"href":"https:\/\/mabuko.co.mz\/site\/index.php?rest_route=\/wp\/v2\/product\/8375","targetHints":{"allow":["GET"]}}],"collection":[{"href":"https:\/\/mabuko.co.mz\/site\/index.php?rest_route=\/wp\/v2\/product"}],"about":[{"href":"https:\/\/mabuko.co.mz\/site\/index.php?rest_route=\/wp\/v2\/types\/product"}],"wp:featuredmedia":[{"embeddable":true,"href":"https:\/\/mabuko.co.mz\/site\/index.php?rest_route=\/wp\/v2\/media\/8679"}],"wp:attachment":[{"href":"https:\/\/mabuko.co.mz\/site\/index.php?rest_route=%2Fwp%2Fv2%2Fmedia&parent=8375"}],"wp:term":[{"taxonomy":"product_cat","embeddable":true,"href":"https:\/\/mabuko.co.mz\/site\/index.php?rest_route=%2Fwp%2Fv2%2Fproduct_cat&post=8375"},{"taxonomy":"product_tag","embeddable":true,"href":"https:\/\/mabuko.co.mz\/site\/index.php?rest_route=%2Fwp%2Fv2%2Fproduct_tag&post=8375"}],"curies":[{"name":"wp","href":"https:\/\/api.w.org\/{rel}","templated":true}]}}