{"id":8266,"date":"2023-01-27T13:18:46","date_gmt":"2023-01-27T13:18:46","guid":{"rendered":"https:\/\/mabuko.co.mz\/?post_type=product&#038;p=8266"},"modified":"2025-10-24T07:51:21","modified_gmt":"2025-10-24T07:51:21","slug":"cura-te","status":"publish","type":"product","link":"https:\/\/mabuko.co.mz\/site\/?product=cura-te","title":{"rendered":"CURA-TE"},"content":{"rendered":"<p>Nicole Lepera<\/p>\n<p>9789897391194<\/p>\n","protected":false},"excerpt":{"rendered":"<p><strong>SINOPSE<\/strong><\/p>\n<div class=\"f-productLayerGrid__col\">\n<div class=\"f-productLayer\">\n<div id=\"6c5daa87-bcb4-417a-82c2-53e5abb0bbd0\" class=\"f-productLayer__body\">\n<div class=\"f-productLayer__container\" data-automation-id=\"EditorOpinionOrSummary-block\">\n<div class=\"js-Expander expander expander--hasIcon\" data-automation-button=\"expand-EditorOpinionOrSummary-button\" data-automation-content=\"expand-EditorOpinionOrSummary\">\n<div class=\"expander__content\" data-automation-id=\"expand-EditorOpinionOrSummary\">\n<div class=\"f-productDesc\">\n<div class=\"f-productDesc__raw\">\n<p align=\"justify\">Uma profunda esperan\u00e7a de cura foi o que te trouxe at\u00e9 aqui. A esperan\u00e7a de seres a melhor vers\u00e3o de ti pr\u00f3prio. E isso \u00e9 algo a celebrar. A nossa inf\u00e2ncia continua a ter um enorme impacto na nossa realidade actual, e hoje escolhes curar-te do teu passado para criares um futuro melhor. Nicole LePera acredita que o verdadeiro bem-estar s\u00f3 se alcan\u00e7a quando cuidamos da mente, do corpo e da alma.<\/p>\n<p align=\"justify\">Combinando \u00e1reas como a psican\u00e1lise, a neuroci\u00eancia, a epigen\u00e9tica o mindfulness e as pr\u00e1ticas espirituais, a autora partilha um m\u00e9todo de aprendizagem aut\u00f3nomo que nos capacita a trabalharmos activamente na nossa cura pessoal. Pela sua pr\u00f3pria experi\u00eancia pessoal de luta contra a ansiedade, Nicole sabe que quando nos libertamos de traumas e feridas emocionais e fazemos as pazes com a nossa inf\u00e2ncia, sentimos mudan\u00e7as profundas e duradouras na nossa vida. Prepara-te para uma extraordin\u00e1ria viagem pela tua consci\u00eancia que te far\u00e1 despertar para a tua verdadeira ess\u00eancia e uma vida mais aut\u00eantica, serena e feliz.<\/p>\n<p align=\"justify\">\n<\/div>\n<\/div>\n<\/div>\n<div class=\"expander__mask\" data-automation-id=\"expand-EditorOpinionOrSummary-button\"><\/div>\n<\/div>\n<\/div>\n<\/div>\n<\/div>\n<\/div>\n<div class=\"f-productLayerGrid__col f-productLayerGrid__col--fixed\">\n<div class=\"f-productLayer advertisingStrate\">\n<div id=\"ad_8a612328a82ee00\" class=\"js-ad-slot f-ad\" data-inv-code=\"Fnac_PT_Desktop_Livre_FA_Pave_ATF\" data-sizes=\"300x250\"><\/div>\n<\/div>\n<\/div>\n","protected":false},"featured_media":9088,"template":"","meta":{"_monsterinsights_skip_tracking":false,"_monsterinsights_sitenote_active":false,"_monsterinsights_sitenote_note":"","_monsterinsights_sitenote_category":0},"product_cat":[108],"product_tag":[],"class_list":{"0":"post-8266","1":"product","2":"type-product","3":"status-publish","4":"has-post-thumbnail","6":"product_cat-auto-ajuda","7":"pa_book-author-nicole-lepera","9":"first","10":"instock","11":"shipping-taxable","12":"purchasable","13":"product-type-simple"},"_links":{"self":[{"href":"https:\/\/mabuko.co.mz\/site\/index.php?rest_route=\/wp\/v2\/product\/8266","targetHints":{"allow":["GET"]}}],"collection":[{"href":"https:\/\/mabuko.co.mz\/site\/index.php?rest_route=\/wp\/v2\/product"}],"about":[{"href":"https:\/\/mabuko.co.mz\/site\/index.php?rest_route=\/wp\/v2\/types\/product"}],"wp:featuredmedia":[{"embeddable":true,"href":"https:\/\/mabuko.co.mz\/site\/index.php?rest_route=\/wp\/v2\/media\/9088"}],"wp:attachment":[{"href":"https:\/\/mabuko.co.mz\/site\/index.php?rest_route=%2Fwp%2Fv2%2Fmedia&parent=8266"}],"wp:term":[{"taxonomy":"product_cat","embeddable":true,"href":"https:\/\/mabuko.co.mz\/site\/index.php?rest_route=%2Fwp%2Fv2%2Fproduct_cat&post=8266"},{"taxonomy":"product_tag","embeddable":true,"href":"https:\/\/mabuko.co.mz\/site\/index.php?rest_route=%2Fwp%2Fv2%2Fproduct_tag&post=8266"}],"curies":[{"name":"wp","href":"https:\/\/api.w.org\/{rel}","templated":true}]}}