{"id":8159,"date":"2022-12-16T11:31:31","date_gmt":"2022-12-16T11:31:31","guid":{"rendered":"https:\/\/mabuko.co.mz\/?post_type=product&#038;p=8159"},"modified":"2023-01-13T12:23:45","modified_gmt":"2023-01-13T12:23:45","slug":"encontro-em-rosebank","status":"publish","type":"product","link":"https:\/\/mabuko.co.mz\/site\/?product=encontro-em-rosebank","title":{"rendered":"ENCONTRO EM ROSEBANK"},"content":{"rendered":"<p>Lex Mucache<\/p>\n<p>9789898901736<\/p>\n","protected":false},"excerpt":{"rendered":"<p><strong>SINOPSE<\/strong><\/p>\n<p>Quando Audrey e Nomssa ultrapassaram a dist\u00e2ncia que mantinham nos primeiros encontros \u2013 rompendo a barreira turva da indecis\u00e3o\u00a0 -, as suas conversas passaram para l\u00e1 da simples vida acad\u00e9mica. Puseram de lado o jarg\u00e3o escolar. J\u00e1 falavam das suas pr\u00f3prias vidas aberta e intimamente. A amizade consolidava-se a olhos vistos.<\/p>\n","protected":false},"featured_media":8180,"template":"","meta":{"_monsterinsights_skip_tracking":false,"_monsterinsights_sitenote_active":false,"_monsterinsights_sitenote_note":"","_monsterinsights_sitenote_category":0},"product_cat":[319],"product_tag":[],"class_list":{"0":"post-8159","1":"product","2":"type-product","3":"status-publish","4":"has-post-thumbnail","6":"product_cat-literatura-mocambicana","7":"pa_book-author-lex-mucache","9":"first","10":"outofstock","11":"shipping-taxable","12":"purchasable","13":"product-type-simple"},"_links":{"self":[{"href":"https:\/\/mabuko.co.mz\/site\/index.php?rest_route=\/wp\/v2\/product\/8159","targetHints":{"allow":["GET"]}}],"collection":[{"href":"https:\/\/mabuko.co.mz\/site\/index.php?rest_route=\/wp\/v2\/product"}],"about":[{"href":"https:\/\/mabuko.co.mz\/site\/index.php?rest_route=\/wp\/v2\/types\/product"}],"wp:featuredmedia":[{"embeddable":true,"href":"https:\/\/mabuko.co.mz\/site\/index.php?rest_route=\/wp\/v2\/media\/8180"}],"wp:attachment":[{"href":"https:\/\/mabuko.co.mz\/site\/index.php?rest_route=%2Fwp%2Fv2%2Fmedia&parent=8159"}],"wp:term":[{"taxonomy":"product_cat","embeddable":true,"href":"https:\/\/mabuko.co.mz\/site\/index.php?rest_route=%2Fwp%2Fv2%2Fproduct_cat&post=8159"},{"taxonomy":"product_tag","embeddable":true,"href":"https:\/\/mabuko.co.mz\/site\/index.php?rest_route=%2Fwp%2Fv2%2Fproduct_tag&post=8159"}],"curies":[{"name":"wp","href":"https:\/\/api.w.org\/{rel}","templated":true}]}}