{"id":8147,"date":"2022-12-15T14:20:05","date_gmt":"2022-12-15T14:20:05","guid":{"rendered":"https:\/\/mabuko.co.mz\/?post_type=product&#038;p=8147"},"modified":"2023-01-13T12:33:23","modified_gmt":"2023-01-13T12:33:23","slug":"misterios-do-reino-na-academia-de-cristo","status":"publish","type":"product","link":"https:\/\/mabuko.co.mz\/site\/?product=misterios-do-reino-na-academia-de-cristo","title":{"rendered":"MIST\u00c9RIOS DO REINO Na academia de Cristo"},"content":{"rendered":"<p>Miza De Brouwer<\/p>\n<p>978909363660<\/p>\n","protected":false},"excerpt":{"rendered":"<p><strong>SINOPSE<\/strong><\/p>\n<p>Face a uma gera\u00e7\u00e3o exposta a v\u00e1rios conceitos e extremos associados ao evangelho, urge a necessidade de esclarecer \u00e0 luz das sagradas escrituras o genu\u00edno evangelho pregado pelo nosso Senhor Jesus Cristo durante o seu minist\u00e9rio terreno, a saber, o evangelho do Reino de Deus. A obra \u00e9 centrada na:<\/p>\n<p>&#8211; Exposi\u00e7\u00e3o do prop\u00f3sito espec\u00edfico da vinda de Cristo ao mundo;<\/p>\n<p>-Defini\u00e7\u00e3o e exalta\u00e7\u00e3o do Reino de Deus acima de todas prioridades da igreja de Cristo;<\/p>\n<p>-Reflex\u00e3o e interpreta\u00e7\u00e3o dos diferentes ensinamentos de Jesus a respeito do Reino de Deus.<\/p>\n","protected":false},"featured_media":8154,"template":"","meta":{"_monsterinsights_skip_tracking":false,"_monsterinsights_sitenote_active":false,"_monsterinsights_sitenote_note":"","_monsterinsights_sitenote_category":0},"product_cat":[319],"product_tag":[],"class_list":{"0":"post-8147","1":"product","2":"type-product","3":"status-publish","4":"has-post-thumbnail","6":"product_cat-literatura-mocambicana","7":"pa_book-author-miza-de-brouwer","9":"first","10":"outofstock","11":"shipping-taxable","12":"purchasable","13":"product-type-simple"},"_links":{"self":[{"href":"https:\/\/mabuko.co.mz\/site\/index.php?rest_route=\/wp\/v2\/product\/8147","targetHints":{"allow":["GET"]}}],"collection":[{"href":"https:\/\/mabuko.co.mz\/site\/index.php?rest_route=\/wp\/v2\/product"}],"about":[{"href":"https:\/\/mabuko.co.mz\/site\/index.php?rest_route=\/wp\/v2\/types\/product"}],"wp:featuredmedia":[{"embeddable":true,"href":"https:\/\/mabuko.co.mz\/site\/index.php?rest_route=\/wp\/v2\/media\/8154"}],"wp:attachment":[{"href":"https:\/\/mabuko.co.mz\/site\/index.php?rest_route=%2Fwp%2Fv2%2Fmedia&parent=8147"}],"wp:term":[{"taxonomy":"product_cat","embeddable":true,"href":"https:\/\/mabuko.co.mz\/site\/index.php?rest_route=%2Fwp%2Fv2%2Fproduct_cat&post=8147"},{"taxonomy":"product_tag","embeddable":true,"href":"https:\/\/mabuko.co.mz\/site\/index.php?rest_route=%2Fwp%2Fv2%2Fproduct_tag&post=8147"}],"curies":[{"name":"wp","href":"https:\/\/api.w.org\/{rel}","templated":true}]}}