{"id":8110,"date":"2022-12-08T14:47:29","date_gmt":"2022-12-08T14:47:29","guid":{"rendered":"https:\/\/mabuko.co.mz\/?post_type=product&#038;p=8110"},"modified":"2023-01-13T12:37:13","modified_gmt":"2023-01-13T12:37:13","slug":"a-minha-biblioteca-de-contos-os-tres-porquinhos","status":"publish","type":"product","link":"https:\/\/mabuko.co.mz\/site\/?product=a-minha-biblioteca-de-contos-os-tres-porquinhos","title":{"rendered":"A MINHA BIBLIOTECA DE CONTOS Os Tr\u00eas Porquinhos"},"content":{"rendered":"<p>9789896689155<\/p>\n<p>&nbsp;<\/p>\n","protected":false},"excerpt":{"rendered":"<p><strong>SINOPSE<\/strong><\/p>\n<p>Um maravilhoso livro em capa dura, que conta uma reconhecida hist\u00f3ria por todo o p\u00fablico, ideal para momentos de partilha entre fam\u00edlia.<br \/>\nQuem tem medo do Lobo Mau?<br \/>\nDizem por a\u00ed que ele anda \u00e0 espreita e que o melhor \u00e9 jogar pelo seguro. Mas nem todos os Porquinhos est\u00e3o preparados para a vinda da fera esfomeada\u2026<br \/>\nL\u00ea a hist\u00f3ria e descobre como o Lobo Mau ficou sem jantar!<\/p>\n<p>Inclui jogos no final da hist\u00f3ria, ideais para envolver e ocupar os pequenos leitores com o enredo.<\/p>\n","protected":false},"featured_media":8112,"template":"","meta":{"_monsterinsights_skip_tracking":false,"_monsterinsights_sitenote_active":false,"_monsterinsights_sitenote_note":"","_monsterinsights_sitenote_category":0},"product_cat":[135],"product_tag":[],"class_list":{"0":"post-8110","1":"product","2":"type-product","3":"status-publish","4":"has-post-thumbnail","6":"product_cat-infantil","8":"first","9":"outofstock","10":"shipping-taxable","11":"purchasable","12":"product-type-simple"},"_links":{"self":[{"href":"https:\/\/mabuko.co.mz\/site\/index.php?rest_route=\/wp\/v2\/product\/8110","targetHints":{"allow":["GET"]}}],"collection":[{"href":"https:\/\/mabuko.co.mz\/site\/index.php?rest_route=\/wp\/v2\/product"}],"about":[{"href":"https:\/\/mabuko.co.mz\/site\/index.php?rest_route=\/wp\/v2\/types\/product"}],"wp:featuredmedia":[{"embeddable":true,"href":"https:\/\/mabuko.co.mz\/site\/index.php?rest_route=\/wp\/v2\/media\/8112"}],"wp:attachment":[{"href":"https:\/\/mabuko.co.mz\/site\/index.php?rest_route=%2Fwp%2Fv2%2Fmedia&parent=8110"}],"wp:term":[{"taxonomy":"product_cat","embeddable":true,"href":"https:\/\/mabuko.co.mz\/site\/index.php?rest_route=%2Fwp%2Fv2%2Fproduct_cat&post=8110"},{"taxonomy":"product_tag","embeddable":true,"href":"https:\/\/mabuko.co.mz\/site\/index.php?rest_route=%2Fwp%2Fv2%2Fproduct_tag&post=8110"}],"curies":[{"name":"wp","href":"https:\/\/api.w.org\/{rel}","templated":true}]}}