{"id":8101,"date":"2022-12-08T13:56:09","date_gmt":"2022-12-08T13:56:09","guid":{"rendered":"https:\/\/mabuko.co.mz\/?post_type=product&#038;p=8101"},"modified":"2023-01-13T09:52:36","modified_gmt":"2023-01-13T09:52:36","slug":"miraculous-world-as-aventuras-de-ladybug","status":"publish","type":"product","link":"https:\/\/mabuko.co.mz\/site\/?product=miraculous-world-as-aventuras-de-ladybug","title":{"rendered":"MIRACULOUS WORLD: AS AVENTURAS DE LADYBUG"},"content":{"rendered":"<p>9789895648689<\/p>\n","protected":false},"excerpt":{"rendered":"<p><strong>SINOPSE<\/strong><\/p>\n<p>Quando a Marinette descobre que o Adrien vai para Xangai, encontra a desculpa perfeita para ir ter com ele: visitar o tio Wang. Afinal, conhecer a hist\u00f3ria da fam\u00edlia tinha sido sempre um sonho&#8230; assim como passar tempo a s\u00f3s com o Adrien. Mas o que poderia ser tempo de amor e descoberta transforma-se num pesadelo, quando o mal\u00e9fico Falc\u00e3o-Tra\u00e7a aparece com mais for\u00e7a do que nunca&#8230;<\/p>\n<p>Ser\u00e1 que a Ladybug, o Gato Noir e a misteriosa Renren conseguir\u00e3o salvar Xangai de um destino tr\u00e1gico?<\/p>\n","protected":false},"featured_media":8102,"template":"","meta":{"_monsterinsights_skip_tracking":false,"_monsterinsights_sitenote_active":false,"_monsterinsights_sitenote_note":"","_monsterinsights_sitenote_category":0},"product_cat":[135],"product_tag":[],"class_list":{"0":"post-8101","1":"product","2":"type-product","3":"status-publish","4":"has-post-thumbnail","6":"product_cat-infantil","7":"pa_book-author-varios-autores","9":"first","10":"outofstock","11":"shipping-taxable","12":"purchasable","13":"product-type-simple"},"_links":{"self":[{"href":"https:\/\/mabuko.co.mz\/site\/index.php?rest_route=\/wp\/v2\/product\/8101","targetHints":{"allow":["GET"]}}],"collection":[{"href":"https:\/\/mabuko.co.mz\/site\/index.php?rest_route=\/wp\/v2\/product"}],"about":[{"href":"https:\/\/mabuko.co.mz\/site\/index.php?rest_route=\/wp\/v2\/types\/product"}],"wp:featuredmedia":[{"embeddable":true,"href":"https:\/\/mabuko.co.mz\/site\/index.php?rest_route=\/wp\/v2\/media\/8102"}],"wp:attachment":[{"href":"https:\/\/mabuko.co.mz\/site\/index.php?rest_route=%2Fwp%2Fv2%2Fmedia&parent=8101"}],"wp:term":[{"taxonomy":"product_cat","embeddable":true,"href":"https:\/\/mabuko.co.mz\/site\/index.php?rest_route=%2Fwp%2Fv2%2Fproduct_cat&post=8101"},{"taxonomy":"product_tag","embeddable":true,"href":"https:\/\/mabuko.co.mz\/site\/index.php?rest_route=%2Fwp%2Fv2%2Fproduct_tag&post=8101"}],"curies":[{"name":"wp","href":"https:\/\/api.w.org\/{rel}","templated":true}]}}