{"id":8088,"date":"2022-12-07T12:30:52","date_gmt":"2022-12-07T12:30:52","guid":{"rendered":"https:\/\/mabuko.co.mz\/?post_type=product&#038;p=8088"},"modified":"2023-01-13T09:56:55","modified_gmt":"2023-01-13T09:56:55","slug":"contador-de-historias","status":"publish","type":"product","link":"https:\/\/mabuko.co.mz\/site\/?product=contador-de-historias","title":{"rendered":"CONTADOR DE HIST\u00d3RIAS"},"content":{"rendered":"<p>Jeffrey Archer<\/p>\n<p>9789722536110<\/p>\n","protected":false},"excerpt":{"rendered":"<p><strong>SINOPSE<\/strong><\/p>\n<p>Jeffrey Archer, o autor da saga dos Clifton, regressa com um novo livro de contos h\u00e1 muito aguardado pelos leitores, repleto de textos emocionantes e, \u00e0s vezes comoventes, escritos nos \u00faltimos dez anos.<\/p>\n<p>Descubra o que aconteceu ao jovem detetive napolitano que, para resolver um assass\u00ednio, \u00e9 arrastado para uma pequena cidade. Veja o que muda na vida de um jovem \u00e0 medida que este descobre as origens da fortuna do seu pai. Siga as hist\u00f3rias de uma mulher que, na d\u00e9cada de 1930, se atreve a desafiar homens poderosos, e a de uma outra, jovem, que apanha boleia e tem o encontro da sua vida.<\/p>\n","protected":false},"featured_media":8089,"template":"","meta":{"_monsterinsights_skip_tracking":false,"_monsterinsights_sitenote_active":false,"_monsterinsights_sitenote_note":"","_monsterinsights_sitenote_category":0},"product_cat":[103],"product_tag":[],"class_list":{"0":"post-8088","1":"product","2":"type-product","3":"status-publish","4":"has-post-thumbnail","6":"product_cat-literatura","7":"pa_book-author-jeffrey-archer","9":"first","10":"outofstock","11":"shipping-taxable","12":"purchasable","13":"product-type-simple"},"_links":{"self":[{"href":"https:\/\/mabuko.co.mz\/site\/index.php?rest_route=\/wp\/v2\/product\/8088","targetHints":{"allow":["GET"]}}],"collection":[{"href":"https:\/\/mabuko.co.mz\/site\/index.php?rest_route=\/wp\/v2\/product"}],"about":[{"href":"https:\/\/mabuko.co.mz\/site\/index.php?rest_route=\/wp\/v2\/types\/product"}],"wp:featuredmedia":[{"embeddable":true,"href":"https:\/\/mabuko.co.mz\/site\/index.php?rest_route=\/wp\/v2\/media\/8089"}],"wp:attachment":[{"href":"https:\/\/mabuko.co.mz\/site\/index.php?rest_route=%2Fwp%2Fv2%2Fmedia&parent=8088"}],"wp:term":[{"taxonomy":"product_cat","embeddable":true,"href":"https:\/\/mabuko.co.mz\/site\/index.php?rest_route=%2Fwp%2Fv2%2Fproduct_cat&post=8088"},{"taxonomy":"product_tag","embeddable":true,"href":"https:\/\/mabuko.co.mz\/site\/index.php?rest_route=%2Fwp%2Fv2%2Fproduct_tag&post=8088"}],"curies":[{"name":"wp","href":"https:\/\/api.w.org\/{rel}","templated":true}]}}