{"id":8075,"date":"2022-12-06T09:27:38","date_gmt":"2022-12-06T09:27:38","guid":{"rendered":"https:\/\/mabuko.co.mz\/?post_type=product&#038;p=8075"},"modified":"2023-01-13T09:58:33","modified_gmt":"2023-01-13T09:58:33","slug":"o-tango-da-velha-guarda","status":"publish","type":"product","link":"https:\/\/mabuko.co.mz\/site\/?product=o-tango-da-velha-guarda","title":{"rendered":"O TANGO DA VELHA GUARDA"},"content":{"rendered":"<p>Arturo P\u00e9rez-Reverte<\/p>\n<p>9789892324432<\/p>\n","protected":false},"excerpt":{"rendered":"<p><strong>SINOPSE<\/strong><\/p>\n<p>1928. No sal\u00e3o deserto e silencioso de um transatl\u00e2ntico que navega pela noite dentro, um casal dan\u00e7a um tango ainda por escrever\u2026<br \/>\nEla \u00e9 Mecha Inzunza, uma mulher enigm\u00e1tica e melanc\u00f3lica. Ele \u00e9 Max Costa, um elegante fura-vidas. Rumam a Buenos Aires, onde Armando de Troeye, marido de Mecha e m\u00fasico afamado, enfrenta um extravagante desafio. Ao abrigo das ruelas l\u00fagubres e il\u00edcitas da cidade, nasce entre Mecha e Max uma hist\u00f3ria de amor arrebatadora que ser\u00e1 precocemente interrompida. Voltar\u00e3o a encontrar-se apenas duas vezes ao longo das suas vidas.<\/p>\n<p>Em 1937, numa intriga de espionagem na Riviera Francesa, um dos destinos preferidos da alta sociedade europeia. E em Sorrento, 1966, durante uma inquietante partida de xadrez. Aqui, o tempo \u00e9 j\u00e1 de nostalgia. O jogo dos amantes est\u00e1 perto do fim. A sua paix\u00e3o acompanhou o esplendor e a decad\u00eancia da Europa do s\u00e9culo XX e transcendeu o tempo e a dist\u00e2ncia. Sempre presente e sempre imposs\u00edvel.<\/p>\n<p>Dois amantes dotados de um carisma apenas poss\u00edvel aos grandes personagens de fic\u00e7\u00e3o. O s\u00e9culo XX como cen\u00e1rio teatral onde decorrem paix\u00f5es, intrigas, aventuras e reencontros.<br \/>\nEsperan\u00e7a e nostalgia. Luz e sombra. Arturo P\u00e9rez Reverte escreveu um romance trepidante e criou com Mecha Inzunza uma hero\u00edna \u00e9pica e definitiva.<\/p>\n","protected":false},"featured_media":8076,"template":"","meta":{"_monsterinsights_skip_tracking":false,"_monsterinsights_sitenote_active":false,"_monsterinsights_sitenote_note":"","_monsterinsights_sitenote_category":0},"product_cat":[105],"product_tag":[],"class_list":{"0":"post-8075","1":"product","2":"type-product","3":"status-publish","4":"has-post-thumbnail","6":"product_cat-romance","7":"pa_book-author-arturo-perez-reverte","9":"first","10":"outofstock","11":"shipping-taxable","12":"purchasable","13":"product-type-simple"},"_links":{"self":[{"href":"https:\/\/mabuko.co.mz\/site\/index.php?rest_route=\/wp\/v2\/product\/8075","targetHints":{"allow":["GET"]}}],"collection":[{"href":"https:\/\/mabuko.co.mz\/site\/index.php?rest_route=\/wp\/v2\/product"}],"about":[{"href":"https:\/\/mabuko.co.mz\/site\/index.php?rest_route=\/wp\/v2\/types\/product"}],"wp:featuredmedia":[{"embeddable":true,"href":"https:\/\/mabuko.co.mz\/site\/index.php?rest_route=\/wp\/v2\/media\/8076"}],"wp:attachment":[{"href":"https:\/\/mabuko.co.mz\/site\/index.php?rest_route=%2Fwp%2Fv2%2Fmedia&parent=8075"}],"wp:term":[{"taxonomy":"product_cat","embeddable":true,"href":"https:\/\/mabuko.co.mz\/site\/index.php?rest_route=%2Fwp%2Fv2%2Fproduct_cat&post=8075"},{"taxonomy":"product_tag","embeddable":true,"href":"https:\/\/mabuko.co.mz\/site\/index.php?rest_route=%2Fwp%2Fv2%2Fproduct_tag&post=8075"}],"curies":[{"name":"wp","href":"https:\/\/api.w.org\/{rel}","templated":true}]}}