{"id":8071,"date":"2022-12-06T08:12:17","date_gmt":"2022-12-06T08:12:17","guid":{"rendered":"https:\/\/mabuko.co.mz\/?post_type=product&#038;p=8071"},"modified":"2023-01-13T10:01:38","modified_gmt":"2023-01-13T10:01:38","slug":"twisted-love","status":"publish","type":"product","link":"https:\/\/mabuko.co.mz\/site\/?product=twisted-love","title":{"rendered":"TWISTED LOVE"},"content":{"rendered":"<p>Ana Huang<\/p>\n<p>9789897246302<\/p>\n","protected":false},"excerpt":{"rendered":"<p><strong>SINOPSE<\/strong><\/p>\n<p>Twisted Love \u00e9 o primeiro livro da cole\u00e7\u00e3o editorial mais falada na \u00faltima d\u00e9cada. O fen\u00f3meno que come\u00e7ou nas redes sociais com a hashtag SmutTok, invadiu as livrarias e o sucesso foi avassalador. A opini\u00e3o dos leitores teve eco nas vendas e Twisted Love chegou aos principais TOP\u2019s de venda.<\/p>\n<p>O fen\u00f3meno continua a conquistar novos leitores a cada dia, o que tem despertado a curiosidade da comunica\u00e7\u00e3o social internacional e tamb\u00e9m o interesse da ind\u00fastria cinematogr\u00e1fica.<\/p>\n<p>Aviso: apresenta um anti-her\u00f3i possessivo, conte\u00fado sexual e linguagem expl\u00edcita.<\/p>\n<p>Alex Volkov \u00e9 um dem\u00f3nio com cora\u00e7\u00e3o de gelo. Aben\u00e7oado com o rosto de um anjo, foi amaldi\u00e7oado por um passado do qual n\u00e3o pode escapar. Impulsionado por uma trag\u00e9dia que o persegue desde a inf\u00e2ncia, procura implacavelmente a vingan\u00e7a, ignorando os assuntos do cora\u00e7\u00e3o. Quando se v\u00ea for\u00e7ado a cuidar da irm\u00e3 do seu melhor amigo, come\u00e7a a sentir algo no peito empedernido: Uma fenda. Um derretimento. Um inc\u00eandio que amea\u00e7a acabar com a vida como sempre a concebeu.<br \/>\nAva Chen \u00e9 um esp\u00edrito livre preso por pesadelos de uma inf\u00e2ncia atormentada. Mas apesar de seu passado, ela nunca deixou de ver a beleza do mundo, incluindo o cora\u00e7\u00e3o gelado de um homem que ela n\u00e3o deveria querer. Nunca. O melhor amigo do irm\u00e3o. O seu vizinho. O seu salvador e sua desgra\u00e7a.<br \/>\nO amor entre eles nunca deveria despontar &#8211; mas quando nasce, desencadeia uma corrente explosiva de segredos que podem destruir os dois e tudo o que eles mais prezam na vida.<\/p>\n","protected":false},"featured_media":8072,"template":"","meta":{"_monsterinsights_skip_tracking":false,"_monsterinsights_sitenote_active":false,"_monsterinsights_sitenote_note":"","_monsterinsights_sitenote_category":0},"product_cat":[103],"product_tag":[],"class_list":{"0":"post-8071","1":"product","2":"type-product","3":"status-publish","4":"has-post-thumbnail","6":"product_cat-literatura","7":"pa_book-author-ana-huang","9":"first","10":"outofstock","11":"shipping-taxable","12":"purchasable","13":"product-type-simple"},"_links":{"self":[{"href":"https:\/\/mabuko.co.mz\/site\/index.php?rest_route=\/wp\/v2\/product\/8071","targetHints":{"allow":["GET"]}}],"collection":[{"href":"https:\/\/mabuko.co.mz\/site\/index.php?rest_route=\/wp\/v2\/product"}],"about":[{"href":"https:\/\/mabuko.co.mz\/site\/index.php?rest_route=\/wp\/v2\/types\/product"}],"wp:featuredmedia":[{"embeddable":true,"href":"https:\/\/mabuko.co.mz\/site\/index.php?rest_route=\/wp\/v2\/media\/8072"}],"wp:attachment":[{"href":"https:\/\/mabuko.co.mz\/site\/index.php?rest_route=%2Fwp%2Fv2%2Fmedia&parent=8071"}],"wp:term":[{"taxonomy":"product_cat","embeddable":true,"href":"https:\/\/mabuko.co.mz\/site\/index.php?rest_route=%2Fwp%2Fv2%2Fproduct_cat&post=8071"},{"taxonomy":"product_tag","embeddable":true,"href":"https:\/\/mabuko.co.mz\/site\/index.php?rest_route=%2Fwp%2Fv2%2Fproduct_tag&post=8071"}],"curies":[{"name":"wp","href":"https:\/\/api.w.org\/{rel}","templated":true}]}}