{"id":8063,"date":"2022-12-06T07:18:53","date_gmt":"2022-12-06T07:18:53","guid":{"rendered":"https:\/\/mabuko.co.mz\/?post_type=product&#038;p=8063"},"modified":"2023-01-13T10:21:03","modified_gmt":"2023-01-13T10:21:03","slug":"vertigem-assassina","status":"publish","type":"product","link":"https:\/\/mabuko.co.mz\/site\/?product=vertigem-assassina","title":{"rendered":"VERTIGEM ASSASSINA"},"content":{"rendered":"<p>Nelson DeMille<strong>\u00a0<\/strong><\/p>\n<p>9789897542510<\/p>\n","protected":false},"excerpt":{"rendered":"<p><strong>SINOPSE<\/strong><\/p>\n<p>Depois de um embate com um famigerado terrorista conhecido como O Leopardo, John Corey saiu da Unidade Antiterrorista e regressou a casa, na cidade de Nova Iorque. Arranjou emprego no Grupo de Vigil\u00e2ncia Diplom\u00e1tica (DSG). Embora se pense que a nova tarefa de Corey no DSG &#8211; vigiar diplomatas russos que trabalham na miss\u00e3o na ONU &#8211; \u00e9 um \u00abtrabalho calmo\u00bb, ele n\u00e3o se importou nada de se livrar das garras do FBI, libertando-se da burocracia da vida de escrit\u00f3rio. Corey apercebe-se, contudo, de algo que o Governo dos Estados Unidos deixou escapar: a amea\u00e7a bem real de uma R\u00fassia que est\u00e1 a ressurgir.<\/p>\n<p>Clarividente e arrepiante, o novo romance de DeMille leva-nos ao cora\u00e7\u00e3o de uma nova Guerra Fria, com uma conspira\u00e7\u00e3o que tem Manhattan na mira e obriga a um verdadeiro contrarrel\u00f3gio.<\/p>\n","protected":false},"featured_media":8064,"template":"","meta":{"_monsterinsights_skip_tracking":false,"_monsterinsights_sitenote_active":false,"_monsterinsights_sitenote_note":"","_monsterinsights_sitenote_category":0},"product_cat":[103],"product_tag":[],"class_list":{"0":"post-8063","1":"product","2":"type-product","3":"status-publish","4":"has-post-thumbnail","6":"product_cat-literatura","7":"pa_book-author-nelson-demille","9":"first","10":"outofstock","11":"shipping-taxable","12":"purchasable","13":"product-type-simple"},"_links":{"self":[{"href":"https:\/\/mabuko.co.mz\/site\/index.php?rest_route=\/wp\/v2\/product\/8063","targetHints":{"allow":["GET"]}}],"collection":[{"href":"https:\/\/mabuko.co.mz\/site\/index.php?rest_route=\/wp\/v2\/product"}],"about":[{"href":"https:\/\/mabuko.co.mz\/site\/index.php?rest_route=\/wp\/v2\/types\/product"}],"wp:featuredmedia":[{"embeddable":true,"href":"https:\/\/mabuko.co.mz\/site\/index.php?rest_route=\/wp\/v2\/media\/8064"}],"wp:attachment":[{"href":"https:\/\/mabuko.co.mz\/site\/index.php?rest_route=%2Fwp%2Fv2%2Fmedia&parent=8063"}],"wp:term":[{"taxonomy":"product_cat","embeddable":true,"href":"https:\/\/mabuko.co.mz\/site\/index.php?rest_route=%2Fwp%2Fv2%2Fproduct_cat&post=8063"},{"taxonomy":"product_tag","embeddable":true,"href":"https:\/\/mabuko.co.mz\/site\/index.php?rest_route=%2Fwp%2Fv2%2Fproduct_tag&post=8063"}],"curies":[{"name":"wp","href":"https:\/\/api.w.org\/{rel}","templated":true}]}}