{"id":8043,"date":"2022-12-05T12:36:44","date_gmt":"2022-12-05T12:36:44","guid":{"rendered":"https:\/\/mabuko.co.mz\/?post_type=product&#038;p=8043"},"modified":"2023-01-13T09:32:41","modified_gmt":"2023-01-13T09:32:41","slug":"o-simbolo-perdido","status":"publish","type":"product","link":"https:\/\/mabuko.co.mz\/site\/?product=o-simbolo-perdido","title":{"rendered":"O S\u00cdMBOLO PERDIDO"},"content":{"rendered":"<p>Dan Brown<\/p>\n<p>9789722520140<\/p>\n","protected":false},"excerpt":{"rendered":"<p><strong>SINOPSE<\/strong><\/p>\n<p>Washington, D. C.: Robert Langdon, simbologista de Harvard, \u00e9 convidado \u00e0 \u00faltima hora para dar uma palestra no Capit\u00f3lio. Contudo, pouco depois da sua chegada, \u00e9 descoberto no centro Rotunda um estranho objecto com cinco s\u00edmbolos bizarros.<br \/>\nRobert Langdon reconhece-os: trata-se de um convite ancestral para um mundo perdido de saberes esot\u00e9ricos e ocultos.<\/p>\n<p>Quando Peter Solomon, eminente ma\u00e7om e filantropo, \u00e9 brutalmente raptado, Langdon compreende que s\u00f3 poder\u00e1 salvar o seu mentor se aceitar o misterioso apelo.<\/p>\n<p>Langdon v\u00ea-se rapidamente arrastado para aquilo que se encontra por detr\u00e1s das fachadas da cidade mais poderosa da Am\u00e9rica: c\u00e2maras ocultas, templos e t\u00faneis. Tudo o que lhe era familiar se transforma num mundo sombrio e clandestino, habilmente escondido, onde segredos e revela\u00e7\u00f5es da Ma\u00e7onaria o conduzem a uma \u00fanica verdade, imposs\u00edvel e inconceb\u00edvel.<\/p>\n<p>Trama de hist\u00f3ria veladas, s\u00edmbolos secretos e c\u00f3digos enigm\u00e1ticos, tecida com brilhantismo,\u00a0<i>O S\u00edmbolo Perdido<\/i>\u00a0\u00e9 um\u00a0<i>thriller<\/i>\u00a0surpreendente e arrebatador que nos surpreende a cada p\u00e1gina.<br \/>\nO segredo mais extraordin\u00e1rio e chocante \u00e9 aquele que se esconde diante dos nossos olhos\u2026<\/p>\n","protected":false},"featured_media":8044,"template":"","meta":{"_monsterinsights_skip_tracking":false,"_monsterinsights_sitenote_active":false,"_monsterinsights_sitenote_note":"","_monsterinsights_sitenote_category":0},"product_cat":[105],"product_tag":[],"class_list":{"0":"post-8043","1":"product","2":"type-product","3":"status-publish","4":"has-post-thumbnail","6":"product_cat-romance","7":"pa_book-author-dan-brown","9":"first","10":"outofstock","11":"shipping-taxable","12":"purchasable","13":"product-type-simple"},"_links":{"self":[{"href":"https:\/\/mabuko.co.mz\/site\/index.php?rest_route=\/wp\/v2\/product\/8043","targetHints":{"allow":["GET"]}}],"collection":[{"href":"https:\/\/mabuko.co.mz\/site\/index.php?rest_route=\/wp\/v2\/product"}],"about":[{"href":"https:\/\/mabuko.co.mz\/site\/index.php?rest_route=\/wp\/v2\/types\/product"}],"wp:featuredmedia":[{"embeddable":true,"href":"https:\/\/mabuko.co.mz\/site\/index.php?rest_route=\/wp\/v2\/media\/8044"}],"wp:attachment":[{"href":"https:\/\/mabuko.co.mz\/site\/index.php?rest_route=%2Fwp%2Fv2%2Fmedia&parent=8043"}],"wp:term":[{"taxonomy":"product_cat","embeddable":true,"href":"https:\/\/mabuko.co.mz\/site\/index.php?rest_route=%2Fwp%2Fv2%2Fproduct_cat&post=8043"},{"taxonomy":"product_tag","embeddable":true,"href":"https:\/\/mabuko.co.mz\/site\/index.php?rest_route=%2Fwp%2Fv2%2Fproduct_tag&post=8043"}],"curies":[{"name":"wp","href":"https:\/\/api.w.org\/{rel}","templated":true}]}}