{"id":8040,"date":"2022-12-05T10:25:25","date_gmt":"2022-12-05T10:25:25","guid":{"rendered":"https:\/\/mabuko.co.mz\/?post_type=product&#038;p=8040"},"modified":"2023-01-13T09:33:10","modified_gmt":"2023-01-13T09:33:10","slug":"uma-chama-entre-as-cinzas","status":"publish","type":"product","link":"https:\/\/mabuko.co.mz\/site\/?product=uma-chama-entre-as-cinzas","title":{"rendered":"UMA CHAMA ENTRE AS CINZAS"},"content":{"rendered":"<p>Sabaa Tahir<\/p>\n<p>9789722357777<\/p>\n","protected":false},"excerpt":{"rendered":"<p><strong>SINOPSE<\/strong><\/p>\n<p>Elias pertence aos Ilustres, as fam\u00edlias da elite do Imp\u00e9rio. Desde os seis anos que treina na Academia Militar de Blackcliff para se tornar um dos soldados mais implac\u00e1veis ao servi\u00e7o dos Marciais. Laia pertence aos Eruditos, um povo oprimido pelo jugo firme dos Marciais. Quando o seu irm\u00e3o \u00e9 preso e acusado de trai\u00e7\u00e3o, Laia procura a ajuda da Resist\u00eancia. Em troca, tem de se infiltrar como escrava em Blackcliff. Quando se conhecem, Elias e Laia percebem que as suas vidas est\u00e3o interligadas \u2014e que as escolhas de ambos podem mudar o destino do Imp\u00e9rio.<\/p>\n","protected":false},"featured_media":8041,"template":"","meta":{"_monsterinsights_skip_tracking":false,"_monsterinsights_sitenote_active":false,"_monsterinsights_sitenote_note":"","_monsterinsights_sitenote_category":0},"product_cat":[103],"product_tag":[],"class_list":{"0":"post-8040","1":"product","2":"type-product","3":"status-publish","4":"has-post-thumbnail","6":"product_cat-literatura","7":"pa_book-author-sabaa-tahir","9":"first","10":"outofstock","11":"shipping-taxable","12":"purchasable","13":"product-type-simple"},"_links":{"self":[{"href":"https:\/\/mabuko.co.mz\/site\/index.php?rest_route=\/wp\/v2\/product\/8040","targetHints":{"allow":["GET"]}}],"collection":[{"href":"https:\/\/mabuko.co.mz\/site\/index.php?rest_route=\/wp\/v2\/product"}],"about":[{"href":"https:\/\/mabuko.co.mz\/site\/index.php?rest_route=\/wp\/v2\/types\/product"}],"wp:featuredmedia":[{"embeddable":true,"href":"https:\/\/mabuko.co.mz\/site\/index.php?rest_route=\/wp\/v2\/media\/8041"}],"wp:attachment":[{"href":"https:\/\/mabuko.co.mz\/site\/index.php?rest_route=%2Fwp%2Fv2%2Fmedia&parent=8040"}],"wp:term":[{"taxonomy":"product_cat","embeddable":true,"href":"https:\/\/mabuko.co.mz\/site\/index.php?rest_route=%2Fwp%2Fv2%2Fproduct_cat&post=8040"},{"taxonomy":"product_tag","embeddable":true,"href":"https:\/\/mabuko.co.mz\/site\/index.php?rest_route=%2Fwp%2Fv2%2Fproduct_tag&post=8040"}],"curies":[{"name":"wp","href":"https:\/\/api.w.org\/{rel}","templated":true}]}}