{"id":8028,"date":"2022-12-05T09:30:14","date_gmt":"2022-12-05T09:30:14","guid":{"rendered":"https:\/\/mabuko.co.mz\/?post_type=product&#038;p=8028"},"modified":"2023-01-13T09:37:12","modified_gmt":"2023-01-13T09:37:12","slug":"um-espiao-em-fuga","status":"publish","type":"product","link":"https:\/\/mabuko.co.mz\/site\/?product=um-espiao-em-fuga","title":{"rendered":"UM ESPI\u00c3O EM FUGA"},"content":{"rendered":"<p>Robert Dugoni<\/p>\n<p>9789895648245<\/p>\n","protected":false},"excerpt":{"rendered":"<p><strong>SINOPSE<\/strong><\/p>\n<p>Quarenta anos depois de deixar a CIA, o ex-agente secreto Charles Jenkins encontra-se numa encruzilhada: aos 64 anos, tem uma empresa de seguran\u00e7a privada \u00e0 beira da fal\u00eancia e est\u00e1 em risco de perder a casa, e a sua mulher encontra-se \u00e0 espera de um novo beb\u00e9. \u00c9 ent\u00e3o que o seu ex-chefe da CIA lhe aparece \u00e0 porta e lhe prop\u00f5e uma miss\u00e3o arriscada: viajar secretamente para Moscovo e localizar a pessoa que eles suspeitam estar a aniquilar agentes de uma c\u00e9lula de espionagem americana conhecida como \u00abas sete irm\u00e3s\u00bb.<\/p>\n<p>Desesperado por dinheiro, Jenkins aceita a miss\u00e3o e segue para a capital russa. Mas quando localiza o c\u00e9rebro por detr\u00e1s dos homic\u00eddios \u2014 a chamada \u00aboitava irm\u00e3\u00bb \u2014 percebe que ela n\u00e3o \u00e9 quem ele pensava. Na realidade, ningu\u00e9m o \u00e9, neste jogo de espi\u00f5es mortal.<\/p>\n<p>Perseguido por um implac\u00e1vel agente dos servi\u00e7os secretos russos, Jenkins concebe um ousado plano de fuga atrav\u00e9s do mar Negro, mas em pouco tempo descobre que foi abandonado pela ag\u00eancia para a qual opera. Com a fam\u00edlia e a liberdade em risco, Jenkins ter\u00e1 de lutar pela vida\u2026 contra o seu pr\u00f3prio pa\u00eds.<\/p>\n","protected":false},"featured_media":8030,"template":"","meta":{"_monsterinsights_skip_tracking":false,"_monsterinsights_sitenote_active":false,"_monsterinsights_sitenote_note":"","_monsterinsights_sitenote_category":0},"product_cat":[103],"product_tag":[],"class_list":{"0":"post-8028","1":"product","2":"type-product","3":"status-publish","4":"has-post-thumbnail","6":"product_cat-literatura","7":"pa_book-author-robert-dugoni","9":"first","10":"outofstock","11":"shipping-taxable","12":"purchasable","13":"product-type-simple"},"_links":{"self":[{"href":"https:\/\/mabuko.co.mz\/site\/index.php?rest_route=\/wp\/v2\/product\/8028","targetHints":{"allow":["GET"]}}],"collection":[{"href":"https:\/\/mabuko.co.mz\/site\/index.php?rest_route=\/wp\/v2\/product"}],"about":[{"href":"https:\/\/mabuko.co.mz\/site\/index.php?rest_route=\/wp\/v2\/types\/product"}],"wp:featuredmedia":[{"embeddable":true,"href":"https:\/\/mabuko.co.mz\/site\/index.php?rest_route=\/wp\/v2\/media\/8030"}],"wp:attachment":[{"href":"https:\/\/mabuko.co.mz\/site\/index.php?rest_route=%2Fwp%2Fv2%2Fmedia&parent=8028"}],"wp:term":[{"taxonomy":"product_cat","embeddable":true,"href":"https:\/\/mabuko.co.mz\/site\/index.php?rest_route=%2Fwp%2Fv2%2Fproduct_cat&post=8028"},{"taxonomy":"product_tag","embeddable":true,"href":"https:\/\/mabuko.co.mz\/site\/index.php?rest_route=%2Fwp%2Fv2%2Fproduct_tag&post=8028"}],"curies":[{"name":"wp","href":"https:\/\/api.w.org\/{rel}","templated":true}]}}