{"id":7986,"date":"2022-11-30T13:37:40","date_gmt":"2022-11-30T13:37:40","guid":{"rendered":"https:\/\/mabuko.co.mz\/?post_type=product&#038;p=7986"},"modified":"2023-01-13T09:06:23","modified_gmt":"2023-01-13T09:06:23","slug":"a-marca-do-dragao","status":"publish","type":"product","link":"https:\/\/mabuko.co.mz\/site\/?product=a-marca-do-dragao","title":{"rendered":"A MARCA DO DRAG\u00c3O"},"content":{"rendered":"<p>Sherrilyn Kenyon<\/p>\n<p>9789897104787<\/p>\n","protected":false},"excerpt":{"rendered":"<p><strong>SINOPSE<\/strong><\/p>\n<p>Os drag\u00f5es sempre acompanharam os humanos desde o princ\u00edpio dos tempos. Illarion \u00e9 um desses drag\u00f5es e h\u00e1 s\u00e9culos foi v\u00edtima de uma trai\u00e7\u00e3o que deixou marcas profundas. Torturado e obrigado a adotar a forma humana contra a sua vontade, a sua voz foi silenciada. E o seu \u00f3dio contra os humanos cresceu em lume brando durante s\u00e9culos.<\/p>\n<p>Edilyn detesta os drag\u00f5es \u2014 eles foram respons\u00e1veis pela destrui\u00e7\u00e3o da sua fam\u00edlia. Tudo o que ela deseja \u00e9 ser reconhecida como uma grande guerreira e enfrent\u00e1-los. No entanto, no dia em que conhece Illarion, a sua determina\u00e7\u00e3o \u00e9 abalada, e as consequ\u00eancias deste encontro ter\u00e3o repercuss\u00f5es muito para al\u00e9m do que qualquer um deles imaginaria.<\/p>\n<p>Illarion e Edilyn est\u00e3o destinados a odiar-se, mas h\u00e1 um poderoso v\u00ednculo que os une de forma inevit\u00e1vel. Quando a trai\u00e7\u00e3o amea\u00e7a desencadear uma trag\u00e9dia, ambos descobrir\u00e3o que fazem parte de um plano sinistro e que, se quiserem sobreviver, ter\u00e3o de confiar um no outro, aconte\u00e7a o que acontecer.<\/p>\n","protected":false},"featured_media":7987,"template":"","meta":{"_monsterinsights_skip_tracking":false,"_monsterinsights_sitenote_active":false,"_monsterinsights_sitenote_note":"","_monsterinsights_sitenote_category":0},"product_cat":[105],"product_tag":[],"class_list":{"0":"post-7986","1":"product","2":"type-product","3":"status-publish","4":"has-post-thumbnail","6":"product_cat-romance","7":"pa_book-author-sherrilyn-kenyon","9":"first","10":"outofstock","11":"shipping-taxable","12":"purchasable","13":"product-type-simple"},"_links":{"self":[{"href":"https:\/\/mabuko.co.mz\/site\/index.php?rest_route=\/wp\/v2\/product\/7986","targetHints":{"allow":["GET"]}}],"collection":[{"href":"https:\/\/mabuko.co.mz\/site\/index.php?rest_route=\/wp\/v2\/product"}],"about":[{"href":"https:\/\/mabuko.co.mz\/site\/index.php?rest_route=\/wp\/v2\/types\/product"}],"wp:featuredmedia":[{"embeddable":true,"href":"https:\/\/mabuko.co.mz\/site\/index.php?rest_route=\/wp\/v2\/media\/7987"}],"wp:attachment":[{"href":"https:\/\/mabuko.co.mz\/site\/index.php?rest_route=%2Fwp%2Fv2%2Fmedia&parent=7986"}],"wp:term":[{"taxonomy":"product_cat","embeddable":true,"href":"https:\/\/mabuko.co.mz\/site\/index.php?rest_route=%2Fwp%2Fv2%2Fproduct_cat&post=7986"},{"taxonomy":"product_tag","embeddable":true,"href":"https:\/\/mabuko.co.mz\/site\/index.php?rest_route=%2Fwp%2Fv2%2Fproduct_tag&post=7986"}],"curies":[{"name":"wp","href":"https:\/\/api.w.org\/{rel}","templated":true}]}}