{"id":7983,"date":"2022-11-30T13:33:27","date_gmt":"2022-11-30T13:33:27","guid":{"rendered":"https:\/\/mabuko.co.mz\/?post_type=product&#038;p=7983"},"modified":"2023-01-13T09:08:22","modified_gmt":"2023-01-13T09:08:22","slug":"guerreiro-das-trevas-parte-um","status":"publish","type":"product","link":"https:\/\/mabuko.co.mz\/site\/?product=guerreiro-das-trevas-parte-um","title":{"rendered":"GUERREIRO DAS TREVAS Parte um"},"content":{"rendered":"<p>Sherrilyn Kenyon<\/p>\n<p>9789897105388<\/p>\n","protected":false},"excerpt":{"rendered":"<p><strong>SINOPSE<\/strong><\/p>\n<p>Ele n\u00e3o pode escapar a um destino de vingan\u00e7a e destrui\u00e7\u00e3o\u2026<\/p>\n<p>Durante milhares de anos, ele acreditou ser algo que n\u00e3o era. Algu\u00e9m que n\u00e3o era. Atrai\u00e7oado pelos deuses, daemon e Predadores da Noite, Urian teve de encontrar o seu caminho num mundo onde foi amaldi\u00e7oado desde que nasceu.<\/p>\n<p>Assassino e predador, guerreiro das trevas e da destrui\u00e7\u00e3o, Urian aprendeu a adaptar-se e a passar despercebido. A tornar-se num instrumento do mal. E a caminhar eternamente sozinho, pois o amor entre esp\u00e9cies diferentes \u00e9 proibido\u2026 e fatal.<\/p>\n<p>Contudo, a reden\u00e7\u00e3o \u00e9 poss\u00edvel para todas as criaturas, apesar de ser um caminho longo e perigoso, de dor e de sacrif\u00edcio para aqueles que perderam a esperan\u00e7a. Conseguir\u00e1 Urian encontrar em si a for\u00e7a para desafiar o destino e livrar o mundo da destrui\u00e7\u00e3o?<\/p>\n","protected":false},"featured_media":7985,"template":"","meta":{"_monsterinsights_skip_tracking":false,"_monsterinsights_sitenote_active":false,"_monsterinsights_sitenote_note":"","_monsterinsights_sitenote_category":0},"product_cat":[105],"product_tag":[],"class_list":{"0":"post-7983","1":"product","2":"type-product","3":"status-publish","4":"has-post-thumbnail","6":"product_cat-romance","7":"pa_book-author-sherrilyn-kenyon","9":"first","10":"outofstock","11":"shipping-taxable","12":"purchasable","13":"product-type-simple"},"_links":{"self":[{"href":"https:\/\/mabuko.co.mz\/site\/index.php?rest_route=\/wp\/v2\/product\/7983","targetHints":{"allow":["GET"]}}],"collection":[{"href":"https:\/\/mabuko.co.mz\/site\/index.php?rest_route=\/wp\/v2\/product"}],"about":[{"href":"https:\/\/mabuko.co.mz\/site\/index.php?rest_route=\/wp\/v2\/types\/product"}],"wp:featuredmedia":[{"embeddable":true,"href":"https:\/\/mabuko.co.mz\/site\/index.php?rest_route=\/wp\/v2\/media\/7985"}],"wp:attachment":[{"href":"https:\/\/mabuko.co.mz\/site\/index.php?rest_route=%2Fwp%2Fv2%2Fmedia&parent=7983"}],"wp:term":[{"taxonomy":"product_cat","embeddable":true,"href":"https:\/\/mabuko.co.mz\/site\/index.php?rest_route=%2Fwp%2Fv2%2Fproduct_cat&post=7983"},{"taxonomy":"product_tag","embeddable":true,"href":"https:\/\/mabuko.co.mz\/site\/index.php?rest_route=%2Fwp%2Fv2%2Fproduct_tag&post=7983"}],"curies":[{"name":"wp","href":"https:\/\/api.w.org\/{rel}","templated":true}]}}