{"id":7956,"date":"2022-11-30T08:29:58","date_gmt":"2022-11-30T08:29:58","guid":{"rendered":"https:\/\/mabuko.co.mz\/?post_type=product&#038;p=7956"},"modified":"2023-01-13T09:16:13","modified_gmt":"2023-01-13T09:16:13","slug":"o-voo-da-garca-a-saga-dos-otori","status":"publish","type":"product","link":"https:\/\/mabuko.co.mz\/site\/?product=o-voo-da-garca-a-saga-dos-otori","title":{"rendered":"O VOO DA GAR\u00c7A A Saga dos Otori"},"content":{"rendered":"<p>Lian Hearn<\/p>\n<p>9789722338738<\/p>\n","protected":false},"excerpt":{"rendered":"<p><strong>SINOPSE<\/strong><\/p>\n<p>Depois da trilogia A Saga dos Otori, Lian Hearn regressou \u00e0s lides liter\u00e1rias com mais um livro &#8211;\u00a0<i>O Voo da Gar\u00e7a<\/i>\u00a0&#8211; j\u00e1 considerado \u00abo ep\u00edlogo perfeito\u00bb da s\u00e9rie. Aqui vamos ao encontro de Otori Takeo e Kaede que governam o Reino dos Tr\u00eas Pa\u00edses h\u00e1 j\u00e1 dezasseis anos. Takeo tornou-se senhor do reino, onde vive com a sua amada Takea, no long\u00ednquo Jap\u00e3o dos s\u00e9culos XV e XVI. Os Tr\u00eas Pa\u00edses est\u00e3o agora ricos, pr\u00f3speros e em paz. Os p\u00e1ssaros sagrados anunciam a felicidade mas o sucesso de Takeo atraiu a aten\u00e7\u00e3o do Imperador e do seu general que desejam a riqueza do territ\u00f3rio em especial da herdeira de Takeo, a sua filha mais velha, agora em idade de se casar. Descubra quem sobreviver\u00e1 num confronto implac\u00e1vel que culminar\u00e1 num final imprevis\u00edvel e que o vai conduzir a reler toda a trilogia.<\/p>\n","protected":false},"featured_media":7957,"template":"","meta":{"_monsterinsights_skip_tracking":false,"_monsterinsights_sitenote_active":false,"_monsterinsights_sitenote_note":"","_monsterinsights_sitenote_category":0},"product_cat":[135],"product_tag":[],"class_list":{"0":"post-7956","1":"product","2":"type-product","3":"status-publish","4":"has-post-thumbnail","6":"product_cat-infantil","7":"pa_book-author-lian-hearn","9":"first","10":"outofstock","11":"shipping-taxable","12":"purchasable","13":"product-type-simple"},"_links":{"self":[{"href":"https:\/\/mabuko.co.mz\/site\/index.php?rest_route=\/wp\/v2\/product\/7956","targetHints":{"allow":["GET"]}}],"collection":[{"href":"https:\/\/mabuko.co.mz\/site\/index.php?rest_route=\/wp\/v2\/product"}],"about":[{"href":"https:\/\/mabuko.co.mz\/site\/index.php?rest_route=\/wp\/v2\/types\/product"}],"wp:featuredmedia":[{"embeddable":true,"href":"https:\/\/mabuko.co.mz\/site\/index.php?rest_route=\/wp\/v2\/media\/7957"}],"wp:attachment":[{"href":"https:\/\/mabuko.co.mz\/site\/index.php?rest_route=%2Fwp%2Fv2%2Fmedia&parent=7956"}],"wp:term":[{"taxonomy":"product_cat","embeddable":true,"href":"https:\/\/mabuko.co.mz\/site\/index.php?rest_route=%2Fwp%2Fv2%2Fproduct_cat&post=7956"},{"taxonomy":"product_tag","embeddable":true,"href":"https:\/\/mabuko.co.mz\/site\/index.php?rest_route=%2Fwp%2Fv2%2Fproduct_tag&post=7956"}],"curies":[{"name":"wp","href":"https:\/\/api.w.org\/{rel}","templated":true}]}}