{"id":7938,"date":"2022-11-30T07:36:33","date_gmt":"2022-11-30T07:36:33","guid":{"rendered":"https:\/\/mabuko.co.mz\/?post_type=product&#038;p=7938"},"modified":"2025-07-30T13:57:13","modified_gmt":"2025-07-30T13:57:13","slug":"coracoes-feridos","status":"publish","type":"product","link":"https:\/\/mabuko.co.mz\/site\/?product=coracoes-feridos","title":{"rendered":"CORA\u00c7\u00d5ES FERIDOS"},"content":{"rendered":"<p>Colleen Hoover<\/p>\n<p>9789896234102<\/p>\n","protected":false},"excerpt":{"rendered":"<p><strong>SINOPSE<\/strong><\/p>\n<p>Da autora dos bestsellers\u00a0<i>Isto Acaba Aqui<\/i>\u00a0e\u00a0<i>Se Fosse Perfeito<\/i>.<\/p>\n<p>Com uma vida cheia de obst\u00e1culos, Beyah s\u00f3 pode contar consigo pr\u00f3pria para alcan\u00e7ar um futuro melhor. Mas a poucos meses de concretizar os seus planos e deixar para tr\u00e1s um passado que preferia esquecer, um acontecimento inesperado obriga-a a seguir um novo rumo e procurar a \u00fanica sa\u00edda poss\u00edvel. \u00c9 assim que, de um momento para o outro, se v\u00ea na Pen\u00ednsula Bolivar, no Texas, a passar os meses de ver\u00e3o com o pai, que mal conhece, decidida a deixar avan\u00e7ar os dias sem levantar grandes ondas.<\/p>\n<p>Tudo muda quando conhece Samson, o vizinho da casa ao lado, que exerce sobre ela um estranho fasc\u00ednio, apesar de nada terem em comum, pois ela vem de uma vida de pobreza e neglig\u00eancia e ele de uma fam\u00edlia rica e privilegiada. no entanto, a conviv\u00eancia f\u00e1-los perceber que, apesar das suas diferen\u00e7as, h\u00e1 uma tristeza inerente que os une e atrai.<\/p>\n<p>\u00c9 ineg\u00e1vel que a liga\u00e7\u00e3o entre eles \u00e9 intensa, mas os dois j\u00e1 tra\u00e7aram o seu rumo e n\u00e3o querem perder o p\u00e9 numa rela\u00e7\u00e3o sem futuro. S\u00f3 n\u00e3o estavam \u00e0 espera de que a corrente pudesse arrast\u00e1-los para um mar profundo de emo\u00e7\u00f5es.<\/p>\n","protected":false},"featured_media":7939,"template":"","meta":{"_monsterinsights_skip_tracking":false,"_monsterinsights_sitenote_active":false,"_monsterinsights_sitenote_note":"","_monsterinsights_sitenote_category":0},"product_cat":[105],"product_tag":[],"class_list":{"0":"post-7938","1":"product","2":"type-product","3":"status-publish","4":"has-post-thumbnail","6":"product_cat-romance","7":"pa_book-author-colleen-hoover","9":"first","10":"instock","11":"shipping-taxable","12":"purchasable","13":"product-type-simple"},"_links":{"self":[{"href":"https:\/\/mabuko.co.mz\/site\/index.php?rest_route=\/wp\/v2\/product\/7938","targetHints":{"allow":["GET"]}}],"collection":[{"href":"https:\/\/mabuko.co.mz\/site\/index.php?rest_route=\/wp\/v2\/product"}],"about":[{"href":"https:\/\/mabuko.co.mz\/site\/index.php?rest_route=\/wp\/v2\/types\/product"}],"wp:featuredmedia":[{"embeddable":true,"href":"https:\/\/mabuko.co.mz\/site\/index.php?rest_route=\/wp\/v2\/media\/7939"}],"wp:attachment":[{"href":"https:\/\/mabuko.co.mz\/site\/index.php?rest_route=%2Fwp%2Fv2%2Fmedia&parent=7938"}],"wp:term":[{"taxonomy":"product_cat","embeddable":true,"href":"https:\/\/mabuko.co.mz\/site\/index.php?rest_route=%2Fwp%2Fv2%2Fproduct_cat&post=7938"},{"taxonomy":"product_tag","embeddable":true,"href":"https:\/\/mabuko.co.mz\/site\/index.php?rest_route=%2Fwp%2Fv2%2Fproduct_tag&post=7938"}],"curies":[{"name":"wp","href":"https:\/\/api.w.org\/{rel}","templated":true}]}}