{"id":7932,"date":"2022-11-30T07:16:04","date_gmt":"2022-11-30T07:16:04","guid":{"rendered":"https:\/\/mabuko.co.mz\/?post_type=product&#038;p=7932"},"modified":"2022-12-23T15:52:45","modified_gmt":"2022-12-23T15:52:45","slug":"uma-nova-esperanca","status":"publish","type":"product","link":"https:\/\/mabuko.co.mz\/site\/?product=uma-nova-esperanca","title":{"rendered":"UMA NOVA ESPERAN\u00c7A"},"content":{"rendered":"<p>Colleen Hoover<\/p>\n<p>9789898800312<\/p>\n","protected":false},"excerpt":{"rendered":"<p><strong>SINOPSE<\/strong><\/p>\n<p>Holder \u00e9 um adolescente em busca da sua melhor amiga, Hope, a quem voltou costas um dia, h\u00e1 treze anos. O mesmo dia em que ela foi raptada e levada para sempre. Quando uma trag\u00e9dia envolve a irm\u00e3 g\u00e9mea de Holder, Less, a necessidade de encontrar Hope torna-se mais forte do que nunca. Holder sente-se diariamente perseguido por fortes sentimentos de culpa, e os remorsos que sente por n\u00e3o ter conseguido ajudar nem a sua irm\u00e3, nem Hope, s\u00e3o devastadores.<br \/>\nQuando um dia, inesperadamente, se cruza com uma rapariga que se parece com Hope, Holder vai fazer tudo para se aproximar dela a fim de reencontrar a paz de que tanto necessita. Mas porque insiste Hope em dizer que se chama Sky e que n\u00e3o o conhece? E, por outro lado, porque sente Holder que esta rapariga, que o rejeita e se tenta afastar, precisa tanto dele quanto ele precisa dela?<br \/>\n<i>Uma Nova Esperan\u00e7a (Hope)<\/i>\u00a0narra pela voz de Holder um reencontro que trar\u00e1 mem\u00f3rias h\u00e1 muito esquecidas e que revelar\u00e1 verdades que poder\u00e3o doer demasiado. Para alcan\u00e7arem a paz e a felicidade, Holder e Hope ter\u00e3o de encarar a mais dolorosa e \u00edntima das mem\u00f3rias. Conseguir\u00e3o ambos tra\u00e7ar um caminho juntos ap\u00f3s desenterrarem um passado t\u00e3o dif\u00edcil? E ser\u00e1 o amor de Hope a chave para uma nova esperan\u00e7a na vida de Holder?<\/p>\n","protected":false},"featured_media":7933,"template":"","meta":{"_monsterinsights_skip_tracking":false,"_monsterinsights_sitenote_active":false,"_monsterinsights_sitenote_note":"","_monsterinsights_sitenote_category":0},"product_cat":[105],"product_tag":[],"class_list":{"0":"post-7932","1":"product","2":"type-product","3":"status-publish","4":"has-post-thumbnail","6":"product_cat-romance","7":"pa_book-author-colleen-hoover","9":"first","10":"outofstock","11":"shipping-taxable","12":"purchasable","13":"product-type-simple"},"_links":{"self":[{"href":"https:\/\/mabuko.co.mz\/site\/index.php?rest_route=\/wp\/v2\/product\/7932","targetHints":{"allow":["GET"]}}],"collection":[{"href":"https:\/\/mabuko.co.mz\/site\/index.php?rest_route=\/wp\/v2\/product"}],"about":[{"href":"https:\/\/mabuko.co.mz\/site\/index.php?rest_route=\/wp\/v2\/types\/product"}],"wp:featuredmedia":[{"embeddable":true,"href":"https:\/\/mabuko.co.mz\/site\/index.php?rest_route=\/wp\/v2\/media\/7933"}],"wp:attachment":[{"href":"https:\/\/mabuko.co.mz\/site\/index.php?rest_route=%2Fwp%2Fv2%2Fmedia&parent=7932"}],"wp:term":[{"taxonomy":"product_cat","embeddable":true,"href":"https:\/\/mabuko.co.mz\/site\/index.php?rest_route=%2Fwp%2Fv2%2Fproduct_cat&post=7932"},{"taxonomy":"product_tag","embeddable":true,"href":"https:\/\/mabuko.co.mz\/site\/index.php?rest_route=%2Fwp%2Fv2%2Fproduct_tag&post=7932"}],"curies":[{"name":"wp","href":"https:\/\/api.w.org\/{rel}","templated":true}]}}