{"id":7926,"date":"2022-11-30T06:45:18","date_gmt":"2022-11-30T06:45:18","guid":{"rendered":"https:\/\/mabuko.co.mz\/?post_type=product&#038;p=7926"},"modified":"2025-10-24T08:01:31","modified_gmt":"2025-10-24T08:01:31","slug":"a-coisa-a-volta-do-teu-pescoco","status":"publish","type":"product","link":"https:\/\/mabuko.co.mz\/site\/?product=a-coisa-a-volta-do-teu-pescoco","title":{"rendered":"A COISA \u00c0 VOLTA DO TEU PESCO\u00c7O"},"content":{"rendered":"<p>Chimamanda Ngozi Adichie<\/p>\n<p>9789722049672<\/p>\n","protected":false},"excerpt":{"rendered":"<p><strong>SINOPSE<\/strong><\/p>\n<p>Depois de\u00a0<i>Meio Sol Amarelo<\/i>\u00a0(Orange Prize 2007) e\u00a0<i>A Cor do Hibisco<\/i>\u00a0(Commonwealth Writers\u2019 Prize 2005), Chimamanda Ngozi Adichie regressa com doze hist\u00f3rias protagonizadas por hero\u00ednas memor\u00e1veis. Divididas entre dois continentes &#8211; \u00c1frica e Am\u00e9rica -, estas mulheres lutam por um lugar e uma identidade no mundo moderno mas tamb\u00e9m pela preserva\u00e7\u00e3o dos valores da sua cultura de origem. Quer vivam no inferno de um pa\u00eds como a Nig\u00e9ria ou num sub\u00farbio aparentemente calmo dos Estados Unidos, elas n\u00e3o t\u00eam uma vida f\u00e1cil. As amea\u00e7as que enfrentam podem ter origem na guerrilha ou no funcionamento de um forno microondas mas os seus dilemas cont\u00eam toda a hist\u00f3ria de um continente.<\/p>\n","protected":false},"featured_media":7928,"template":"","meta":{"_monsterinsights_skip_tracking":false,"_monsterinsights_sitenote_active":false,"_monsterinsights_sitenote_note":"","_monsterinsights_sitenote_category":0},"product_cat":[105],"product_tag":[],"class_list":{"0":"post-7926","1":"product","2":"type-product","3":"status-publish","4":"has-post-thumbnail","6":"product_cat-romance","7":"pa_book-author-chimamanda-ngozi-adichie","9":"first","10":"instock","11":"shipping-taxable","12":"purchasable","13":"product-type-simple"},"_links":{"self":[{"href":"https:\/\/mabuko.co.mz\/site\/index.php?rest_route=\/wp\/v2\/product\/7926","targetHints":{"allow":["GET"]}}],"collection":[{"href":"https:\/\/mabuko.co.mz\/site\/index.php?rest_route=\/wp\/v2\/product"}],"about":[{"href":"https:\/\/mabuko.co.mz\/site\/index.php?rest_route=\/wp\/v2\/types\/product"}],"wp:featuredmedia":[{"embeddable":true,"href":"https:\/\/mabuko.co.mz\/site\/index.php?rest_route=\/wp\/v2\/media\/7928"}],"wp:attachment":[{"href":"https:\/\/mabuko.co.mz\/site\/index.php?rest_route=%2Fwp%2Fv2%2Fmedia&parent=7926"}],"wp:term":[{"taxonomy":"product_cat","embeddable":true,"href":"https:\/\/mabuko.co.mz\/site\/index.php?rest_route=%2Fwp%2Fv2%2Fproduct_cat&post=7926"},{"taxonomy":"product_tag","embeddable":true,"href":"https:\/\/mabuko.co.mz\/site\/index.php?rest_route=%2Fwp%2Fv2%2Fproduct_tag&post=7926"}],"curies":[{"name":"wp","href":"https:\/\/api.w.org\/{rel}","templated":true}]}}