{"id":7920,"date":"2022-11-29T14:17:44","date_gmt":"2022-11-29T14:17:44","guid":{"rendered":"https:\/\/mabuko.co.mz\/?post_type=product&#038;p=7920"},"modified":"2023-01-13T09:22:49","modified_gmt":"2023-01-13T09:22:49","slug":"a-mulher-a-janela","status":"publish","type":"product","link":"https:\/\/mabuko.co.mz\/site\/?product=a-mulher-a-janela","title":{"rendered":"A MULHER \u00c0 JANELA"},"content":{"rendered":"<p>A.J. Finn<\/p>\n<p>9789722361873<\/p>\n","protected":false},"excerpt":{"rendered":"<p><strong>SINOPSE<\/strong><\/p>\n<p>Anna Fox n\u00e3o sai \u00e0 rua h\u00e1 dez meses, um longo per\u00edodo em que ela vagueou pelos quartos da sua velha casa em Nova Iorque como se fosse um fantasma, perdida nas suas mem\u00f3rias e aterrorizada s\u00f3 de pensar em sair \u00e0 rua. A liga\u00e7\u00e3o de Anna ao mundo real \u00e9 uma janela, junto \u00e0 qual passa os dias a observar os vizinhos. Quando os Russells se mudam para a casa em frente, Anna sente-se desde logo atra\u00edda por eles &#8211; uma fam\u00edlia perfeita de tr\u00eas pessoas que a fazem recordar-se da vida que j\u00e1 teve. Mas um dia, um grito quebra o sil\u00eancio e Anna, da sua janela, testemunha algo que ningu\u00e9m deveria ter visto e ter\u00e1 de fazer tudo para encobrir o que presenciou . Mas mesmo que decida falar, ir\u00e1 algu\u00e9m acreditar nela? E poder\u00e1 Anna acreditar em si pr\u00f3pria?<\/p>\n<p>Um thriller eletrizante onde nada nem ningu\u00e9m \u00e9 o que parece.<\/p>\n","protected":false},"featured_media":7921,"template":"","meta":{"_monsterinsights_skip_tracking":false,"_monsterinsights_sitenote_active":false,"_monsterinsights_sitenote_note":"","_monsterinsights_sitenote_category":0},"product_cat":[103],"product_tag":[],"class_list":{"0":"post-7920","1":"product","2":"type-product","3":"status-publish","4":"has-post-thumbnail","6":"product_cat-literatura","7":"pa_book-author-a-j-finn","9":"first","10":"outofstock","11":"shipping-taxable","12":"purchasable","13":"product-type-simple"},"_links":{"self":[{"href":"https:\/\/mabuko.co.mz\/site\/index.php?rest_route=\/wp\/v2\/product\/7920","targetHints":{"allow":["GET"]}}],"collection":[{"href":"https:\/\/mabuko.co.mz\/site\/index.php?rest_route=\/wp\/v2\/product"}],"about":[{"href":"https:\/\/mabuko.co.mz\/site\/index.php?rest_route=\/wp\/v2\/types\/product"}],"wp:featuredmedia":[{"embeddable":true,"href":"https:\/\/mabuko.co.mz\/site\/index.php?rest_route=\/wp\/v2\/media\/7921"}],"wp:attachment":[{"href":"https:\/\/mabuko.co.mz\/site\/index.php?rest_route=%2Fwp%2Fv2%2Fmedia&parent=7920"}],"wp:term":[{"taxonomy":"product_cat","embeddable":true,"href":"https:\/\/mabuko.co.mz\/site\/index.php?rest_route=%2Fwp%2Fv2%2Fproduct_cat&post=7920"},{"taxonomy":"product_tag","embeddable":true,"href":"https:\/\/mabuko.co.mz\/site\/index.php?rest_route=%2Fwp%2Fv2%2Fproduct_tag&post=7920"}],"curies":[{"name":"wp","href":"https:\/\/api.w.org\/{rel}","templated":true}]}}