{"id":7889,"date":"2022-11-29T08:10:01","date_gmt":"2022-11-29T08:10:01","guid":{"rendered":"https:\/\/mabuko.co.mz\/?post_type=product&#038;p=7889"},"modified":"2023-01-12T14:25:56","modified_gmt":"2023-01-12T14:25:56","slug":"cleptopia-como-o-dinheiro-sujo-esta-a-conquistar-o-mundo","status":"publish","type":"product","link":"https:\/\/mabuko.co.mz\/site\/?product=cleptopia-como-o-dinheiro-sujo-esta-a-conquistar-o-mundo","title":{"rendered":"CLEPTOPIA  Como o dinheiro sujo est\u00e1 a conquistar o mundo"},"content":{"rendered":"<p>Tom Burgis<\/p>\n<p>9789895645626<\/p>\n","protected":false},"excerpt":{"rendered":"<p><strong>SINOPSE<\/strong><\/p>\n<p>O premiado jornalista de investiga\u00e7\u00e3o Tom Burgis exp\u00f5e uma terr\u00edvel rede global de corrup\u00e7\u00e3o financeira.<\/p>\n<p><i>Cleptopia<\/i>\u00a0segue o dinheiro sujo que est\u00e1 a inundar a economia global, a encorajar ditadores e a envenenar as democracias. Do Kremlin a Pequim, do M\u00e9dio Oriente \u00e0 Casa Branca, Tom Burgis mostra como os corruptos se est\u00e3o a unir \u2014 e o terr\u00edvel custo que tem essa uni\u00e3o.<\/p>\n<p>Vislumbres desse mundo sombrio t\u00eam surgido nos \u00faltimos anos: um corpo carbonizado \u00e9 encontrado num Audi; trabalhadores s\u00e3o crivados de balas no deserto do Cazaquist\u00e3o; uma elei\u00e7\u00e3o fraudulenta tem lugar no Zimbabu\u00e9; um banqueiro brit\u00e2nico \u00e9 silenciado e humilhado por tentar expor a verdade sobre a City de Londres \u2014 o cofre do mundo para o dinheiro sujo.<\/p>\n<p>Neste thriller da vida real, repleto de revela\u00e7\u00f5es perturbadoras, entrela\u00e7am-se v\u00e1rias hist\u00f3rias que revelam uma assustadora teia global de corrup\u00e7\u00e3o, proporcionando uma vis\u00e3o chocante de um mundo de evas\u00e3o fiscal, espionagem e, acima de tudo, desejo de poder.<\/p>\n","protected":false},"featured_media":7890,"template":"","meta":{"_monsterinsights_skip_tracking":false,"_monsterinsights_sitenote_active":false,"_monsterinsights_sitenote_note":"","_monsterinsights_sitenote_category":0},"product_cat":[102],"product_tag":[],"class_list":{"0":"post-7889","1":"product","2":"type-product","3":"status-publish","4":"has-post-thumbnail","6":"product_cat-livros-tecnicos","7":"pa_book-author-tom-burgis","9":"first","10":"outofstock","11":"shipping-taxable","12":"purchasable","13":"product-type-simple"},"_links":{"self":[{"href":"https:\/\/mabuko.co.mz\/site\/index.php?rest_route=\/wp\/v2\/product\/7889","targetHints":{"allow":["GET"]}}],"collection":[{"href":"https:\/\/mabuko.co.mz\/site\/index.php?rest_route=\/wp\/v2\/product"}],"about":[{"href":"https:\/\/mabuko.co.mz\/site\/index.php?rest_route=\/wp\/v2\/types\/product"}],"wp:featuredmedia":[{"embeddable":true,"href":"https:\/\/mabuko.co.mz\/site\/index.php?rest_route=\/wp\/v2\/media\/7890"}],"wp:attachment":[{"href":"https:\/\/mabuko.co.mz\/site\/index.php?rest_route=%2Fwp%2Fv2%2Fmedia&parent=7889"}],"wp:term":[{"taxonomy":"product_cat","embeddable":true,"href":"https:\/\/mabuko.co.mz\/site\/index.php?rest_route=%2Fwp%2Fv2%2Fproduct_cat&post=7889"},{"taxonomy":"product_tag","embeddable":true,"href":"https:\/\/mabuko.co.mz\/site\/index.php?rest_route=%2Fwp%2Fv2%2Fproduct_tag&post=7889"}],"curies":[{"name":"wp","href":"https:\/\/api.w.org\/{rel}","templated":true}]}}