{"id":7860,"date":"2022-11-28T13:20:31","date_gmt":"2022-11-28T13:20:31","guid":{"rendered":"https:\/\/mabuko.co.mz\/?post_type=product&#038;p=7860"},"modified":"2023-01-12T14:28:59","modified_gmt":"2023-01-12T14:28:59","slug":"coracoes-em-silencio","status":"publish","type":"product","link":"https:\/\/mabuko.co.mz\/site\/?product=coracoes-em-silencio","title":{"rendered":"CORA\u00c7\u00d5ES EM SIL\u00caNCIO"},"content":{"rendered":"<p>Nicholas Sparks<\/p>\n<p>9789722326759<\/p>\n","protected":false},"excerpt":{"rendered":"<p><strong>SINOPSE<\/strong><\/p>\n<p align=\"justify\">Confrontado com situa\u00e7\u00f5es de extremo perigo, Taylor McAden, bombeiro volunt\u00e1rio, exp\u00f5e-se at\u00e9 ao limiar do perigo. Denise \u00e9 uma jovem m\u00e3e solteira, cujo filho de cinco anos sofre de um inexplic\u00e1vel atraso de desenvolvimento e a quem ela devota a sua vida numa tentativa de o ajudar. Mas o caso vai aproximar estes seres. Numa noite de tremendo temporal, Denise sofre um acidente de autom\u00f3vel e \u00e9 Taylor quem vem socorr\u00ea-la. Embora muito ferida, a jovem depressa toma consci\u00eancia de que o filho j\u00e1 n\u00e3o se encontra na sua cadeirinha do banco traseiro. Taylor ir\u00e1 at\u00e9 ao fim de uma angustiante noite de buscas para o encontrar. Foram tecidas as primeiras malhas que os ir\u00e3o unir, e o pequeno Kyle desabrocha ao calor da ternura daquele homem. Denise abandona-se \u00e0 alegria de um amor nascente. Mas Taylor tem em si cicatrizes antigas, que o n\u00e3o deixam manter compromissos de longa dura\u00e7\u00e3o.<\/p>\n<p align=\"justify\">Nicholas Sparks, esse talentoso contador de hist\u00f3rias, interv\u00e9m com a sua magia redentora e a sua inigual\u00e1vel capacidade de aprofundar a complexidade das rela\u00e7\u00f5es e dos afectos.<\/p>\n","protected":false},"featured_media":7861,"template":"","meta":{"_monsterinsights_skip_tracking":false,"_monsterinsights_sitenote_active":false,"_monsterinsights_sitenote_note":"","_monsterinsights_sitenote_category":0},"product_cat":[105],"product_tag":[],"class_list":{"0":"post-7860","1":"product","2":"type-product","3":"status-publish","4":"has-post-thumbnail","6":"product_cat-romance","7":"pa_book-author-nicholas-sparks","9":"first","10":"outofstock","11":"shipping-taxable","12":"purchasable","13":"product-type-simple"},"_links":{"self":[{"href":"https:\/\/mabuko.co.mz\/site\/index.php?rest_route=\/wp\/v2\/product\/7860","targetHints":{"allow":["GET"]}}],"collection":[{"href":"https:\/\/mabuko.co.mz\/site\/index.php?rest_route=\/wp\/v2\/product"}],"about":[{"href":"https:\/\/mabuko.co.mz\/site\/index.php?rest_route=\/wp\/v2\/types\/product"}],"wp:featuredmedia":[{"embeddable":true,"href":"https:\/\/mabuko.co.mz\/site\/index.php?rest_route=\/wp\/v2\/media\/7861"}],"wp:attachment":[{"href":"https:\/\/mabuko.co.mz\/site\/index.php?rest_route=%2Fwp%2Fv2%2Fmedia&parent=7860"}],"wp:term":[{"taxonomy":"product_cat","embeddable":true,"href":"https:\/\/mabuko.co.mz\/site\/index.php?rest_route=%2Fwp%2Fv2%2Fproduct_cat&post=7860"},{"taxonomy":"product_tag","embeddable":true,"href":"https:\/\/mabuko.co.mz\/site\/index.php?rest_route=%2Fwp%2Fv2%2Fproduct_tag&post=7860"}],"curies":[{"name":"wp","href":"https:\/\/api.w.org\/{rel}","templated":true}]}}