{"id":7789,"date":"2022-11-18T09:48:53","date_gmt":"2022-11-18T09:48:53","guid":{"rendered":"https:\/\/mabuko.co.mz\/?post_type=product&#038;p=7789"},"modified":"2023-01-12T12:18:07","modified_gmt":"2023-01-12T12:18:07","slug":"as-gemeas-de-auschwitz-uma-historia-real-inesquecivel","status":"publish","type":"product","link":"https:\/\/mabuko.co.mz\/site\/?product=as-gemeas-de-auschwitz-uma-historia-real-inesquecivel","title":{"rendered":"AS G\u00c9MEAS DE AUSCHWITZ  Uma hist\u00f3ria real inesquec\u00edvel"},"content":{"rendered":"<p>Eva Mozes Kor<\/p>\n<p>Lisa Rojany Buccieri<\/p>\n","protected":false},"excerpt":{"rendered":"<p><strong>SINOPSE<\/strong><\/p>\n<p>\u00abSe eu tivesse morrido, Mengele teria dado uma inje\u00e7\u00e3o letal \u00e0 minha irm\u00e3 para fazer uma aut\u00f3psia dupla. S\u00f3 me lembro de repetir para mim mesma: tenho de sobreviver, tenho de sobreviver.\u00bb<br \/>\n<i>Eva Mozes Kor<\/i><\/p>\n<p>As portas do vag\u00e3o abriram-se pela primeira vez em muitos dias e a luz do dia brilhou sobre n\u00f3s.<br \/>\nAgarrei bem a m\u00e3o da minha irm\u00e3 g\u00e9mea quando nos empurraram para a plataforma.<\/p>\n<p>&#8211; Auschwitz? \u00c9 Auschwitz? Que s\u00edtio \u00e9 este?<br \/>\n&#8211; Estamos na Alemanha &#8211; foi a resposta.<\/p>\n<p>Na verdade, est\u00e1vamos na Pol\u00f3nia, mas os Alem\u00e3es tinham invadido a Pol\u00f3nia. Era na Pol\u00f3nia alem\u00e3 que se situavam todos os campos de exterm\u00ednio.<br \/>\nOs c\u00e3es rosnavam e ladravam. As pessoas do vag\u00e3o come\u00e7aram a chorar, a berrar, a gritar todas ao mesmo tempo; todos procuravam os seus familiares \u00e0 medida que eram afastados uns dos outros. Separavam homens de mulheres, filhos de pais.<\/p>\n<p>Um guarda que ia a passar a correr parou bruscamente \u00e0 nossa frente. Olhou para Miriam e para mim nas nossas roupas a condizer: \u00abG\u00e9meas! G\u00e9meas!\u00bb, exclamou. Sem dizer uma palavra, agarrou em n\u00f3s e separou-nos da nossa m\u00e3e. Miriam e eu grit\u00e1mos e chor\u00e1mos, suplic\u00e1mos, as nossas vozes perdidas entre o caos, o barulho e o desespero, tentando chegar \u00e0 nossa m\u00e3e, que, por sua vez, tentava seguir-nos, de bra\u00e7os estendidos, com outro guarda a ret\u00ea-la.<\/p>\n<p>Miriam e eu t\u00ednhamos sido escolhidas. De repente, est\u00e1vamos sozinhas. T\u00ednhamos apenas dez anos. E nunca mais volt\u00e1mos a ver nem o nosso pai nem a nossa m\u00e3e.<\/p>\n","protected":false},"featured_media":7790,"template":"","meta":{"_monsterinsights_skip_tracking":false,"_monsterinsights_sitenote_active":false,"_monsterinsights_sitenote_note":"","_monsterinsights_sitenote_category":0},"product_cat":[103],"product_tag":[],"class_list":{"0":"post-7789","1":"product","2":"type-product","3":"status-publish","4":"has-post-thumbnail","6":"product_cat-literatura","7":"pa_book-author-eva-mozes-kor","8":"pa_book-author-lisa-rojany-buccieri","10":"first","11":"outofstock","12":"shipping-taxable","13":"purchasable","14":"product-type-simple"},"_links":{"self":[{"href":"https:\/\/mabuko.co.mz\/site\/index.php?rest_route=\/wp\/v2\/product\/7789","targetHints":{"allow":["GET"]}}],"collection":[{"href":"https:\/\/mabuko.co.mz\/site\/index.php?rest_route=\/wp\/v2\/product"}],"about":[{"href":"https:\/\/mabuko.co.mz\/site\/index.php?rest_route=\/wp\/v2\/types\/product"}],"wp:featuredmedia":[{"embeddable":true,"href":"https:\/\/mabuko.co.mz\/site\/index.php?rest_route=\/wp\/v2\/media\/7790"}],"wp:attachment":[{"href":"https:\/\/mabuko.co.mz\/site\/index.php?rest_route=%2Fwp%2Fv2%2Fmedia&parent=7789"}],"wp:term":[{"taxonomy":"product_cat","embeddable":true,"href":"https:\/\/mabuko.co.mz\/site\/index.php?rest_route=%2Fwp%2Fv2%2Fproduct_cat&post=7789"},{"taxonomy":"product_tag","embeddable":true,"href":"https:\/\/mabuko.co.mz\/site\/index.php?rest_route=%2Fwp%2Fv2%2Fproduct_tag&post=7789"}],"curies":[{"name":"wp","href":"https:\/\/api.w.org\/{rel}","templated":true}]}}