{"id":7779,"date":"2022-11-18T08:52:59","date_gmt":"2022-11-18T08:52:59","guid":{"rendered":"https:\/\/mabuko.co.mz\/?post_type=product&#038;p=7779"},"modified":"2023-01-12T12:23:43","modified_gmt":"2023-01-12T12:23:43","slug":"quando-eramos-mentirosos","status":"publish","type":"product","link":"https:\/\/mabuko.co.mz\/site\/?product=quando-eramos-mentirosos","title":{"rendered":"QUANDO \u00c9RAMOS MENTIROSOS"},"content":{"rendered":"<p>E. Lockhart<\/p>\n<p>9789892327365<\/p>\n","protected":false},"excerpt":{"rendered":"<p><strong>SINOPSE<\/strong><\/p>\n<p>A fam\u00edlia Sinclair parece perfeita. Ningu\u00e9m falha, levanta a voz ou cai no rid\u00edculo. Os Sinclair s\u00e3o atl\u00e9ticos, atraentes e felizes. A sua fortuna \u00e9 antiga. Os seus ver\u00f5es s\u00e3o passados numa ilha privada, onde se re\u00fanem todos os anos sem exce\u00e7\u00e3o. \u00c9 sob o encantamento da ilha que Cadence, a mais jovem herdeira da fortuna familiar, comete um erro: apaixona-se desesperadamente.<br \/>\nCadence \u00e9 brilhante, mas secretamente fr\u00e1gil e atormentada. Gat \u00e9 determinado, mas abertamente impetuoso e inconveniente. A rela\u00e7\u00e3o de ambos p\u00f5e em causa as r\u00edgidas normas do cl\u00e3. E isso simplesmente n\u00e3o pode acontecer. Os Sinclair parecem ter tudo. E t\u00eam, de facto. T\u00eam segredos. Escondem trag\u00e9dias. Vivem mentiras. E a maior de todas as mentiras \u00e9 t\u00e3o intoler\u00e1vel que n\u00e3o pode ser revelada. Nem mesmo a si.<\/p>\n","protected":false},"featured_media":7781,"template":"","meta":{"_monsterinsights_skip_tracking":false,"_monsterinsights_sitenote_active":false,"_monsterinsights_sitenote_note":"","_monsterinsights_sitenote_category":0},"product_cat":[105],"product_tag":[],"class_list":{"0":"post-7779","1":"product","2":"type-product","3":"status-publish","4":"has-post-thumbnail","6":"product_cat-romance","7":"pa_book-author-e-lockhart","9":"first","10":"outofstock","11":"shipping-taxable","12":"purchasable","13":"product-type-simple"},"_links":{"self":[{"href":"https:\/\/mabuko.co.mz\/site\/index.php?rest_route=\/wp\/v2\/product\/7779","targetHints":{"allow":["GET"]}}],"collection":[{"href":"https:\/\/mabuko.co.mz\/site\/index.php?rest_route=\/wp\/v2\/product"}],"about":[{"href":"https:\/\/mabuko.co.mz\/site\/index.php?rest_route=\/wp\/v2\/types\/product"}],"wp:featuredmedia":[{"embeddable":true,"href":"https:\/\/mabuko.co.mz\/site\/index.php?rest_route=\/wp\/v2\/media\/7781"}],"wp:attachment":[{"href":"https:\/\/mabuko.co.mz\/site\/index.php?rest_route=%2Fwp%2Fv2%2Fmedia&parent=7779"}],"wp:term":[{"taxonomy":"product_cat","embeddable":true,"href":"https:\/\/mabuko.co.mz\/site\/index.php?rest_route=%2Fwp%2Fv2%2Fproduct_cat&post=7779"},{"taxonomy":"product_tag","embeddable":true,"href":"https:\/\/mabuko.co.mz\/site\/index.php?rest_route=%2Fwp%2Fv2%2Fproduct_tag&post=7779"}],"curies":[{"name":"wp","href":"https:\/\/api.w.org\/{rel}","templated":true}]}}