{"id":7760,"date":"2022-11-17T12:47:16","date_gmt":"2022-11-17T12:47:16","guid":{"rendered":"https:\/\/mabuko.co.mz\/?post_type=product&#038;p=7760"},"modified":"2023-01-12T12:29:22","modified_gmt":"2023-01-12T12:29:22","slug":"coracao-em-chamas","status":"publish","type":"product","link":"https:\/\/mabuko.co.mz\/site\/?product=coracao-em-chamas","title":{"rendered":"CORA\u00c7\u00c3O EM CHAMAS"},"content":{"rendered":"<p>Nora Roberts<\/p>\n<p>9789897103360<\/p>\n","protected":false},"excerpt":{"rendered":"<p><strong>SINOPSE<\/strong><\/p>\n<p align=\"justify\">O fogo n\u00e3o \u00e9 a \u00fanica coisa que ela deve temer\u2026<\/p>\n<p align=\"justify\">O perigo e a adrenalina fazem parte da vida de Rowan Tripp. Ser bombeira paraquedista est\u00e1-lhe no sangue, e para ela h\u00e1 poucas coisas t\u00e3o estimulantes como saltar de paraquedas sobre uma floresta em chamas. Voltar \u00e0s florestas do Montana \u00e9 como voltar a casa\u2026 mesmo que esse regresso seja ensombrado pelas recorda\u00e7\u00f5es do companheiro que perdeu no ano anterior.<\/p>\n<p align=\"justify\">Com a \u00e9poca de inc\u00eandios quase no in\u00edcio, os recrutas preparam-se intensamente. Entre eles destaca-se Gulliver Curry, um experiente bombeiro com muita conversa fiada que quer chegar ao cora\u00e7\u00e3o de Rowan. Ela n\u00e3o tem o h\u00e1bito de se envolver com outros bombeiros &#8211; qualquer distra\u00e7\u00e3o no ar ou em terra pode ser fatal -, mas Gull est\u00e1 convencido de que a far\u00e1 mudar de ideias\u2026<\/p>\n<p align=\"justify\">Quando os fogos come\u00e7am e um assassino deixa um rasto de morte, Rowan e Gull percebem que ter\u00e3o de unir esfor\u00e7os para enfrentar um perigo muito mais real do que as chamas\u2026<\/p>\n","protected":false},"featured_media":7762,"template":"","meta":{"_monsterinsights_skip_tracking":false,"_monsterinsights_sitenote_active":false,"_monsterinsights_sitenote_note":"","_monsterinsights_sitenote_category":0},"product_cat":[105],"product_tag":[],"class_list":{"0":"post-7760","1":"product","2":"type-product","3":"status-publish","4":"has-post-thumbnail","6":"product_cat-romance","7":"pa_book-author-nora-roberts","9":"first","10":"outofstock","11":"shipping-taxable","12":"purchasable","13":"product-type-simple"},"_links":{"self":[{"href":"https:\/\/mabuko.co.mz\/site\/index.php?rest_route=\/wp\/v2\/product\/7760","targetHints":{"allow":["GET"]}}],"collection":[{"href":"https:\/\/mabuko.co.mz\/site\/index.php?rest_route=\/wp\/v2\/product"}],"about":[{"href":"https:\/\/mabuko.co.mz\/site\/index.php?rest_route=\/wp\/v2\/types\/product"}],"wp:featuredmedia":[{"embeddable":true,"href":"https:\/\/mabuko.co.mz\/site\/index.php?rest_route=\/wp\/v2\/media\/7762"}],"wp:attachment":[{"href":"https:\/\/mabuko.co.mz\/site\/index.php?rest_route=%2Fwp%2Fv2%2Fmedia&parent=7760"}],"wp:term":[{"taxonomy":"product_cat","embeddable":true,"href":"https:\/\/mabuko.co.mz\/site\/index.php?rest_route=%2Fwp%2Fv2%2Fproduct_cat&post=7760"},{"taxonomy":"product_tag","embeddable":true,"href":"https:\/\/mabuko.co.mz\/site\/index.php?rest_route=%2Fwp%2Fv2%2Fproduct_tag&post=7760"}],"curies":[{"name":"wp","href":"https:\/\/api.w.org\/{rel}","templated":true}]}}