{"id":7696,"date":"2022-11-16T13:36:12","date_gmt":"2022-11-16T13:36:12","guid":{"rendered":"https:\/\/mabuko.co.mz\/?post_type=product&#038;p=7696"},"modified":"2024-08-20T13:22:14","modified_gmt":"2024-08-20T13:22:14","slug":"o-maior-segredo-the-greatest-secret","status":"publish","type":"product","link":"https:\/\/mabuko.co.mz\/site\/?product=o-maior-segredo-the-greatest-secret","title":{"rendered":"O MAIOR SEGREDO The greatest secret"},"content":{"rendered":"<p>Rhonda Byrne<\/p>\n<p>9788491394990<\/p>\n","protected":false},"excerpt":{"rendered":"<p><strong>SINOPSE<\/strong><\/p>\n<p>O Segredo ensinou-nos a criar o que quis\u00e9ssemos ser, fazer ou ter.<br \/>\n<i>O Maior Segredo<\/i>\u00a0livra-nos de uma vida pautada pelo medo e pelo sofrimento e mostra-nos o caminho para vivermos uma vida repleta de felicidade e alegria. \u00c9 um salto qu\u00e2ntico que levar\u00e1 o leitor para al\u00e9m do mundo material, mergulhando-o na esfera do espiritual, onde todas as possibilidades est\u00e3o abertas.<\/p>\n<p>Os ensinamentos contidos nestas p\u00e1ginas incluem exerc\u00edcios acess\u00edveis que podem ser imediatamente postos em pr\u00e1tica e revela\u00e7\u00f5es profundas que fazem com que o medo e a incerteza, a ansiedade e a dor se desvane\u00e7am.<\/p>\n<p>A conceituada e bem-sucedida autora, Rhona Byrne, criou um fen\u00f3meno global com a publica\u00e7\u00e3o d&#8217;\u00a0<i>O Segredo<\/i>\u00a0em 2006. Ap\u00f3s catorze anos, descobriu, por fim, a verdade universal que expressa nestas p\u00e1ginas.<\/p>\n","protected":false},"featured_media":7697,"template":"","meta":{"_monsterinsights_skip_tracking":false,"_monsterinsights_sitenote_active":false,"_monsterinsights_sitenote_note":"","_monsterinsights_sitenote_category":0},"product_cat":[108],"product_tag":[],"class_list":{"0":"post-7696","1":"product","2":"type-product","3":"status-publish","4":"has-post-thumbnail","6":"product_cat-auto-ajuda","7":"pa_book-author-rhonda-byrne","9":"first","10":"instock","11":"shipping-taxable","12":"purchasable","13":"product-type-simple"},"_links":{"self":[{"href":"https:\/\/mabuko.co.mz\/site\/index.php?rest_route=\/wp\/v2\/product\/7696","targetHints":{"allow":["GET"]}}],"collection":[{"href":"https:\/\/mabuko.co.mz\/site\/index.php?rest_route=\/wp\/v2\/product"}],"about":[{"href":"https:\/\/mabuko.co.mz\/site\/index.php?rest_route=\/wp\/v2\/types\/product"}],"wp:featuredmedia":[{"embeddable":true,"href":"https:\/\/mabuko.co.mz\/site\/index.php?rest_route=\/wp\/v2\/media\/7697"}],"wp:attachment":[{"href":"https:\/\/mabuko.co.mz\/site\/index.php?rest_route=%2Fwp%2Fv2%2Fmedia&parent=7696"}],"wp:term":[{"taxonomy":"product_cat","embeddable":true,"href":"https:\/\/mabuko.co.mz\/site\/index.php?rest_route=%2Fwp%2Fv2%2Fproduct_cat&post=7696"},{"taxonomy":"product_tag","embeddable":true,"href":"https:\/\/mabuko.co.mz\/site\/index.php?rest_route=%2Fwp%2Fv2%2Fproduct_tag&post=7696"}],"curies":[{"name":"wp","href":"https:\/\/api.w.org\/{rel}","templated":true}]}}