{"id":7668,"date":"2022-11-16T08:53:07","date_gmt":"2022-11-16T08:53:07","guid":{"rendered":"https:\/\/mabuko.co.mz\/?post_type=product&#038;p=7668"},"modified":"2023-01-12T09:41:36","modified_gmt":"2023-01-12T09:41:36","slug":"o-codigo-das-mentes-extraordinarias","status":"publish","type":"product","link":"https:\/\/mabuko.co.mz\/site\/?product=o-codigo-das-mentes-extraordinarias","title":{"rendered":"O C\u00d3DIGO DAS MENTES EXTRAORDIN\u00c1RIAS"},"content":{"rendered":"<p>Vishen Lakhiani<\/p>\n<p>9789897390494<\/p>\n","protected":false},"excerpt":{"rendered":"<p><strong>SINOPSE<\/strong><\/p>\n<p>Liberte-se das amarras que o impedem de atingir todo o seu potencial, de ter a vida que sempre quis. Aprenda a pensar como as mentes mais extraordin\u00e1rias do nosso tempo \u2013 a ser genuinamente irreverente. Questione o mundo que o rodeia e crie novas leis para poder viver segundo os seus pr\u00f3prios ideais de amor, educa\u00e7\u00e3o, espiritualidade, trabalho e felicidade, sem se preocupar com o que os outros esperam de si. O c\u00f3digo das mentes extraordin\u00e1rias vai ajud\u00e1-lo a criar uma nova e melhor vers\u00e3o de si pr\u00f3prio, a romper com as regras institu\u00eddas que o aprisionam e a encontrar os princ\u00edpios de vida que verdadeiramente o preencham e fa\u00e7am feliz. Seja ousado e defina as suas pr\u00f3prias regras. Viver\u00e1 uma verdadeira transforma\u00e7\u00e3o.<\/p>\n","protected":false},"featured_media":7669,"template":"","meta":{"_monsterinsights_skip_tracking":false,"_monsterinsights_sitenote_active":false,"_monsterinsights_sitenote_note":"","_monsterinsights_sitenote_category":0},"product_cat":[108],"product_tag":[],"class_list":{"0":"post-7668","1":"product","2":"type-product","3":"status-publish","4":"has-post-thumbnail","6":"product_cat-auto-ajuda","7":"pa_book-author-vishen-lakhiani","9":"first","10":"outofstock","11":"shipping-taxable","12":"purchasable","13":"product-type-simple"},"_links":{"self":[{"href":"https:\/\/mabuko.co.mz\/site\/index.php?rest_route=\/wp\/v2\/product\/7668","targetHints":{"allow":["GET"]}}],"collection":[{"href":"https:\/\/mabuko.co.mz\/site\/index.php?rest_route=\/wp\/v2\/product"}],"about":[{"href":"https:\/\/mabuko.co.mz\/site\/index.php?rest_route=\/wp\/v2\/types\/product"}],"wp:featuredmedia":[{"embeddable":true,"href":"https:\/\/mabuko.co.mz\/site\/index.php?rest_route=\/wp\/v2\/media\/7669"}],"wp:attachment":[{"href":"https:\/\/mabuko.co.mz\/site\/index.php?rest_route=%2Fwp%2Fv2%2Fmedia&parent=7668"}],"wp:term":[{"taxonomy":"product_cat","embeddable":true,"href":"https:\/\/mabuko.co.mz\/site\/index.php?rest_route=%2Fwp%2Fv2%2Fproduct_cat&post=7668"},{"taxonomy":"product_tag","embeddable":true,"href":"https:\/\/mabuko.co.mz\/site\/index.php?rest_route=%2Fwp%2Fv2%2Fproduct_tag&post=7668"}],"curies":[{"name":"wp","href":"https:\/\/api.w.org\/{rel}","templated":true}]}}