{"id":7650,"date":"2022-11-15T14:15:16","date_gmt":"2022-11-15T14:15:16","guid":{"rendered":"https:\/\/mabuko.co.mz\/?post_type=product&#038;p=7650"},"modified":"2024-08-20T13:25:12","modified_gmt":"2024-08-20T13:25:12","slug":"o-jogo-infinito","status":"publish","type":"product","link":"https:\/\/mabuko.co.mz\/site\/?product=o-jogo-infinito","title":{"rendered":"O JOGO INFINITO"},"content":{"rendered":"<p>Simon Sinek<\/p>\n<p>9789892347240<\/p>\n","protected":false},"excerpt":{"rendered":"<p><strong>SINOPSE<\/strong><\/p>\n<p>H\u00e1 um jogo quando existem pelo menos dois jogadores.<\/p>\n<p>E h\u00e1 dois tipos de jogos: finitos e infinitos. Os finitos t\u00eam regras fixas, s\u00e3o disputados por jogadores conhecidos e terminam quando se atinge o objectivo (no xadrez, por exemplo, \u00e9 o xeque-mate). J\u00e1 nos jogos infinitos &#8211; como nos neg\u00f3cios, na pol\u00edtica ou na vida &#8211; as regras est\u00e3o sempre a mudar, podem entrar jogadores que nem sequer conhecemos, e a partida nunca acaba. E, mais importante do que as vit\u00f3rias e derrotas, \u00e9 continuar a jogar.<\/p>\n<p>Muitos gestores n\u00e3o percebem essa diferen\u00e7a. E lideram organiza\u00e7\u00f5es com a mentalidade pequenina de quem est\u00e1 a disputar um jogo finito. Pensam a curto prazo. Acham que o jogo termina j\u00e1 a seguir, querem lucros e depressa, preocupam-se apenas com os resultados trimestrais.<\/p>\n<p>Ora, quem pensa assim acaba sempre por ficar para tr\u00e1s: na inova\u00e7\u00e3o, na moral ou at\u00e9 na performance. Porque do outro lado h\u00e1 quem tenha uma mentalidade focada no infinito. Como sabem que o jogo nunca acaba, guiam-se por valores mais altos. Abra\u00e7am uma causa que serve de inspira\u00e7\u00e3o &#8211; e que \u00e9 vital para superar todos os desafios.<\/p>\n<p>\u00c9 sobre esse segundo tipo de mentalidade que fala Simon Sinek em\u00a0<i>O Jogo Infinito<\/i>. Fala de empresas como a Victorinox que perderam batalhas mas est\u00e3o a ganhar a guerra. E mostra como esse\u00a0<i>mindset infinito<\/i>\u00a0\u00e9 indispens\u00e1vel a qualquer l\u00edder que queira deixar a sua organiza\u00e7\u00e3o melhor do que estava quando nela come\u00e7ou a trabalhar.<\/p>\n","protected":false},"featured_media":7651,"template":"","meta":{"_monsterinsights_skip_tracking":false,"_monsterinsights_sitenote_active":false,"_monsterinsights_sitenote_note":"","_monsterinsights_sitenote_category":0},"product_cat":[102],"product_tag":[],"class_list":{"0":"post-7650","1":"product","2":"type-product","3":"status-publish","4":"has-post-thumbnail","6":"product_cat-livros-tecnicos","7":"pa_book-author-simon-sinek","9":"first","10":"instock","11":"shipping-taxable","12":"purchasable","13":"product-type-simple"},"_links":{"self":[{"href":"https:\/\/mabuko.co.mz\/site\/index.php?rest_route=\/wp\/v2\/product\/7650","targetHints":{"allow":["GET"]}}],"collection":[{"href":"https:\/\/mabuko.co.mz\/site\/index.php?rest_route=\/wp\/v2\/product"}],"about":[{"href":"https:\/\/mabuko.co.mz\/site\/index.php?rest_route=\/wp\/v2\/types\/product"}],"wp:featuredmedia":[{"embeddable":true,"href":"https:\/\/mabuko.co.mz\/site\/index.php?rest_route=\/wp\/v2\/media\/7651"}],"wp:attachment":[{"href":"https:\/\/mabuko.co.mz\/site\/index.php?rest_route=%2Fwp%2Fv2%2Fmedia&parent=7650"}],"wp:term":[{"taxonomy":"product_cat","embeddable":true,"href":"https:\/\/mabuko.co.mz\/site\/index.php?rest_route=%2Fwp%2Fv2%2Fproduct_cat&post=7650"},{"taxonomy":"product_tag","embeddable":true,"href":"https:\/\/mabuko.co.mz\/site\/index.php?rest_route=%2Fwp%2Fv2%2Fproduct_tag&post=7650"}],"curies":[{"name":"wp","href":"https:\/\/api.w.org\/{rel}","templated":true}]}}