{"id":7632,"date":"2022-11-15T13:04:18","date_gmt":"2022-11-15T13:04:18","guid":{"rendered":"https:\/\/mabuko.co.mz\/?post_type=product&#038;p=7632"},"modified":"2023-01-12T11:26:47","modified_gmt":"2023-01-12T11:26:47","slug":"o-medico-da-emocao","status":"publish","type":"product","link":"https:\/\/mabuko.co.mz\/site\/?product=o-medico-da-emocao","title":{"rendered":"O M\u00c9DICO DA EMO\u00c7\u00c3O"},"content":{"rendered":"<p>Augusto Curry<\/p>\n<p>9789896876586<\/p>\n","protected":false},"excerpt":{"rendered":"<p><strong>SINOPSE<\/strong><\/p>\n<p>O Fascinante Desfecho da Saga de Marco Polo.<\/p>\n<p>\u00abA exist\u00eancia \u00e9 uma colcha de retalhos tecida pelos fios dos desafios. E os desafios s\u00e3o t\u00e3o imprevis\u00edveis no planeta mente que o c\u00e9u e o inferno emocionais est\u00e3o muito pr\u00f3ximos. Num momento bebemos dos mananciais da tranquilidade, noutro mergulhamos nas torrentes da ansiedade; num per\u00edodo colhemos sorrisos, noutro ceifamos decep\u00e7\u00f5es.<br \/>\nA vida n\u00e3o \u00e9 l\u00f3gica, mas agradavelmente imprevis\u00edvel.<br \/>\nSe na hist\u00f3ria de qualquer ser humano h\u00e1 imprevisibilidades, na hist\u00f3ria do psiquiatra Marco Polo h\u00e1 muito mais. A sua exist\u00eancia sempre foi um caldeir\u00e3o de aventuras temperadas com experi\u00eancias inesperadas.<br \/>\nTerremotos emocionais, tempestades sociais, rejei\u00e7\u00f5es atrozes, dores inexprim\u00edveis, l\u00e1grimas ocultas, j\u00fabilos contemplativos, golpes de ousadia, sonhos poderosos e desejos irrefre\u00e1veis de autossupera\u00e7\u00e3o teceram a forma\u00e7\u00e3o da sua personalidade.<br \/>\nIsso tudo o levou a entender que a vida \u00e9 inenarravelmente bela para se viver e dramaticamente breve para ser vivida no teatro do tempo. Entre a meninice e a velhice, s\u00e3o alguns instantes.\u00bb<\/p>\n","protected":false},"featured_media":7633,"template":"","meta":{"_monsterinsights_skip_tracking":false,"_monsterinsights_sitenote_active":false,"_monsterinsights_sitenote_note":"","_monsterinsights_sitenote_category":0},"product_cat":[108],"product_tag":[],"class_list":{"0":"post-7632","1":"product","2":"type-product","3":"status-publish","4":"has-post-thumbnail","6":"product_cat-auto-ajuda","7":"pa_book-author-augusto-cury","9":"first","10":"outofstock","11":"shipping-taxable","12":"purchasable","13":"product-type-simple"},"_links":{"self":[{"href":"https:\/\/mabuko.co.mz\/site\/index.php?rest_route=\/wp\/v2\/product\/7632","targetHints":{"allow":["GET"]}}],"collection":[{"href":"https:\/\/mabuko.co.mz\/site\/index.php?rest_route=\/wp\/v2\/product"}],"about":[{"href":"https:\/\/mabuko.co.mz\/site\/index.php?rest_route=\/wp\/v2\/types\/product"}],"wp:featuredmedia":[{"embeddable":true,"href":"https:\/\/mabuko.co.mz\/site\/index.php?rest_route=\/wp\/v2\/media\/7633"}],"wp:attachment":[{"href":"https:\/\/mabuko.co.mz\/site\/index.php?rest_route=%2Fwp%2Fv2%2Fmedia&parent=7632"}],"wp:term":[{"taxonomy":"product_cat","embeddable":true,"href":"https:\/\/mabuko.co.mz\/site\/index.php?rest_route=%2Fwp%2Fv2%2Fproduct_cat&post=7632"},{"taxonomy":"product_tag","embeddable":true,"href":"https:\/\/mabuko.co.mz\/site\/index.php?rest_route=%2Fwp%2Fv2%2Fproduct_tag&post=7632"}],"curies":[{"name":"wp","href":"https:\/\/api.w.org\/{rel}","templated":true}]}}