{"id":7630,"date":"2022-11-15T12:47:53","date_gmt":"2022-11-15T12:47:53","guid":{"rendered":"https:\/\/mabuko.co.mz\/?post_type=product&#038;p=7630"},"modified":"2023-01-12T11:27:13","modified_gmt":"2023-01-12T11:27:13","slug":"o-poder-do-agora-guia-para-o-crescimento-espiritual","status":"publish","type":"product","link":"https:\/\/mabuko.co.mz\/site\/?product=o-poder-do-agora-guia-para-o-crescimento-espiritual","title":{"rendered":"O PODER DO AGORA Guia para o crescimento espiritual"},"content":{"rendered":"<p>Eckhart Tolle<\/p>\n<p>9789727119431<\/p>\n","protected":false},"excerpt":{"rendered":"<p><strong>SINOPSE<\/strong><\/p>\n<p>Um texto que nos traz uma li\u00e7\u00e3o simples e singela: como usar o potencial do presente, como viver no agora. A nossa mente tende sempre a seguir um caudal de pensamentos, dirigindo-se para o passado ou para o futuro, esquecendo-se constantemente do presente. Mas \u00e9 no presente, e na consci\u00eancia do presente, que podemos encontrar a paz e a liberta\u00e7\u00e3o. De forma pr\u00e1tica e acess\u00edvel, esta obra, uma apresenta\u00e7\u00e3o do misticismo cl\u00e1ssico para os tempos modernos, d\u00e1-nos a ver como aceder ao poder ilimitado do agora.<\/p>\n","protected":false},"featured_media":7631,"template":"","meta":{"_monsterinsights_skip_tracking":false,"_monsterinsights_sitenote_active":false,"_monsterinsights_sitenote_note":"","_monsterinsights_sitenote_category":0},"product_cat":[108],"product_tag":[],"class_list":{"0":"post-7630","1":"product","2":"type-product","3":"status-publish","4":"has-post-thumbnail","6":"product_cat-auto-ajuda","7":"pa_book-author-eckhart-tolle","9":"first","10":"outofstock","11":"shipping-taxable","12":"purchasable","13":"product-type-simple"},"_links":{"self":[{"href":"https:\/\/mabuko.co.mz\/site\/index.php?rest_route=\/wp\/v2\/product\/7630","targetHints":{"allow":["GET"]}}],"collection":[{"href":"https:\/\/mabuko.co.mz\/site\/index.php?rest_route=\/wp\/v2\/product"}],"about":[{"href":"https:\/\/mabuko.co.mz\/site\/index.php?rest_route=\/wp\/v2\/types\/product"}],"wp:featuredmedia":[{"embeddable":true,"href":"https:\/\/mabuko.co.mz\/site\/index.php?rest_route=\/wp\/v2\/media\/7631"}],"wp:attachment":[{"href":"https:\/\/mabuko.co.mz\/site\/index.php?rest_route=%2Fwp%2Fv2%2Fmedia&parent=7630"}],"wp:term":[{"taxonomy":"product_cat","embeddable":true,"href":"https:\/\/mabuko.co.mz\/site\/index.php?rest_route=%2Fwp%2Fv2%2Fproduct_cat&post=7630"},{"taxonomy":"product_tag","embeddable":true,"href":"https:\/\/mabuko.co.mz\/site\/index.php?rest_route=%2Fwp%2Fv2%2Fproduct_tag&post=7630"}],"curies":[{"name":"wp","href":"https:\/\/api.w.org\/{rel}","templated":true}]}}