{"id":7628,"date":"2022-11-15T12:40:27","date_gmt":"2022-11-15T12:40:27","guid":{"rendered":"https:\/\/mabuko.co.mz\/?post_type=product&#038;p=7628"},"modified":"2024-08-20T13:29:55","modified_gmt":"2024-08-20T13:29:55","slug":"o-passado-cura-a-terapia-atraves-de-vidas-passadas","status":"publish","type":"product","link":"https:\/\/mabuko.co.mz\/site\/?product=o-passado-cura-a-terapia-atraves-de-vidas-passadas","title":{"rendered":"O PASSADO CURA A terapia atrav\u00e9s de vidas passadas"},"content":{"rendered":"<p>DR. Brian Weiss<\/p>\n<p>9789896877439<\/p>\n","protected":false},"excerpt":{"rendered":"<p><strong>SINOPSE<\/strong><\/p>\n<div class=\"f-productLayerGrid__col\">\n<div class=\"f-productLayer\">\n<div id=\"13419234-69f7-4fd7-9e19-4332ba0a84f1\" class=\"f-productLayer__body\">\n<div class=\"f-productLayer__container\" data-automation-id=\"EditorOpinionOrSummary-block\">\n<div class=\"js-Expander expander expander--hasIcon collapsed\" data-automation-button=\"expand-EditorOpinionOrSummary-button\" data-automation-content=\"expand-EditorOpinionOrSummary\">\n<div class=\"expander__content\" data-automation-id=\"expand-EditorOpinionOrSummary\" aria-expanded=\"true\">\n<div class=\"f-productDesc\">\n<div class=\"f-productDesc__raw\">\n<p align=\"justify\">A Terapia atrav\u00e9s de Vidas Passadas<\/p>\n<p align=\"justify\">O Passado Cura \u00e9 um livro revolucion\u00e1rio que apresenta o inaudito potencial terap\u00eautico da regress\u00e3o a vidas passadas. Com Muitas Vidas, Muitos Mestres (Pergaminho, 1998), o Dr. Brian Weiss conquistou prest\u00edgio a n\u00edvel internacional e deu in\u00edcio \u00e0 investiga\u00e7\u00e3o, com bases cient\u00edficas, da regress\u00e3o a vidas passadas. Tendo adquirido uma vasta experi\u00eancia cl\u00ednica nesta \u00e1rea, desenvolveu um m\u00e9todo que combina os preceitos cl\u00e1ssicos da psicoterapia com as pr\u00e1ticas inovadoras da terapia por regress\u00e3o, revelando todo o seu potencial de cura. Recorrendo a diversos estudos de casos de mem\u00f3rias de vidas passadas, O Passado Cura demonstra como a terapia por regress\u00e3o o pode ajudar a ultrapassar depress\u00f5es e ansiedades, a criar rela\u00e7\u00f5es mais est\u00e1veis e a ter uma vida mais equilibrada. Demonstra tamb\u00e9m como as experi\u00eancias de quase-morte e de reencarna\u00e7\u00e3o ajudam a confirmar a exist\u00eancia de vidas passadas. Este livro inclui, no ap\u00eandice, uma demonstra\u00e7\u00e3o de t\u00e9cnicas de hipnose e de auto-an\u00e1lise, utilizadas pelo Dr. Brian Weiss, que permitem a cada um come\u00e7ar por si mesmo o processo de recorda\u00e7\u00e3o de vidas passadas.<\/p>\n<p align=\"justify\">Cativante mas simultaneamente provocante, O Passado Cura mostra-nos o caminho para viver de forma mais saud\u00e1vel e produtiva, com a certeza de que a morte n\u00e3o \u00e9 o fim de tudo e que a cura e a realiza\u00e7\u00e3o pessoal est\u00e3o ao alcance de todos n\u00f3s.<\/p>\n<\/div>\n<\/div>\n<\/div>\n<div class=\"expander__mask\" data-automation-id=\"expand-EditorOpinionOrSummary-button\"><\/div>\n<\/div>\n<\/div>\n<\/div>\n<\/div>\n<\/div>\n<div class=\"f-productLayerGrid__col f-productLayerGrid__col--fixed\">\n<div class=\"f-productLayer advertisingStrate\">\n<div class=\"js-ad-slot f-ad\" data-inv-code=\"Fnac_PT_Desktop_Livre_FA_Pave_ATF\" data-sizes=\"300x250\"><\/div>\n<\/div>\n<\/div>\n","protected":false},"featured_media":7629,"template":"","meta":{"_monsterinsights_skip_tracking":false,"_monsterinsights_sitenote_active":false,"_monsterinsights_sitenote_note":"","_monsterinsights_sitenote_category":0},"product_cat":[108],"product_tag":[],"class_list":{"0":"post-7628","1":"product","2":"type-product","3":"status-publish","4":"has-post-thumbnail","6":"product_cat-auto-ajuda","7":"pa_book-author-brian-weiss","9":"first","10":"instock","11":"shipping-taxable","12":"purchasable","13":"product-type-simple"},"_links":{"self":[{"href":"https:\/\/mabuko.co.mz\/site\/index.php?rest_route=\/wp\/v2\/product\/7628","targetHints":{"allow":["GET"]}}],"collection":[{"href":"https:\/\/mabuko.co.mz\/site\/index.php?rest_route=\/wp\/v2\/product"}],"about":[{"href":"https:\/\/mabuko.co.mz\/site\/index.php?rest_route=\/wp\/v2\/types\/product"}],"wp:featuredmedia":[{"embeddable":true,"href":"https:\/\/mabuko.co.mz\/site\/index.php?rest_route=\/wp\/v2\/media\/7629"}],"wp:attachment":[{"href":"https:\/\/mabuko.co.mz\/site\/index.php?rest_route=%2Fwp%2Fv2%2Fmedia&parent=7628"}],"wp:term":[{"taxonomy":"product_cat","embeddable":true,"href":"https:\/\/mabuko.co.mz\/site\/index.php?rest_route=%2Fwp%2Fv2%2Fproduct_cat&post=7628"},{"taxonomy":"product_tag","embeddable":true,"href":"https:\/\/mabuko.co.mz\/site\/index.php?rest_route=%2Fwp%2Fv2%2Fproduct_tag&post=7628"}],"curies":[{"name":"wp","href":"https:\/\/api.w.org\/{rel}","templated":true}]}}