{"id":7626,"date":"2022-11-15T12:30:13","date_gmt":"2022-11-15T12:30:13","guid":{"rendered":"https:\/\/mabuko.co.mz\/?post_type=product&#038;p=7626"},"modified":"2023-01-12T11:28:20","modified_gmt":"2023-01-12T11:28:20","slug":"a-divina-sabedoria-dos-mestres","status":"publish","type":"product","link":"https:\/\/mabuko.co.mz\/site\/?product=a-divina-sabedoria-dos-mestres","title":{"rendered":"A DIVINA SABEDORIA DOS MESTRES"},"content":{"rendered":"<p>DR. Brian Weiss<\/p>\n<p>9789896877477<\/p>\n","protected":false},"excerpt":{"rendered":"<p><strong>SINOPSE<\/strong><\/p>\n<p align=\"justify\">A Descoberta do Poder do Amor<\/p>\n<p align=\"justify\">Diane, uma enfermeira, encontrou no ombro de um paciente um sinal em forma de quarto crescente exatamente igual ao de um filho que perdera numa outra vida. Ela e o paciente s\u00e3o agora marido e mulher.<\/p>\n<p align=\"justify\">Jim foi recrutado \u00e0 for\u00e7a para a guerra do Vietname. Mais tarde recorda que, numa vida passada, fora um soldado americano brutalmente assassinado por \u00edndios \u2013 era essa a origem da sua relut\u00e2ncia em combater.<\/p>\n<p align=\"justify\">Carole foi acordada a meio da noite por um telefonema. A voz do outro lado da linha, que pergunta pela sua fam\u00edlia, era a do seu pai \u2013 que morrera alguns dias antes.<\/p>\n<p align=\"justify\">Estas hist\u00f3rias, e todas as outras que constam deste livro, revelam uma verdade simples mas profunda. E ningu\u00e9m melhor do que o Dr. Brian Weiss, psiquiatra e autor de renome, para a revelar.<\/p>\n<p align=\"justify\">Trata-se das mensagens transmitidas pelos Mestres, seres altamente evolu\u00eddos, almas n\u00e3o f\u00edsicas que sempre nos acompanharam e que est\u00e3o connosco neste momento.<\/p>\n","protected":false},"featured_media":7627,"template":"","meta":{"_monsterinsights_skip_tracking":false,"_monsterinsights_sitenote_active":false,"_monsterinsights_sitenote_note":"","_monsterinsights_sitenote_category":0},"product_cat":[108],"product_tag":[],"class_list":{"0":"post-7626","1":"product","2":"type-product","3":"status-publish","4":"has-post-thumbnail","6":"product_cat-auto-ajuda","7":"pa_book-author-brian-weiss","9":"first","10":"outofstock","11":"shipping-taxable","12":"purchasable","13":"product-type-simple"},"_links":{"self":[{"href":"https:\/\/mabuko.co.mz\/site\/index.php?rest_route=\/wp\/v2\/product\/7626","targetHints":{"allow":["GET"]}}],"collection":[{"href":"https:\/\/mabuko.co.mz\/site\/index.php?rest_route=\/wp\/v2\/product"}],"about":[{"href":"https:\/\/mabuko.co.mz\/site\/index.php?rest_route=\/wp\/v2\/types\/product"}],"wp:featuredmedia":[{"embeddable":true,"href":"https:\/\/mabuko.co.mz\/site\/index.php?rest_route=\/wp\/v2\/media\/7627"}],"wp:attachment":[{"href":"https:\/\/mabuko.co.mz\/site\/index.php?rest_route=%2Fwp%2Fv2%2Fmedia&parent=7626"}],"wp:term":[{"taxonomy":"product_cat","embeddable":true,"href":"https:\/\/mabuko.co.mz\/site\/index.php?rest_route=%2Fwp%2Fv2%2Fproduct_cat&post=7626"},{"taxonomy":"product_tag","embeddable":true,"href":"https:\/\/mabuko.co.mz\/site\/index.php?rest_route=%2Fwp%2Fv2%2Fproduct_tag&post=7626"}],"curies":[{"name":"wp","href":"https:\/\/api.w.org\/{rel}","templated":true}]}}