{"id":7577,"date":"2022-11-15T06:56:35","date_gmt":"2022-11-15T06:56:35","guid":{"rendered":"https:\/\/mabuko.co.mz\/?post_type=product&#038;p=7577"},"modified":"2023-01-11T14:40:13","modified_gmt":"2023-01-11T14:40:13","slug":"pensar-como-bill-gates","status":"publish","type":"product","link":"https:\/\/mabuko.co.mz\/site\/?product=pensar-como-bill-gates","title":{"rendered":"PENSAR COMO BILL GATES"},"content":{"rendered":"<p>Daniel Smith<\/p>\n<p>9789898831408<\/p>\n","protected":false},"excerpt":{"rendered":"<p><strong>SINOPSE<\/strong><\/p>\n<p>\u00c9 considerado o maior empreendedor da sua gera\u00e7\u00e3o. Foi um dos protagonistas da idade moderna do computador pessoal. Mudou, para sempre, a forma como o mundo v\u00ea a inform\u00e1tica e os neg\u00f3cios. O que podemos aprender com o esp\u00edrito inovador e determinado de Bill Gates? Bill Gates \u00e9 uma das figuras consensuais da inform\u00e1tica e do mundo dos neg\u00f3cios. Fundou a Microsoft em 1975 e, dez anos depois, lan\u00e7ou a primeira vers\u00e3o do sistema operativo Windows. Nessa altura, a empresa era j\u00e1 uma das mais bem-sucedidas do planeta. Conhecido tanto pela personalidade implac\u00e1vel, como pelo talento para adequar um produto ao mercado e vend\u00ea-lo, tornou-se o homem mais rico do mundo, ainda antes de completar 40 anos. Hoje, o legado de Bill Gates est\u00e1 presente nas vidas de todos n\u00f3s, na forma como interagimos com o computador. Contudo, o seu trabalho recente na Funda\u00e7\u00e3o Bill e Melinda Gates poder\u00e1 fazer com que o recordemos mais pelo seu combate \u00e0 pobreza e \u00e0s desigualdades sociais do que pelo seu contributo fundamental para a tecnologia. Este livro re\u00fane a filosofia de vida e a excel\u00eancia profissional de um dos maiores g\u00e9nios das tecnologias da informa\u00e7\u00e3o.<\/p>\n","protected":false},"featured_media":7578,"template":"","meta":{"_monsterinsights_skip_tracking":false,"_monsterinsights_sitenote_active":false,"_monsterinsights_sitenote_note":"","_monsterinsights_sitenote_category":0},"product_cat":[108],"product_tag":[],"class_list":{"0":"post-7577","1":"product","2":"type-product","3":"status-publish","4":"has-post-thumbnail","6":"product_cat-auto-ajuda","7":"pa_book-author-daniel-smith","9":"first","10":"outofstock","11":"shipping-taxable","12":"purchasable","13":"product-type-simple"},"_links":{"self":[{"href":"https:\/\/mabuko.co.mz\/site\/index.php?rest_route=\/wp\/v2\/product\/7577","targetHints":{"allow":["GET"]}}],"collection":[{"href":"https:\/\/mabuko.co.mz\/site\/index.php?rest_route=\/wp\/v2\/product"}],"about":[{"href":"https:\/\/mabuko.co.mz\/site\/index.php?rest_route=\/wp\/v2\/types\/product"}],"wp:featuredmedia":[{"embeddable":true,"href":"https:\/\/mabuko.co.mz\/site\/index.php?rest_route=\/wp\/v2\/media\/7578"}],"wp:attachment":[{"href":"https:\/\/mabuko.co.mz\/site\/index.php?rest_route=%2Fwp%2Fv2%2Fmedia&parent=7577"}],"wp:term":[{"taxonomy":"product_cat","embeddable":true,"href":"https:\/\/mabuko.co.mz\/site\/index.php?rest_route=%2Fwp%2Fv2%2Fproduct_cat&post=7577"},{"taxonomy":"product_tag","embeddable":true,"href":"https:\/\/mabuko.co.mz\/site\/index.php?rest_route=%2Fwp%2Fv2%2Fproduct_tag&post=7577"}],"curies":[{"name":"wp","href":"https:\/\/api.w.org\/{rel}","templated":true}]}}