{"id":7505,"date":"2022-11-11T11:10:13","date_gmt":"2022-11-11T11:10:13","guid":{"rendered":"https:\/\/mabuko.co.mz\/?post_type=product&#038;p=7505"},"modified":"2023-01-12T06:41:43","modified_gmt":"2023-01-12T06:41:43","slug":"o-espiao-e-o-traidor","status":"publish","type":"product","link":"https:\/\/mabuko.co.mz\/site\/?product=o-espiao-e-o-traidor","title":{"rendered":"O ESPI\u00c3O E O TRAIDOR"},"content":{"rendered":"<p>Ben Macintyre<\/p>\n<p>9789722067690<\/p>\n","protected":false},"excerpt":{"rendered":"<p><strong>SINOPSE<\/strong><\/p>\n<p>O coronel Oleg Antonyevich Gordievsky do KGB estava no auge da sua carreira. Um prod\u00edgio dos servi\u00e7os secretos sovi\u00e9ticos, tinha subido diligentemente nas fileiras, tendo servido na Escandin\u00e1via, em Moscovo e na Gr\u00e3-Bretanha sem qualquer mancha na sua folha de servi\u00e7os. Agora, com 46 anos, fora promovido a chefe do KGB na esta\u00e7\u00e3o de Londres, um bom posto, e fora convidado a regressar ao quartel-general para ser formalmente consagrado pelo chefe do KGB.<\/p>\n<p>\u00abChegado a Moscovo, Gordievsky avan\u00e7ou confiante pelo meio da multid\u00e3o no aeroporto. No seu \u00edntimo, contudo, borbulhava um terror surdo. Porque Oleg Gordievsky, veterano do KGB, fiel servidor secreto da Uni\u00e3o Sovi\u00e9tica, era um espi\u00e3o brit\u00e2nico.\u00bb<\/p>\n","protected":false},"featured_media":7506,"template":"","meta":{"_monsterinsights_skip_tracking":false,"_monsterinsights_sitenote_active":false,"_monsterinsights_sitenote_note":"","_monsterinsights_sitenote_category":0},"product_cat":[102],"product_tag":[],"class_list":{"0":"post-7505","1":"product","2":"type-product","3":"status-publish","4":"has-post-thumbnail","6":"product_cat-livros-tecnicos","7":"pa_book-author-ben-macintyre","9":"first","10":"outofstock","11":"shipping-taxable","12":"purchasable","13":"product-type-simple"},"_links":{"self":[{"href":"https:\/\/mabuko.co.mz\/site\/index.php?rest_route=\/wp\/v2\/product\/7505","targetHints":{"allow":["GET"]}}],"collection":[{"href":"https:\/\/mabuko.co.mz\/site\/index.php?rest_route=\/wp\/v2\/product"}],"about":[{"href":"https:\/\/mabuko.co.mz\/site\/index.php?rest_route=\/wp\/v2\/types\/product"}],"wp:featuredmedia":[{"embeddable":true,"href":"https:\/\/mabuko.co.mz\/site\/index.php?rest_route=\/wp\/v2\/media\/7506"}],"wp:attachment":[{"href":"https:\/\/mabuko.co.mz\/site\/index.php?rest_route=%2Fwp%2Fv2%2Fmedia&parent=7505"}],"wp:term":[{"taxonomy":"product_cat","embeddable":true,"href":"https:\/\/mabuko.co.mz\/site\/index.php?rest_route=%2Fwp%2Fv2%2Fproduct_cat&post=7505"},{"taxonomy":"product_tag","embeddable":true,"href":"https:\/\/mabuko.co.mz\/site\/index.php?rest_route=%2Fwp%2Fv2%2Fproduct_tag&post=7505"}],"curies":[{"name":"wp","href":"https:\/\/api.w.org\/{rel}","templated":true}]}}