{"id":7494,"date":"2022-11-11T13:21:49","date_gmt":"2022-11-11T13:21:49","guid":{"rendered":"https:\/\/mabuko.co.mz\/?post_type=product&#038;p=7494"},"modified":"2024-08-22T10:16:30","modified_gmt":"2024-08-22T10:16:30","slug":"a-rapariga-da-rosa","status":"publish","type":"product","link":"https:\/\/mabuko.co.mz\/site\/?product=a-rapariga-da-rosa","title":{"rendered":"A RAPARIGA DA ROSA"},"content":{"rendered":"<p>Leslie Wolfe<\/p>\n<p>9789899054424<\/p>\n","protected":false},"excerpt":{"rendered":"<p><strong>SINOPSE<\/strong><\/p>\n<p>Tr\u00eas hist\u00f3rias. Duas vidas. Um assassino.<\/p>\n<p>A agente Tess Winnett est\u00e1 de volta com tr\u00eas casos reunidos num \u00fanico livro. Raparigas desaparecidas, evid\u00eancias perturbadoras e crimes terr\u00edveis. Tess Winnett corre contra o tempo. Um corpo congelado, vidas suspensas nas m\u00e3os de assassinos em s\u00e9rie, destinos cruzados e mensagens misteriosas em corpos ensanguentados. Quantas mais v\u00edtimas ter\u00e3o de morrer? Quanto tempo mais ir\u00e3o os assassinos continuar a escapar?<\/p>\n<p><b>A Rapariga da Rosa<\/b><br \/>\nUm corpo congelado, incapaz de se mover. Os olhos vazios, fixos no sangue que emana do seu pr\u00f3prio corpo, enchendo uma ta\u00e7a de porcelana cuidadosamente trabalhada a ouro. Os l\u00e1bios entreabertos de quem soltou um grito que n\u00e3o chegou a ningu\u00e9m. E ele apenas sorri, enxugando-lhe as l\u00e1grimas com os dedos frios.<\/p>\n<p><b>Marcada para a Morte<\/b><br \/>\nUm n\u00famero, uma letra. Duas personagens, nove cortes, os seus destinos cruzados e nitidamente esculpidos na pele ensanguentada de Danielle. Tess j\u00e1 tinha visto isto antes. Nos corpos de outras v\u00edtimas\u2026 ela conhece aquela assinatura&#8230; O Assassino das Palavras est\u00e1 de volta, no entanto, a sua identidade permanece um mist\u00e9rio. Um assassino impulsivo, desorganizado e r\u00e1pido como um rel\u00e2mpago. E porque ter\u00e1 deixado Danielle com vida?<\/p>\n<p><b>Morte nas Alturas<\/b><br \/>\nO mar alto n\u00e3o teve tempo suficiente de destruir o corpo. A sua beleza permanece intacta, os l\u00e1bios p\u00e1lidos em mem\u00f3ria de um \u00faltimo suspiro, o rosto escondido por mechas de cabelo escuro e ondulado. Cada cent\u00edmetro da sua pele testemunha um terr\u00edvel destino entregue nas m\u00e3os de um assassino que nunca esperou que ela fosse encontrada.<\/p>\n","protected":false},"featured_media":7496,"template":"","meta":{"_monsterinsights_skip_tracking":false,"_monsterinsights_sitenote_active":false,"_monsterinsights_sitenote_note":"","_monsterinsights_sitenote_category":0},"product_cat":[103],"product_tag":[],"class_list":{"0":"post-7494","1":"product","2":"type-product","3":"status-publish","4":"has-post-thumbnail","6":"product_cat-literatura","7":"pa_book-author-leslie-wolfe","9":"first","10":"instock","11":"shipping-taxable","12":"purchasable","13":"product-type-simple"},"_links":{"self":[{"href":"https:\/\/mabuko.co.mz\/site\/index.php?rest_route=\/wp\/v2\/product\/7494","targetHints":{"allow":["GET"]}}],"collection":[{"href":"https:\/\/mabuko.co.mz\/site\/index.php?rest_route=\/wp\/v2\/product"}],"about":[{"href":"https:\/\/mabuko.co.mz\/site\/index.php?rest_route=\/wp\/v2\/types\/product"}],"wp:featuredmedia":[{"embeddable":true,"href":"https:\/\/mabuko.co.mz\/site\/index.php?rest_route=\/wp\/v2\/media\/7496"}],"wp:attachment":[{"href":"https:\/\/mabuko.co.mz\/site\/index.php?rest_route=%2Fwp%2Fv2%2Fmedia&parent=7494"}],"wp:term":[{"taxonomy":"product_cat","embeddable":true,"href":"https:\/\/mabuko.co.mz\/site\/index.php?rest_route=%2Fwp%2Fv2%2Fproduct_cat&post=7494"},{"taxonomy":"product_tag","embeddable":true,"href":"https:\/\/mabuko.co.mz\/site\/index.php?rest_route=%2Fwp%2Fv2%2Fproduct_tag&post=7494"}],"curies":[{"name":"wp","href":"https:\/\/api.w.org\/{rel}","templated":true}]}}