{"id":7486,"date":"2022-11-11T09:44:36","date_gmt":"2022-11-11T09:44:36","guid":{"rendered":"https:\/\/mabuko.co.mz\/?post_type=product&#038;p=7486"},"modified":"2023-01-11T13:54:14","modified_gmt":"2023-01-11T13:54:14","slug":"a-mais-breve-historia-da-russia","status":"publish","type":"product","link":"https:\/\/mabuko.co.mz\/site\/?product=a-mais-breve-historia-da-russia","title":{"rendered":"A MAIS BREVE HIST\u00d3RIA DA R\u00daSSIA"},"content":{"rendered":"<p>Jos\u00e9 Milhazes<\/p>\n<p>9789722074346<\/p>\n","protected":false},"excerpt":{"rendered":"<p><strong>SINOPSE<\/strong><\/p>\n<p>Na\u00e7\u00e3o de propor\u00e7\u00f5es colossais ou continente? Luz do mundo ou terra condenada? Aliado da Europa e do Ocidente ou seu advers\u00e1rio mortal? Territ\u00f3rio de santos, czares, poetas, pintores, revolucion\u00e1rios e m\u00fasicos, a R\u00fassia \u00e9 um enorme mist\u00e9rio que importa desvendar. Esconde uma hist\u00f3ria t\u00e3o rica, antiga e diversa quanto desconhecida.<br \/>\nJos\u00e9 Milhazes, o grande especialista portugu\u00eas da R\u00fassia, prop\u00f5e neste livro uma viagem fascinante que atravessa s\u00e9culos e s\u00e9culos da hist\u00f3ria, cultura e civiliza\u00e7\u00e3o russas, que come\u00e7a nos povos eslavos v\u00e1rios s\u00e9culos antes de Cristo e acaba na actualidade, com Putin.<br \/>\nNesta edi\u00e7\u00e3o que inclui dezenas de fotografias e mapas &#8211; al\u00e9m de uma cronologia e de bibliografia aconselhada para quem quiser saber mais &#8211; fique a conhecer a geografia, os povos, as grandes figuras, efem\u00e9rides e feitos desta grande na\u00e7\u00e3o em permanente devir.<\/p>\n","protected":false},"featured_media":7487,"template":"","meta":{"_monsterinsights_skip_tracking":false,"_monsterinsights_sitenote_active":false,"_monsterinsights_sitenote_note":"","_monsterinsights_sitenote_category":0},"product_cat":[102],"product_tag":[],"class_list":{"0":"post-7486","1":"product","2":"type-product","3":"status-publish","4":"has-post-thumbnail","6":"product_cat-livros-tecnicos","7":"pa_book-author-jose-milhazes","9":"first","10":"outofstock","11":"shipping-taxable","12":"purchasable","13":"product-type-simple"},"_links":{"self":[{"href":"https:\/\/mabuko.co.mz\/site\/index.php?rest_route=\/wp\/v2\/product\/7486","targetHints":{"allow":["GET"]}}],"collection":[{"href":"https:\/\/mabuko.co.mz\/site\/index.php?rest_route=\/wp\/v2\/product"}],"about":[{"href":"https:\/\/mabuko.co.mz\/site\/index.php?rest_route=\/wp\/v2\/types\/product"}],"wp:featuredmedia":[{"embeddable":true,"href":"https:\/\/mabuko.co.mz\/site\/index.php?rest_route=\/wp\/v2\/media\/7487"}],"wp:attachment":[{"href":"https:\/\/mabuko.co.mz\/site\/index.php?rest_route=%2Fwp%2Fv2%2Fmedia&parent=7486"}],"wp:term":[{"taxonomy":"product_cat","embeddable":true,"href":"https:\/\/mabuko.co.mz\/site\/index.php?rest_route=%2Fwp%2Fv2%2Fproduct_cat&post=7486"},{"taxonomy":"product_tag","embeddable":true,"href":"https:\/\/mabuko.co.mz\/site\/index.php?rest_route=%2Fwp%2Fv2%2Fproduct_tag&post=7486"}],"curies":[{"name":"wp","href":"https:\/\/api.w.org\/{rel}","templated":true}]}}