{"id":7460,"date":"2022-11-11T08:07:58","date_gmt":"2022-11-11T08:07:58","guid":{"rendered":"https:\/\/mabuko.co.mz\/?post_type=product&#038;p=7460"},"modified":"2023-01-11T14:05:06","modified_gmt":"2023-01-11T14:05:06","slug":"alma-de-passaro","status":"publish","type":"product","link":"https:\/\/mabuko.co.mz\/site\/?product=alma-de-passaro","title":{"rendered":"ALMA DE P\u00c1SSARO"},"content":{"rendered":"<h2 style=\"margin-top: 0cm; background: white;\"><span style=\"font-size: 12.0pt; line-height: 115%; font-family: 'BryantProLight','serif'; color: #262626; font-weight: normal;\">Margarida Rebelo Pinto<\/span><\/h2>\n<p>9789897246357<\/p>\n","protected":false},"excerpt":{"rendered":"<p><strong>SINOPSE<\/strong><\/p>\n<p>Um romance intenso e nost\u00e1lgico sobre o amor e a vida.<br \/>\n<i>Alma de P\u00e1ssaro<\/i> narra com sensibilidade e humor vidas comuns, revelando as diferentes fases de uma rela\u00e7\u00e3o e os momentos vividos por duas pessoas apaixonadas, que procuram no outro respostas para os seus respectivos cora\u00e7\u00f5es. H\u00e1 momentos na vida que valem por uma eternidade.<br \/>\nN\u00e3o existe uma f\u00f3rmula secreta para aquecer o cora\u00e7\u00e3o, mas o amor anda l\u00e1 perto. Quando In\u00eas e Miguel se apaixonam, tudo parece fazer sentido. Contudo, \u00e0 medida que a rela\u00e7\u00e3o evolui, outras d\u00favidas e inquieta\u00e7\u00f5es abalam o casal, pondo \u00e0 prova o sonho que constru\u00edram.<\/p>\n","protected":false},"featured_media":7461,"template":"","meta":{"_monsterinsights_skip_tracking":false,"_monsterinsights_sitenote_active":false,"_monsterinsights_sitenote_note":"","_monsterinsights_sitenote_category":0},"product_cat":[105],"product_tag":[],"class_list":{"0":"post-7460","1":"product","2":"type-product","3":"status-publish","4":"has-post-thumbnail","6":"product_cat-romance","7":"pa_book-author-margarida-rebelo-pinto","9":"first","10":"outofstock","11":"shipping-taxable","12":"purchasable","13":"product-type-simple"},"_links":{"self":[{"href":"https:\/\/mabuko.co.mz\/site\/index.php?rest_route=\/wp\/v2\/product\/7460","targetHints":{"allow":["GET"]}}],"collection":[{"href":"https:\/\/mabuko.co.mz\/site\/index.php?rest_route=\/wp\/v2\/product"}],"about":[{"href":"https:\/\/mabuko.co.mz\/site\/index.php?rest_route=\/wp\/v2\/types\/product"}],"wp:featuredmedia":[{"embeddable":true,"href":"https:\/\/mabuko.co.mz\/site\/index.php?rest_route=\/wp\/v2\/media\/7461"}],"wp:attachment":[{"href":"https:\/\/mabuko.co.mz\/site\/index.php?rest_route=%2Fwp%2Fv2%2Fmedia&parent=7460"}],"wp:term":[{"taxonomy":"product_cat","embeddable":true,"href":"https:\/\/mabuko.co.mz\/site\/index.php?rest_route=%2Fwp%2Fv2%2Fproduct_cat&post=7460"},{"taxonomy":"product_tag","embeddable":true,"href":"https:\/\/mabuko.co.mz\/site\/index.php?rest_route=%2Fwp%2Fv2%2Fproduct_tag&post=7460"}],"curies":[{"name":"wp","href":"https:\/\/api.w.org\/{rel}","templated":true}]}}