{"id":7416,"date":"2022-11-09T07:44:43","date_gmt":"2022-11-09T07:44:43","guid":{"rendered":"https:\/\/mabuko.co.mz\/?post_type=product&#038;p=7416"},"modified":"2023-01-11T13:40:51","modified_gmt":"2023-01-11T13:40:51","slug":"porque-falham-as-nacoes","status":"publish","type":"product","link":"https:\/\/mabuko.co.mz\/site\/?product=porque-falham-as-nacoes","title":{"rendered":"PORQUE FALHAM AS NA\u00c7\u00d5ES"},"content":{"rendered":"<p>Daron Acemoglu<\/p>\n<p>James A. Robinson<\/p>\n<p>978989641975<\/p>\n","protected":false},"excerpt":{"rendered":"<p><strong>SINOPSE<\/strong><\/p>\n<p>Porque s\u00e3o umas na\u00e7\u00f5es ricas e outras pobres?<br \/>\nSer\u00e3o os respons\u00e1veis a cultura, as condi\u00e7\u00f5es meteorol\u00f3gicas, a geografia? Ou talvez a ignor\u00e2ncia de quais s\u00e3o as pol\u00edticas certas? Pura e simplesmente, n\u00e3o. Nenhum destes factores \u00e9 definitivo ou constitui um destino. Se assim n\u00e3o for, como explicar por que raz\u00e3o o Botsuana se tornou um dos pa\u00edses de crescimento mais r\u00e1pido do mundo, enquanto outras na\u00e7\u00f5es africanas, como o Zimbabu\u00e9, o Congo e a Serra Leoa, est\u00e3o atoladas na pobreza e na viol\u00eancia?<br \/>\nDaron Acemoglu e James Robinson mostram, de uma forma conclusiva, que s\u00e3o as institui\u00e7\u00f5es pol\u00edticas e econ\u00f3micas criadas pela humanidade que est\u00e3o subjacentes ao \u00eaxito econ\u00f3mico (ou \u00e0 falta dele). Baseando-se em quinze anos de investiga\u00e7\u00e3o, reuniram ind\u00edcios hist\u00f3ricos espantosos sobre o Imp\u00e9rio Romano, as cidades-estado maias, a Veneza medieval, a Uni\u00e3o Sovi\u00e9tica, a Am\u00e9rica Latina, Inglaterra, Europa, Estados Unidos e \u00c1frica para elaborarem uma nova teoria de economia pol\u00edtica com enorme relev\u00e2ncia para as grandes quest\u00f5es atuais, nomeadamente: * A China criou uma m\u00e1quina de crescimento autorit\u00e1rio. Continuar\u00e1 a crescer a uma velocidade t\u00e3o elevada que esmagar\u00e1 o Ocidente?<br \/>\n*Os melhores dias da Am\u00e9rica pertencer\u00e3o j\u00e1 ao passado? Estaremos a passar de um c\u00edrculo virtuoso, em que o esfor\u00e7o das elites para iluminar o poder s\u00e3o alvo de resist\u00eancia para outro c\u00edrculo vicioso, que enriquece e d\u00e1 poder a uma pequena minoria?<br \/>\n*Qual \u00e9 a forma mais eficaz de ajudar a transferir milh\u00f5es de pessoas da rotina da pobreza para a prosperidade? Residir\u00e1 em mais filantropia por parte das na\u00e7\u00f5es ricas do Ocidente?<\/p>\n","protected":false},"featured_media":7417,"template":"","meta":{"_monsterinsights_skip_tracking":false,"_monsterinsights_sitenote_active":false,"_monsterinsights_sitenote_note":"","_monsterinsights_sitenote_category":0},"product_cat":[102],"product_tag":[],"class_list":{"0":"post-7416","1":"product","2":"type-product","3":"status-publish","4":"has-post-thumbnail","6":"product_cat-livros-tecnicos","7":"pa_book-author-daron-acemoglu","9":"first","10":"outofstock","11":"shipping-taxable","12":"purchasable","13":"product-type-simple"},"_links":{"self":[{"href":"https:\/\/mabuko.co.mz\/site\/index.php?rest_route=\/wp\/v2\/product\/7416","targetHints":{"allow":["GET"]}}],"collection":[{"href":"https:\/\/mabuko.co.mz\/site\/index.php?rest_route=\/wp\/v2\/product"}],"about":[{"href":"https:\/\/mabuko.co.mz\/site\/index.php?rest_route=\/wp\/v2\/types\/product"}],"wp:featuredmedia":[{"embeddable":true,"href":"https:\/\/mabuko.co.mz\/site\/index.php?rest_route=\/wp\/v2\/media\/7417"}],"wp:attachment":[{"href":"https:\/\/mabuko.co.mz\/site\/index.php?rest_route=%2Fwp%2Fv2%2Fmedia&parent=7416"}],"wp:term":[{"taxonomy":"product_cat","embeddable":true,"href":"https:\/\/mabuko.co.mz\/site\/index.php?rest_route=%2Fwp%2Fv2%2Fproduct_cat&post=7416"},{"taxonomy":"product_tag","embeddable":true,"href":"https:\/\/mabuko.co.mz\/site\/index.php?rest_route=%2Fwp%2Fv2%2Fproduct_tag&post=7416"}],"curies":[{"name":"wp","href":"https:\/\/api.w.org\/{rel}","templated":true}]}}