{"id":7363,"date":"2022-11-08T09:44:33","date_gmt":"2022-11-08T09:44:33","guid":{"rendered":"https:\/\/mabuko.co.mz\/?post_type=product&#038;p=7363"},"modified":"2023-01-10T14:45:06","modified_gmt":"2023-01-10T14:45:06","slug":"o-ceu-pode-esperar","status":"publish","type":"product","link":"https:\/\/mabuko.co.mz\/site\/?product=o-ceu-pode-esperar","title":{"rendered":"O C\u00c9U PODE ESPERAR"},"content":{"rendered":"<p>Adelaide Passos<\/p>\n<p>9789898470218<\/p>\n","protected":false},"excerpt":{"rendered":"<p><strong>SINOPSE<\/strong><\/p>\n<p>Passada em Portugal, esta \u00e9 uma hist\u00f3ria verdadeira e inspiradora de um menino e da sua imensa vontade de viver. Atrav\u00e9s do testemunho poderoso de uma av\u00f3 atenta e presente, conhecemos uma hist\u00f3ria comovente que relata o drama de uma crian\u00e7a e a sua rela\u00e7\u00e3o com a sua doen\u00e7a, num relato intenso e cativante a que \u00e9 imposs\u00edvel ficar indiferente. \u00abQuando entendemos, com perfeita clareza, que as oportunidades que a vida nos proporciona s\u00e3o escassas e por curtos momentos, o aproveitar das mesmas tem um sabor mais profundo e reconfortante\u00bb. \u00ab\u00c9 bom saber que se pode regressar a casa. Assim a um lar onde sentimos que nos amam e nos esperam com ternura, nem que essa espera dure por uma eternidade\u00bb.<\/p>\n","protected":false},"featured_media":7364,"template":"","meta":{"_monsterinsights_skip_tracking":false,"_monsterinsights_sitenote_active":false,"_monsterinsights_sitenote_note":"","_monsterinsights_sitenote_category":0},"product_cat":[103],"product_tag":[],"class_list":{"0":"post-7363","1":"product","2":"type-product","3":"status-publish","4":"has-post-thumbnail","6":"product_cat-literatura","7":"pa_book-author-adelaide-passos","9":"first","10":"outofstock","11":"shipping-taxable","12":"purchasable","13":"product-type-simple"},"_links":{"self":[{"href":"https:\/\/mabuko.co.mz\/site\/index.php?rest_route=\/wp\/v2\/product\/7363","targetHints":{"allow":["GET"]}}],"collection":[{"href":"https:\/\/mabuko.co.mz\/site\/index.php?rest_route=\/wp\/v2\/product"}],"about":[{"href":"https:\/\/mabuko.co.mz\/site\/index.php?rest_route=\/wp\/v2\/types\/product"}],"wp:featuredmedia":[{"embeddable":true,"href":"https:\/\/mabuko.co.mz\/site\/index.php?rest_route=\/wp\/v2\/media\/7364"}],"wp:attachment":[{"href":"https:\/\/mabuko.co.mz\/site\/index.php?rest_route=%2Fwp%2Fv2%2Fmedia&parent=7363"}],"wp:term":[{"taxonomy":"product_cat","embeddable":true,"href":"https:\/\/mabuko.co.mz\/site\/index.php?rest_route=%2Fwp%2Fv2%2Fproduct_cat&post=7363"},{"taxonomy":"product_tag","embeddable":true,"href":"https:\/\/mabuko.co.mz\/site\/index.php?rest_route=%2Fwp%2Fv2%2Fproduct_tag&post=7363"}],"curies":[{"name":"wp","href":"https:\/\/api.w.org\/{rel}","templated":true}]}}