{"id":7358,"date":"2022-11-08T09:11:10","date_gmt":"2022-11-08T09:11:10","guid":{"rendered":"https:\/\/mabuko.co.mz\/?post_type=product&#038;p=7358"},"modified":"2023-01-10T14:46:34","modified_gmt":"2023-01-10T14:46:34","slug":"theodore-boone-o-cumplice","status":"publish","type":"product","link":"https:\/\/mabuko.co.mz\/site\/?product=theodore-boone-o-cumplice","title":{"rendered":"THEODORE BOONE  O c\u00famplice"},"content":{"rendered":"<p>John Grisham<\/p>\n<p>9789722540346<\/p>\n","protected":false},"excerpt":{"rendered":"<p><strong>SINOPSE<\/strong><\/p>\n<p>Theo est\u00e1 preocupado com o seu bom amigo Woody Lambert. As coisas n\u00e3o correm bem em casa, e a verdade \u00e9 que Woody n\u00e3o tem estado no seu melhor na escola e tem feito algumas m\u00e1s escolhas\u2026 Contudo, quando acaba detido por alegadamente ter participado num assalto \u00e0 m\u00e3o armada, Theo sabe que o seu amigo s\u00f3 pode estar inocente. Numa corrida contra o tempo enquanto Woody permanece atr\u00e1s das grades, Theo vai fazer tudo ao seu alcance para ajudar o seu amigo e salv\u00e1-lo de um sistema implac\u00e1vel, onde a justi\u00e7a nem sempre \u00e9 igual para todos. Theo pode ter apenas treze anos, mas j\u00e1 decidiu que um dia ser\u00e1 o melhor advogado do mundo &#8211; e \u00e9 agora que Woody precisa de ajuda!<\/p>\n<p>Vais vibrar da primeira \u00e0 \u00faltima p\u00e1gina com os casos e as vit\u00f3rias de Theodore Boone!<\/p>\n","protected":false},"featured_media":7359,"template":"","meta":{"_monsterinsights_skip_tracking":false,"_monsterinsights_sitenote_active":false,"_monsterinsights_sitenote_note":"","_monsterinsights_sitenote_category":0},"product_cat":[135],"product_tag":[],"class_list":{"0":"post-7358","1":"product","2":"type-product","3":"status-publish","4":"has-post-thumbnail","6":"product_cat-infantil","7":"pa_book-author-john-grisham","9":"first","10":"outofstock","11":"shipping-taxable","12":"purchasable","13":"product-type-simple"},"_links":{"self":[{"href":"https:\/\/mabuko.co.mz\/site\/index.php?rest_route=\/wp\/v2\/product\/7358","targetHints":{"allow":["GET"]}}],"collection":[{"href":"https:\/\/mabuko.co.mz\/site\/index.php?rest_route=\/wp\/v2\/product"}],"about":[{"href":"https:\/\/mabuko.co.mz\/site\/index.php?rest_route=\/wp\/v2\/types\/product"}],"wp:featuredmedia":[{"embeddable":true,"href":"https:\/\/mabuko.co.mz\/site\/index.php?rest_route=\/wp\/v2\/media\/7359"}],"wp:attachment":[{"href":"https:\/\/mabuko.co.mz\/site\/index.php?rest_route=%2Fwp%2Fv2%2Fmedia&parent=7358"}],"wp:term":[{"taxonomy":"product_cat","embeddable":true,"href":"https:\/\/mabuko.co.mz\/site\/index.php?rest_route=%2Fwp%2Fv2%2Fproduct_cat&post=7358"},{"taxonomy":"product_tag","embeddable":true,"href":"https:\/\/mabuko.co.mz\/site\/index.php?rest_route=%2Fwp%2Fv2%2Fproduct_tag&post=7358"}],"curies":[{"name":"wp","href":"https:\/\/api.w.org\/{rel}","templated":true}]}}