{"id":7345,"date":"2022-11-08T08:17:58","date_gmt":"2022-11-08T08:17:58","guid":{"rendered":"https:\/\/mabuko.co.mz\/?post_type=product&#038;p=7345"},"modified":"2023-01-10T14:50:13","modified_gmt":"2023-01-10T14:50:13","slug":"desejo-de-vinganca-departamento-q-livro-2","status":"publish","type":"product","link":"https:\/\/mabuko.co.mz\/site\/?product=desejo-de-vinganca-departamento-q-livro-2","title":{"rendered":"DESEJO DE VINGAN\u00c7A Departamento Q &#8211; Livro 2"},"content":{"rendered":"<p>Jussi Adler-Olsen<\/p>\n<p>9789722355896<\/p>\n","protected":false},"excerpt":{"rendered":"<p><strong>SINOPSE<\/strong><\/p>\n<p>Quando Carl M\u00f8rck o subinspetor do Departamento Q, se depara com o processo de um antigo crime na sua secret\u00e1ria, de imediato estranha o sucedido. Trata-se do homic\u00eddio violento de dois irm\u00e3os 20 anos antes. O culpado confessara e fora condenado.<br \/>\nSendo assim, como explicar o misterioso aparecimento daquele processo na sua secret\u00e1ria? Quem o deixara ali? Movido pelo instinto, Carl reabre o caso. As pistas guiam-no a Kimmie, uma mulher atormentada movida por um \u00fanico prop\u00f3sito: vingan\u00e7a.<br \/>\nMas Carl n\u00e3o \u00e9 o \u00fanico a procurar Kimmie. Homens poderosos tentam desesperadamente encontr\u00e1-la para silenciar os terr\u00edveis segredos que amea\u00e7ariam o seu futuro. Mas Kimmie esconde um segredo muito mais desconcertante do que todos imaginam.<\/p>\n<p>Desejo de Vingan\u00e7a \u00e9 o segundo livro da s\u00e9rie Departamento Q e traz de volta o detective Carl M\u00f8rck e o seu assistente Assad. \u00c9 uma obra s\u00e1dica, perturbadora, mas definitivamente inovadora.<\/p>\n","protected":false},"featured_media":7346,"template":"","meta":{"_monsterinsights_skip_tracking":false,"_monsterinsights_sitenote_active":false,"_monsterinsights_sitenote_note":"","_monsterinsights_sitenote_category":0},"product_cat":[103],"product_tag":[],"class_list":{"0":"post-7345","1":"product","2":"type-product","3":"status-publish","4":"has-post-thumbnail","6":"product_cat-literatura","7":"pa_book-author-jussi-adler-olsen","9":"first","10":"outofstock","11":"shipping-taxable","12":"purchasable","13":"product-type-simple"},"_links":{"self":[{"href":"https:\/\/mabuko.co.mz\/site\/index.php?rest_route=\/wp\/v2\/product\/7345","targetHints":{"allow":["GET"]}}],"collection":[{"href":"https:\/\/mabuko.co.mz\/site\/index.php?rest_route=\/wp\/v2\/product"}],"about":[{"href":"https:\/\/mabuko.co.mz\/site\/index.php?rest_route=\/wp\/v2\/types\/product"}],"wp:featuredmedia":[{"embeddable":true,"href":"https:\/\/mabuko.co.mz\/site\/index.php?rest_route=\/wp\/v2\/media\/7346"}],"wp:attachment":[{"href":"https:\/\/mabuko.co.mz\/site\/index.php?rest_route=%2Fwp%2Fv2%2Fmedia&parent=7345"}],"wp:term":[{"taxonomy":"product_cat","embeddable":true,"href":"https:\/\/mabuko.co.mz\/site\/index.php?rest_route=%2Fwp%2Fv2%2Fproduct_cat&post=7345"},{"taxonomy":"product_tag","embeddable":true,"href":"https:\/\/mabuko.co.mz\/site\/index.php?rest_route=%2Fwp%2Fv2%2Fproduct_tag&post=7345"}],"curies":[{"name":"wp","href":"https:\/\/api.w.org\/{rel}","templated":true}]}}